{"id":8427,"date":"2024-10-22T01:35:19","date_gmt":"2024-10-21T22:35:19","guid":{"rendered":"https:\/\/hylajams.fi\/?post_type=product&#038;p=8427"},"modified":"2026-02-28T00:03:36","modified_gmt":"2026-02-27T22:03:36","slug":"hyla-est-yleislattiaharja-suihkeella","status":"publish","type":"product","link":"https:\/\/hylajams.fi\/?product=hyla-est-yleislattiaharja-suihkeella","title":{"rendered":"46706 Hyla EST yleislattiaharja suihketoiminnolla \u2013 kova- ja m\u00e4rk\u00e4puhdistukseen"},"content":{"rendered":"<p data-start=\"264\" data-end=\"645\"><strong data-start=\"264\" data-end=\"349\">Hyla EST yleislattiaharja suihkeella \u2013 imuroi, suihkuta ja pyyhi samanaikaisesti.<\/strong><\/p>\n<p data-start=\"264\" data-end=\"645\">Tee lattioiden siivouksesta entist\u00e4 nopeampaa ja vaivattomampaa yhdist\u00e4m\u00e4ll\u00e4 imurointi, pesu ja pyyhint\u00e4 yhteen ty\u00f6vaiheeseen. T\u00e4m\u00e4 suihkullinen lattiaharja on suunniteltu k\u00e4ytett\u00e4v\u00e4ksi <strong data-start=\"538\" data-end=\"570\">Hyla EST m\u00e4rk\u00e4pesurin <\/strong>\u00a0kanssa ja se tekee lattioiden puhdistamisesta monipuolista ja tehokasta.<\/p>\n<p data-start=\"264\" data-end=\"645\">Lis\u00e4\u00e4 tehokkuutta hankkimalla <strong data-start=\"650\" data-end=\"787\">mikrokuituliinapidike -sarjan\u00a0(<a href=\"https:\/\/hylajams.fi\/?product=liinapidike-mikrokuituliinojen-sarja\">46745<\/a>)<\/strong>, jolloin saat siivouksesta viel\u00e4kin enemm\u00e4n irti:<\/p>\n<ul>\n<li data-start=\"792\" data-end=\"825\">Imuroit samalla lattian p\u00f6lyst\u00e4 ja liasta<\/li>\n<li data-start=\"828\" data-end=\"864\">Suihkutat puhdistusainetta yleisharjalla lattian pinnalle<\/li>\n<li data-start=\"867\" data-end=\"919\">Pyyhit ja viimeistelet pinnan mikrokuituliinan avulla<\/li>\n<\/ul>\n<p data-start=\"921\" data-end=\"1152\">Mikrokuituliinat kiinnittyv\u00e4t pidikkeeseen helposti ja sopivat useille lattiamateriaaleille, kuten parketille, laminaatille, laatalle ja vinyylille. N\u00e4in lattioiden pesu onnistuu nopeasti, tehokkaasti ja ilman turhia ty\u00f6vaiheita.<\/p>\n<p data-start=\"1154\" data-end=\"1181\"><strong data-start=\"1154\" data-end=\"1179\">Hy\u00f6dyt yhdistelm\u00e4ll\u00e4:<\/strong><\/p>\n<ul>\n<li data-start=\"1184\" data-end=\"1237\">Siivous onnistuu kerralla \u2013 s\u00e4\u00e4st\u00e4t aikaa ja vaivaa<\/li>\n<li data-start=\"1240\" data-end=\"1292\">Lattiat j\u00e4\u00e4v\u00e4t raikkaan puhtaiksi ja raidattomiksi<\/li>\n<li data-start=\"1295\" data-end=\"1341\">Helppo kiinnitt\u00e4\u00e4 ja irrottaa, kevyt k\u00e4ytt\u00e4\u00e4<\/li>\n<li data-start=\"1344\" data-end=\"1419\">Pident\u00e4\u00e4 lattiamateriaalien k\u00e4ytt\u00f6ik\u00e4\u00e4 hell\u00e4varaisen mikrokuidun ansiosta<\/li>\n<\/ul>\n<p data-start=\"1421\" data-end=\"1696\">T\u00e4m\u00e4 on ratkaisu sinulle, joka arvostat tehokkuutta ja haluat lattioiden siivouksen onnistuvan yhdell\u00e4 kertaa. Tarvitset tehokkaaseen siivouksen vain:\u00a0 <strong>Hyla EST yleislattiaharja suihkeella, EST m\u00e4rk\u00e4pesuri setti<\/strong>\u00a0ja <strong data-start=\"1583\" data-end=\"1618\">mikrokuituliinapidike -sarja, <\/strong>mitk\u00e4 yhdess\u00e4 tekev\u00e4t kodin siivouksesta sujuvaa ja tuloksesta kirkkaan puhdasta.<\/p>\n<p data-start=\"986\" data-end=\"1010\">\ud83d\udc49 <strong data-start=\"989\" data-end=\"1008\">N\u00e4in se toimii:<\/strong><\/p>\n<ol>\n<li data-start=\"1014\" data-end=\"1062\">Aseta Hyla EST m\u00e4rk\u00e4pesurin pesus\u00e4ili\u00f6 Hylan takaosaan.<\/li>\n<li>Kiinnit\u00e4 EST m\u00e4rk\u00e4pesurin letku ja putket<\/li>\n<li>Aseta EST suihkeella oleva yleislattiaharja<\/li>\n<li>Kiinnit\u00e4 mikrokuituliina pidike harjaan ja siihen sopiva mikrokuituliina paikoilleen<\/li>\n<li>K\u00e4ynnist\u00e4 Hyla ja aloita siivoaminen<\/li>\n<li data-start=\"1066\" data-end=\"1104\">Suihkuta kahvasta pesuvett\u00e4 suoraan lattialle ja imuroi<\/li>\n<li data-start=\"1066\" data-end=\"1104\">Pyyhi ja kuivaa pinta mikrokuitumopilla (46745).<\/li>\n<\/ol>\n<p><img decoding=\"async\" class=\"alignnone  wp-image-11347\" src=\"https:\/\/hylajams.fi\/wp-content\/uploads\/2024\/10\/2025-09-22-300x284.png\" alt=\"Yleislattiaharja suihkulla\" width=\"228\" height=\"216\" srcset=\"https:\/\/hylajams.fi\/wp-content\/uploads\/2024\/10\/2025-09-22-300x284.png 300w, https:\/\/hylajams.fi\/wp-content\/uploads\/2024\/10\/2025-09-22.png 474w\" sizes=\"(max-width: 228px) 100vw, 228px\" \/>\u00a0 \u00a0 \u00a0 \u00a0<img decoding=\"async\" class=\"alignnone wp-image-11284\" src=\"https:\/\/hylajams.fi\/wp-content\/uploads\/2021\/08\/46745-Moppi-pidike-3-liinaa3-199x300.png\" alt=\"Liinapidike mikrokuituliinojen sarja - Moppipidike imee hiekat samalla kun pyyhit lattiaa\" width=\"143\" height=\"216\" srcset=\"https:\/\/hylajams.fi\/wp-content\/uploads\/2021\/08\/46745-Moppi-pidike-3-liinaa3-199x300.png 199w, https:\/\/hylajams.fi\/wp-content\/uploads\/2021\/08\/46745-Moppi-pidike-3-liinaa3.png 464w\" sizes=\"(max-width: 143px) 100vw, 143px\" \/><\/p>\n<p data-start=\"1160\" data-end=\"1181\"><strong data-start=\"1160\" data-end=\"1179\">Edut ja hy\u00f6dyt:<\/strong><\/p>\n<ul>\n<li data-start=\"1184\" data-end=\"1229\">Imurointi ja pesu onnistuvat yhdell\u00e4 kertaa<\/li>\n<li data-start=\"1232\" data-end=\"1276\">Poistaa p\u00f6lyn, tahrat ja likaa tehokkaasti<\/li>\n<li data-start=\"1279\" data-end=\"1336\">Mikrokuitumoppi viimeistelee puhdistuksen ilman raitoja<\/li>\n<li data-start=\"1339\" data-end=\"1370\">Helppo kiinnitt\u00e4\u00e4 ja irrottaa<\/li>\n<li data-start=\"1373\" data-end=\"1457\">Sopii kaikille lattiamateriaaleille, kuten parketti, laminaatti, laatta ja vinyyli<\/li>\n<\/ul>\n<p data-start=\"1459\" data-end=\"1576\">T\u00e4m\u00e4n suuttimen avulla voit hoitaa lattiat kerralla puhtaiksi \u2013 s\u00e4\u00e4st\u00e4en aikaa ja v\u00e4ltt\u00e4en ylim\u00e4\u00e4r\u00e4iset ty\u00f6vaiheet. Imuroi, suihkuta ja kuivaa mikrokuitusarjalla\u00a0 \u2013 lattian pesu on helppoa, tehokasta ja s\u00e4\u00e4st\u00e4\u00e4 monelta ylim\u00e4\u00e4r\u00e4iselt\u00e4 ty\u00f6vaiheelta. Tee puhdasta samalla kertaa.<\/p>\n<p><strong><a href=\"https:\/\/hylajams.fi\/?page_id=7252\">HYLA EST TUOTTEET<\/a><\/strong><\/p>\n<p><strong><a href=\"https:\/\/www.hyla.com\/products\/products\"><span dir=\"auto\" style=\"vertical-align: inherit;\"><span dir=\"auto\" style=\"vertical-align: inherit;\">HYLA INTERNATIONAL<\/span><\/span><\/a><\/strong><\/p>\n","protected":false},"excerpt":{"rendered":"<p><strong>Hyla EST vaihdettava lattiaharja suihkeella<\/strong> yhdist\u00e4\u00e4 imuroinnin ja lattioiden pesun yhteen ty\u00f6vaiheeseen. K\u00e4yt\u00e4 yhdess\u00e4 moppiliinasarjan (<strong><a href=\"https:\/\/hylajams.fi\/?product=liinapidike-mikrokuituliinojen-sarja\">46745<\/a>)<\/strong> kanssa ja s\u00e4\u00e4st\u00e4 aikaa sek\u00e4 vaivaa.<\/p>\n","protected":false},"featured_media":8428,"template":"","meta":[],"product_brand":[],"product_cat":[952,949,950,773,290],"product_tag":[1746,1741,1330,1747,1743,1742,1744,1745],"class_list":{"0":"post-8427","1":"product","2":"type-product","3":"status-publish","4":"has-post-thumbnail","6":"product_cat-est-lisatarvikkeet","7":"product_cat-est-markapesuri","8":"product_cat-est-suulakkeet-ja-harjat","9":"product_cat-hyla-est","10":"product_cat-hylan-lisatarvikkeet","11":"product_tag-hyla-est-spray-harja","12":"product_tag-hyla-est-suihkuharja","13":"product_tag-hyla-est-yleislattiaharja","14":"product_tag-hyla-lattiaharja-pesuun","15":"product_tag-hyla-markapesurin-yleisharja","16":"product_tag-hyla-yleislattiaharja-suihketoiminnolla","17":"product_tag-kovalattiaharja-hyla-est","18":"product_tag-lattioiden-markapuhdistus-hyla","19":"product_shipping_class-posti-m-paketti-19x36x60-cm-35-kg","20":"_wholesalex wsx-wholesalex-product","22":"first","23":"instock","24":"featured","25":"shipping-taxable","26":"purchasable","27":"product-type-simple"},"yoast_head":"<!-- This site is optimized with the Yoast SEO plugin v27.3 - https:\/\/yoast.com\/product\/yoast-seo-wordpress\/ -->\n<title>Hyla EST yleislattiaharja suihkeella - Imuroi, puhdista, pyyhi<\/title>\n<meta name=\"description\" content=\"Hyla EST yleislattiaharja suihkeella - Imuroi, suihkuta ja kuivaa mikrokuitusarjalla. Helppoa lattian puhdistamista. S\u00e4\u00e4st\u00e4\u00e4 ylim\u00e4\u00e4r\u00e4isi\u00e4 ty\u00f6vaiheita.\" \/>\n<meta name=\"robots\" content=\"index, follow, max-snippet:-1, max-image-preview:large, max-video-preview:-1\" \/>\n<link rel=\"canonical\" href=\"https:\/\/hylajams.fi\/?product=hyla-est-yleislattiaharja-suihkeella\" \/>\n<meta property=\"og:locale\" content=\"fi_FI\" \/>\n<meta property=\"og:type\" content=\"article\" \/>\n<meta property=\"og:title\" content=\"Hyla EST yleislattiaharja suihkeella - Imuroi, puhdista, pyyhi\" \/>\n<meta property=\"og:description\" content=\"Hyla EST yleislattiaharja suihkeella - Imuroi, suihkuta ja kuivaa mikrokuitusarjalla. Helppoa lattian puhdistamista. S\u00e4\u00e4st\u00e4\u00e4 ylim\u00e4\u00e4r\u00e4isi\u00e4 ty\u00f6vaiheita.\" \/>\n<meta property=\"og:url\" content=\"https:\/\/hylajams.fi\/?product=hyla-est-yleislattiaharja-suihkeella\" \/>\n<meta property=\"og:site_name\" content=\"Hyla Jams Verkkokauppa\" \/>\n<meta property=\"article:modified_time\" content=\"2026-02-27T22:03:36+00:00\" \/>\n<meta property=\"og:image\" content=\"https:\/\/hylajams.fi\/wp-content\/uploads\/2024\/10\/46706-Hyla-EST-vaihdettava-lattiaharja-suihkeella2.jpg\" \/>\n\t<meta property=\"og:image:width\" content=\"1200\" \/>\n\t<meta property=\"og:image:height\" content=\"675\" \/>\n\t<meta property=\"og:image:type\" content=\"image\/jpeg\" \/>\n<meta name=\"twitter:card\" content=\"summary_large_image\" \/>\n<meta name=\"twitter:label1\" content=\"Arvioitu lukuaika\" \/>\n\t<meta name=\"twitter:data1\" content=\"3 minuuttia\" \/>\n<script type=\"application\/ld+json\" class=\"yoast-schema-graph\">{\"@context\":\"https:\\\/\\\/schema.org\",\"@graph\":[{\"@type\":\"WebPage\",\"@id\":\"https:\\\/\\\/hylajams.fi\\\/?product=hyla-est-yleislattiaharja-suihkeella\",\"url\":\"https:\\\/\\\/hylajams.fi\\\/?product=hyla-est-yleislattiaharja-suihkeella\",\"name\":\"Hyla EST yleislattiaharja suihkeella - Imuroi, puhdista, pyyhi\",\"isPartOf\":{\"@id\":\"https:\\\/\\\/hylajams.fi\\\/#website\"},\"primaryImageOfPage\":{\"@id\":\"https:\\\/\\\/hylajams.fi\\\/?product=hyla-est-yleislattiaharja-suihkeella#primaryimage\"},\"image\":{\"@id\":\"https:\\\/\\\/hylajams.fi\\\/?product=hyla-est-yleislattiaharja-suihkeella#primaryimage\"},\"thumbnailUrl\":\"https:\\\/\\\/hylajams.fi\\\/wp-content\\\/uploads\\\/2024\\\/10\\\/46706-Hyla-EST-vaihdettava-lattiaharja-suihkeella2.jpg\",\"datePublished\":\"2024-10-21T22:35:19+00:00\",\"dateModified\":\"2026-02-27T22:03:36+00:00\",\"description\":\"Hyla EST yleislattiaharja suihkeella - Imuroi, suihkuta ja kuivaa mikrokuitusarjalla. Helppoa lattian puhdistamista. S\u00e4\u00e4st\u00e4\u00e4 ylim\u00e4\u00e4r\u00e4isi\u00e4 ty\u00f6vaiheita.\",\"breadcrumb\":{\"@id\":\"https:\\\/\\\/hylajams.fi\\\/?product=hyla-est-yleislattiaharja-suihkeella#breadcrumb\"},\"inLanguage\":\"fi\",\"potentialAction\":[{\"@type\":\"ReadAction\",\"target\":[\"https:\\\/\\\/hylajams.fi\\\/?product=hyla-est-yleislattiaharja-suihkeella\"]}]},{\"@type\":\"ImageObject\",\"inLanguage\":\"fi\",\"@id\":\"https:\\\/\\\/hylajams.fi\\\/?product=hyla-est-yleislattiaharja-suihkeella#primaryimage\",\"url\":\"https:\\\/\\\/hylajams.fi\\\/wp-content\\\/uploads\\\/2024\\\/10\\\/46706-Hyla-EST-vaihdettava-lattiaharja-suihkeella2.jpg\",\"contentUrl\":\"https:\\\/\\\/hylajams.fi\\\/wp-content\\\/uploads\\\/2024\\\/10\\\/46706-Hyla-EST-vaihdettava-lattiaharja-suihkeella2.jpg\",\"width\":1200,\"height\":675,\"caption\":\"Hyla EST -suihkutettavan yleislattiasuulakkeen kanssa\"},{\"@type\":\"BreadcrumbList\",\"@id\":\"https:\\\/\\\/hylajams.fi\\\/?product=hyla-est-yleislattiaharja-suihkeella#breadcrumb\",\"itemListElement\":[{\"@type\":\"ListItem\",\"position\":1,\"name\":\"Etusivu\",\"item\":\"https:\\\/\\\/hylajams.fi\\\/\"},{\"@type\":\"ListItem\",\"position\":2,\"name\":\"VERKKOKAUPPA\",\"item\":\"https:\\\/\\\/hylajams.fi\\\/?page_id=9\"},{\"@type\":\"ListItem\",\"position\":3,\"name\":\"46706 Hyla EST yleislattiaharja suihketoiminnolla \u2013 kova- ja m\u00e4rk\u00e4puhdistukseen\"}]},{\"@type\":\"WebSite\",\"@id\":\"https:\\\/\\\/hylajams.fi\\\/#website\",\"url\":\"https:\\\/\\\/hylajams.fi\\\/\",\"name\":\"Hyla Jams Verkkokauppa\",\"description\":\"Hyla ilman- ja huoneen puhdistusj\u00e4rjestelm\u00e4 Suomessa\",\"publisher\":{\"@id\":\"https:\\\/\\\/hylajams.fi\\\/#organization\"},\"potentialAction\":[{\"@type\":\"SearchAction\",\"target\":{\"@type\":\"EntryPoint\",\"urlTemplate\":\"https:\\\/\\\/hylajams.fi\\\/?s={search_term_string}\"},\"query-input\":{\"@type\":\"PropertyValueSpecification\",\"valueRequired\":true,\"valueName\":\"search_term_string\"}}],\"inLanguage\":\"fi\"},{\"@type\":\"Organization\",\"@id\":\"https:\\\/\\\/hylajams.fi\\\/#organization\",\"name\":\"Hyla Jams Verkkokauppa\",\"url\":\"https:\\\/\\\/hylajams.fi\\\/\",\"logo\":{\"@type\":\"ImageObject\",\"inLanguage\":\"fi\",\"@id\":\"https:\\\/\\\/hylajams.fi\\\/#\\\/schema\\\/logo\\\/image\\\/\",\"url\":\"https:\\\/\\\/hylajams.fi\\\/wp-content\\\/uploads\\\/2025\\\/02\\\/Logo-1-2.jpg\",\"contentUrl\":\"https:\\\/\\\/hylajams.fi\\\/wp-content\\\/uploads\\\/2025\\\/02\\\/Logo-1-2.jpg\",\"width\":500,\"height\":500,\"caption\":\"Hyla Jams Verkkokauppa\"},\"image\":{\"@id\":\"https:\\\/\\\/hylajams.fi\\\/#\\\/schema\\\/logo\\\/image\\\/\"},\"sameAs\":[\"https:\\\/\\\/www.instagram.com\\\/hylasiivous\\\/\"]}]}<\/script>\n<!-- \/ Yoast SEO plugin. -->","yoast_head_json":{"title":"Hyla EST yleislattiaharja suihkeella - Imuroi, puhdista, pyyhi","description":"Hyla EST yleislattiaharja suihkeella - Imuroi, suihkuta ja kuivaa mikrokuitusarjalla. Helppoa lattian puhdistamista. S\u00e4\u00e4st\u00e4\u00e4 ylim\u00e4\u00e4r\u00e4isi\u00e4 ty\u00f6vaiheita.","robots":{"index":"index","follow":"follow","max-snippet":"max-snippet:-1","max-image-preview":"max-image-preview:large","max-video-preview":"max-video-preview:-1"},"canonical":"https:\/\/hylajams.fi\/?product=hyla-est-yleislattiaharja-suihkeella","og_locale":"fi_FI","og_type":"article","og_title":"Hyla EST yleislattiaharja suihkeella - Imuroi, puhdista, pyyhi","og_description":"Hyla EST yleislattiaharja suihkeella - Imuroi, suihkuta ja kuivaa mikrokuitusarjalla. Helppoa lattian puhdistamista. S\u00e4\u00e4st\u00e4\u00e4 ylim\u00e4\u00e4r\u00e4isi\u00e4 ty\u00f6vaiheita.","og_url":"https:\/\/hylajams.fi\/?product=hyla-est-yleislattiaharja-suihkeella","og_site_name":"Hyla Jams Verkkokauppa","article_modified_time":"2026-02-27T22:03:36+00:00","og_image":[{"width":1200,"height":675,"url":"https:\/\/hylajams.fi\/wp-content\/uploads\/2024\/10\/46706-Hyla-EST-vaihdettava-lattiaharja-suihkeella2.jpg","type":"image\/jpeg"}],"twitter_card":"summary_large_image","twitter_misc":{"Arvioitu lukuaika":"3 minuuttia"},"schema":{"@context":"https:\/\/schema.org","@graph":[{"@type":"WebPage","@id":"https:\/\/hylajams.fi\/?product=hyla-est-yleislattiaharja-suihkeella","url":"https:\/\/hylajams.fi\/?product=hyla-est-yleislattiaharja-suihkeella","name":"Hyla EST yleislattiaharja suihkeella - Imuroi, puhdista, pyyhi","isPartOf":{"@id":"https:\/\/hylajams.fi\/#website"},"primaryImageOfPage":{"@id":"https:\/\/hylajams.fi\/?product=hyla-est-yleislattiaharja-suihkeella#primaryimage"},"image":{"@id":"https:\/\/hylajams.fi\/?product=hyla-est-yleislattiaharja-suihkeella#primaryimage"},"thumbnailUrl":"https:\/\/hylajams.fi\/wp-content\/uploads\/2024\/10\/46706-Hyla-EST-vaihdettava-lattiaharja-suihkeella2.jpg","datePublished":"2024-10-21T22:35:19+00:00","dateModified":"2026-02-27T22:03:36+00:00","description":"Hyla EST yleislattiaharja suihkeella - Imuroi, suihkuta ja kuivaa mikrokuitusarjalla. Helppoa lattian puhdistamista. S\u00e4\u00e4st\u00e4\u00e4 ylim\u00e4\u00e4r\u00e4isi\u00e4 ty\u00f6vaiheita.","breadcrumb":{"@id":"https:\/\/hylajams.fi\/?product=hyla-est-yleislattiaharja-suihkeella#breadcrumb"},"inLanguage":"fi","potentialAction":[{"@type":"ReadAction","target":["https:\/\/hylajams.fi\/?product=hyla-est-yleislattiaharja-suihkeella"]}]},{"@type":"ImageObject","inLanguage":"fi","@id":"https:\/\/hylajams.fi\/?product=hyla-est-yleislattiaharja-suihkeella#primaryimage","url":"https:\/\/hylajams.fi\/wp-content\/uploads\/2024\/10\/46706-Hyla-EST-vaihdettava-lattiaharja-suihkeella2.jpg","contentUrl":"https:\/\/hylajams.fi\/wp-content\/uploads\/2024\/10\/46706-Hyla-EST-vaihdettava-lattiaharja-suihkeella2.jpg","width":1200,"height":675,"caption":"Hyla EST -suihkutettavan yleislattiasuulakkeen kanssa"},{"@type":"BreadcrumbList","@id":"https:\/\/hylajams.fi\/?product=hyla-est-yleislattiaharja-suihkeella#breadcrumb","itemListElement":[{"@type":"ListItem","position":1,"name":"Etusivu","item":"https:\/\/hylajams.fi\/"},{"@type":"ListItem","position":2,"name":"VERKKOKAUPPA","item":"https:\/\/hylajams.fi\/?page_id=9"},{"@type":"ListItem","position":3,"name":"46706 Hyla EST yleislattiaharja suihketoiminnolla \u2013 kova- ja m\u00e4rk\u00e4puhdistukseen"}]},{"@type":"WebSite","@id":"https:\/\/hylajams.fi\/#website","url":"https:\/\/hylajams.fi\/","name":"Hyla Jams Verkkokauppa","description":"Hyla ilman- ja huoneen puhdistusj\u00e4rjestelm\u00e4 Suomessa","publisher":{"@id":"https:\/\/hylajams.fi\/#organization"},"potentialAction":[{"@type":"SearchAction","target":{"@type":"EntryPoint","urlTemplate":"https:\/\/hylajams.fi\/?s={search_term_string}"},"query-input":{"@type":"PropertyValueSpecification","valueRequired":true,"valueName":"search_term_string"}}],"inLanguage":"fi"},{"@type":"Organization","@id":"https:\/\/hylajams.fi\/#organization","name":"Hyla Jams Verkkokauppa","url":"https:\/\/hylajams.fi\/","logo":{"@type":"ImageObject","inLanguage":"fi","@id":"https:\/\/hylajams.fi\/#\/schema\/logo\/image\/","url":"https:\/\/hylajams.fi\/wp-content\/uploads\/2025\/02\/Logo-1-2.jpg","contentUrl":"https:\/\/hylajams.fi\/wp-content\/uploads\/2025\/02\/Logo-1-2.jpg","width":500,"height":500,"caption":"Hyla Jams Verkkokauppa"},"image":{"@id":"https:\/\/hylajams.fi\/#\/schema\/logo\/image\/"},"sameAs":["https:\/\/www.instagram.com\/hylasiivous\/"]}]}},"_links":{"self":[{"href":"https:\/\/hylajams.fi\/index.php?rest_route=\/wp\/v2\/product\/8427","targetHints":{"allow":["GET"]}}],"collection":[{"href":"https:\/\/hylajams.fi\/index.php?rest_route=\/wp\/v2\/product"}],"about":[{"href":"https:\/\/hylajams.fi\/index.php?rest_route=\/wp\/v2\/types\/product"}],"version-history":[{"count":7,"href":"https:\/\/hylajams.fi\/index.php?rest_route=\/wp\/v2\/product\/8427\/revisions"}],"predecessor-version":[{"id":13177,"href":"https:\/\/hylajams.fi\/index.php?rest_route=\/wp\/v2\/product\/8427\/revisions\/13177"}],"wp:featuredmedia":[{"embeddable":true,"href":"https:\/\/hylajams.fi\/index.php?rest_route=\/wp\/v2\/media\/8428"}],"wp:attachment":[{"href":"https:\/\/hylajams.fi\/index.php?rest_route=%2Fwp%2Fv2%2Fmedia&parent=8427"}],"wp:term":[{"taxonomy":"product_brand","embeddable":true,"href":"https:\/\/hylajams.fi\/index.php?rest_route=%2Fwp%2Fv2%2Fproduct_brand&post=8427"},{"taxonomy":"product_cat","embeddable":true,"href":"https:\/\/hylajams.fi\/index.php?rest_route=%2Fwp%2Fv2%2Fproduct_cat&post=8427"},{"taxonomy":"product_tag","embeddable":true,"href":"https:\/\/hylajams.fi\/index.php?rest_route=%2Fwp%2Fv2%2Fproduct_tag&post=8427"}],"curies":[{"name":"wp","href":"https:\/\/api.w.org\/{rel}","templated":true}]}}