{"id":8010,"date":"2024-08-11T15:10:55","date_gmt":"2024-08-11T12:10:55","guid":{"rendered":"https:\/\/hylajams.fi\/?post_type=product&#038;p=8010"},"modified":"2026-03-15T14:09:15","modified_gmt":"2026-03-15T12:09:15","slug":"hyla-est-letku-12-m","status":"publish","type":"product","link":"https:\/\/hylajams.fi\/?product=hyla-est-letku-12-m","title":{"rendered":"44512 Hyla EST letku 12 m"},"content":{"rendered":"<h3 data-start=\"136\" data-end=\"204\">Hyla EST letku 12 m \u2013 joustava ja kest\u00e4v\u00e4 imuletku EST-malliin<\/h3>\n<p data-start=\"1120\" data-end=\"1200\">Huom! T\u00e4m\u00e4 tuote toimitetaan j\u00e4lkitoimituksena, toimitusaika noin 1\u20132 viikkoa.<\/p>\n<p data-start=\"1202\" data-end=\"1444\">T\u00e4m\u00e4 on pisin ei-s\u00e4hk\u00f6inen letku HYLA EST:lle. Rakennettu kest\u00e4v\u00e4ksi, luotettavaksi ja helppok\u00e4ytt\u00f6iseksi. Lis\u00e4pituus antaa sinulle enemm\u00e4n joustavuutta liikkua kotonasi pienemm\u00e4ll\u00e4 vaivalla. Se on erinomainen vaihtoehto portaiden puhdistamiseen kantamatta HYLAa yl\u00f6s ja alas joka askelmassa, ja se tekee suurten huoneiden k\u00e4sittelyst\u00e4 helppoa, koska sinun ei tarvitse jatkuvasti siirt\u00e4\u00e4 itse yksikk\u00f6\u00e4.<\/p>\n<p data-start=\"1202\" data-end=\"1444\">Hyla EST letku 12 m tarjoaa maksimaalisen toimintas\u00e4teen ja joustavuuden siivoukseen suurissa tiloissa, korkeissa paikoissa ja pitkiss\u00e4 k\u00e4yt\u00e4viss\u00e4. Laite voidaan j\u00e4tt\u00e4\u00e4 lattialle ja ty\u00f6skentely tapahtuu turvallisesti pitk\u00e4n letkun ansiosta.<\/p>\n<p data-start=\"1446\" data-end=\"1687\">Kest\u00e4v\u00e4 ter\u00e4snailonista valmistettu letku ja PVC-pinnoite takaavat pitk\u00e4n k\u00e4ytt\u00f6i\u00e4n ja mahdollistavat my\u00f6s nesteiden imuroinnin. Letkussa on kirkas klipsi, joka yhdist\u00e4\u00e4 sen helposti Hylan putkiin, suulakkeisiin ja kaikkiin ty\u00f6v\u00e4lineisiin. <strong><span style=\"color: #000000;\">V<\/span>arsi-lukitus eli klipsin v\u00e4ri on <span style=\"color: #808080;\">hopean v\u00e4rinen<\/span><\/strong><\/p>\n<p data-start=\"1689\" data-end=\"1826\">Sopii ainoastaan Hyla EST -malleihin. Tilaa oma 12 metrin letku tilausmallina ja tee siivouksesta sujuvaa ja turvallista miss\u00e4 tahansa!<\/p>\n<p data-start=\"1689\" data-end=\"1826\">Jos klipsi riikkoontuu, hanki uusi klipsi <a href=\"https:\/\/hylajams.fi\/?product=musta-klipsisetti-hyla-est-perusputkeen\">t\u00e4\u00e4lt\u00e4:\u00a0<\/a><\/p>\n<h5 data-start=\"4289\" data-end=\"4347\"><a href=\"https:\/\/hylajams.fi\/?page_id=7252\"><strong>HYLA EST TUOTTEET<\/strong><\/a><\/h5>\n<h5><strong><a href=\"https:\/\/www.hyla.com\/products\/products\"><span dir=\"auto\">HYLA INTERNATIONAL<\/span><\/a><\/strong><\/h5>\n","protected":false},"excerpt":{"rendered":"<h3 data-start=\"136\" data-end=\"204\"><strong data-start=\"140\" data-end=\"202\">Hyla EST letku 12 m \u2013 pitk\u00e4 joustava imuletku (tilattavissa)<\/strong><\/h3>\n<p data-start=\"430\" data-end=\"711\"><strong>Pitk\u00e4 12 metrin Hyla EST -imuletku<\/strong> tarjoaa maksimaalisen liikkumavaran suurissa tiloissa ja korkeissa kohteissa. Kirkas klipsi yhdist\u00e4\u00e4 letkun vaivattomasti Hylan putkiin ja ty\u00f6v\u00e4lineisiin. Sopii vain Hyla EST -malleihin. Toimitetaan tilausmallina, toimitusaika noin 1\u20132 viikkoa.<\/p>\n<p data-start=\"430\" data-end=\"711\">Katso <strong data-start=\"285\" data-end=\"352\">Hyla USA esittelyvideo pitk\u00e4st\u00e4 letkusta<\/strong>, joka on k\u00e4ytett\u00e4viss\u00e4 my\u00f6s Yhdysvalloissa <a class=\"decorated-link\" href=\"https:\/\/store.hyla-us.com\/shop\/flex-hose-est-20ft\/\" rel=\"noopener\" data-start=\"1051\" data-end=\"1066\">t\u00e4st\u00e4<\/a>. Video n\u00e4ytt\u00e4\u00e4, miten pitk\u00e4 letku toimii ja miten sit\u00e4 voidaan hy\u00f6dynt\u00e4\u00e4 Hylan j\u00e4rjestelm\u00e4ss\u00e4.<\/p>\n<p>&nbsp;<\/p>\n","protected":false},"featured_media":8014,"template":"","meta":[],"product_brand":[],"product_cat":[890,773],"product_tag":[24,1595,1016,30],"class_list":{"0":"post-8010","1":"product","2":"type-product","3":"status-publish","4":"has-post-thumbnail","6":"product_cat-hyla-est-letkut-ja-putket","7":"product_cat-hyla-est","8":"product_tag-hyla-est","9":"product_tag-hyla-est-letku-12-m","10":"product_tag-hyla-pitka-letku","11":"product_tag-letkut","12":"product_shipping_class-posti-l-paketti-37x36x60-cm-35-kg","13":"_wholesalex wsx-wholesalex-product","15":"first","16":"instock","17":"featured","18":"shipping-taxable","19":"purchasable","20":"product-type-simple"},"yoast_head":"<!-- This site is optimized with the Yoast SEO plugin v27.3 - https:\/\/yoast.com\/product\/yoast-seo-wordpress\/ -->\n<title>Hyla EST letku 12 m \u2013 joustava ja kest\u00e4v\u00e4 imuletku EST-malliin<\/title>\n<meta name=\"description\" content=\"Hyla EST letku 12 m on kest\u00e4v\u00e4 ja joustava imuletku EST-malliin. Kirkas klipsi helpottaa yhdist\u00e4mist\u00e4 Hylan putkiin ja suulakkeisiin. Tilaa nyt!\" \/>\n<meta name=\"robots\" content=\"index, follow, max-snippet:-1, max-image-preview:large, max-video-preview:-1\" \/>\n<link rel=\"canonical\" href=\"https:\/\/hylajams.fi\/?product=hyla-est-letku-12-m\" \/>\n<meta property=\"og:locale\" content=\"fi_FI\" \/>\n<meta property=\"og:type\" content=\"article\" \/>\n<meta property=\"og:title\" content=\"Hyla EST letku 12 m \u2013 joustava ja kest\u00e4v\u00e4 imuletku EST-malliin\" \/>\n<meta property=\"og:description\" content=\"Hyla EST letku 12 m on kest\u00e4v\u00e4 ja joustava imuletku EST-malliin. Kirkas klipsi helpottaa yhdist\u00e4mist\u00e4 Hylan putkiin ja suulakkeisiin. Tilaa nyt!\" \/>\n<meta property=\"og:url\" content=\"https:\/\/hylajams.fi\/?product=hyla-est-letku-12-m\" \/>\n<meta property=\"og:site_name\" content=\"Hyla Jams Verkkokauppa\" \/>\n<meta property=\"article:modified_time\" content=\"2026-03-15T12:09:15+00:00\" \/>\n<meta property=\"og:image\" content=\"https:\/\/hylajams.fi\/wp-content\/uploads\/2024\/08\/44512-letku-12-m.jpg\" \/>\n\t<meta property=\"og:image:width\" content=\"2000\" \/>\n\t<meta property=\"og:image:height\" content=\"1600\" \/>\n\t<meta property=\"og:image:type\" content=\"image\/jpeg\" \/>\n<meta name=\"twitter:card\" content=\"summary_large_image\" \/>\n<meta name=\"twitter:label1\" content=\"Arvioitu lukuaika\" \/>\n\t<meta name=\"twitter:data1\" content=\"2 minuuttia\" \/>\n<script type=\"application\/ld+json\" class=\"yoast-schema-graph\">{\"@context\":\"https:\\\/\\\/schema.org\",\"@graph\":[{\"@type\":\"WebPage\",\"@id\":\"https:\\\/\\\/hylajams.fi\\\/?product=hyla-est-letku-12-m\",\"url\":\"https:\\\/\\\/hylajams.fi\\\/?product=hyla-est-letku-12-m\",\"name\":\"Hyla EST letku 12 m \u2013 joustava ja kest\u00e4v\u00e4 imuletku EST-malliin\",\"isPartOf\":{\"@id\":\"https:\\\/\\\/hylajams.fi\\\/#website\"},\"primaryImageOfPage\":{\"@id\":\"https:\\\/\\\/hylajams.fi\\\/?product=hyla-est-letku-12-m#primaryimage\"},\"image\":{\"@id\":\"https:\\\/\\\/hylajams.fi\\\/?product=hyla-est-letku-12-m#primaryimage\"},\"thumbnailUrl\":\"https:\\\/\\\/hylajams.fi\\\/wp-content\\\/uploads\\\/2024\\\/08\\\/44512-letku-12-m.jpg\",\"datePublished\":\"2024-08-11T12:10:55+00:00\",\"dateModified\":\"2026-03-15T12:09:15+00:00\",\"description\":\"Hyla EST letku 12 m on kest\u00e4v\u00e4 ja joustava imuletku EST-malliin. Kirkas klipsi helpottaa yhdist\u00e4mist\u00e4 Hylan putkiin ja suulakkeisiin. Tilaa nyt!\",\"breadcrumb\":{\"@id\":\"https:\\\/\\\/hylajams.fi\\\/?product=hyla-est-letku-12-m#breadcrumb\"},\"inLanguage\":\"fi\",\"potentialAction\":[{\"@type\":\"ReadAction\",\"target\":[\"https:\\\/\\\/hylajams.fi\\\/?product=hyla-est-letku-12-m\"]}]},{\"@type\":\"ImageObject\",\"inLanguage\":\"fi\",\"@id\":\"https:\\\/\\\/hylajams.fi\\\/?product=hyla-est-letku-12-m#primaryimage\",\"url\":\"https:\\\/\\\/hylajams.fi\\\/wp-content\\\/uploads\\\/2024\\\/08\\\/44512-letku-12-m.jpg\",\"contentUrl\":\"https:\\\/\\\/hylajams.fi\\\/wp-content\\\/uploads\\\/2024\\\/08\\\/44512-letku-12-m.jpg\",\"width\":2000,\"height\":1600,\"caption\":\"Hyla EST letku\"},{\"@type\":\"BreadcrumbList\",\"@id\":\"https:\\\/\\\/hylajams.fi\\\/?product=hyla-est-letku-12-m#breadcrumb\",\"itemListElement\":[{\"@type\":\"ListItem\",\"position\":1,\"name\":\"Etusivu\",\"item\":\"https:\\\/\\\/hylajams.fi\\\/\"},{\"@type\":\"ListItem\",\"position\":2,\"name\":\"VERKKOKAUPPA\",\"item\":\"https:\\\/\\\/hylajams.fi\\\/?page_id=9\"},{\"@type\":\"ListItem\",\"position\":3,\"name\":\"44512 Hyla EST letku 12 m\"}]},{\"@type\":\"WebSite\",\"@id\":\"https:\\\/\\\/hylajams.fi\\\/#website\",\"url\":\"https:\\\/\\\/hylajams.fi\\\/\",\"name\":\"Hyla Jams Verkkokauppa\",\"description\":\"Hyla ilman- ja huoneen puhdistusj\u00e4rjestelm\u00e4 Suomessa\",\"publisher\":{\"@id\":\"https:\\\/\\\/hylajams.fi\\\/#organization\"},\"potentialAction\":[{\"@type\":\"SearchAction\",\"target\":{\"@type\":\"EntryPoint\",\"urlTemplate\":\"https:\\\/\\\/hylajams.fi\\\/?s={search_term_string}\"},\"query-input\":{\"@type\":\"PropertyValueSpecification\",\"valueRequired\":true,\"valueName\":\"search_term_string\"}}],\"inLanguage\":\"fi\"},{\"@type\":\"Organization\",\"@id\":\"https:\\\/\\\/hylajams.fi\\\/#organization\",\"name\":\"Hyla Jams Verkkokauppa\",\"url\":\"https:\\\/\\\/hylajams.fi\\\/\",\"logo\":{\"@type\":\"ImageObject\",\"inLanguage\":\"fi\",\"@id\":\"https:\\\/\\\/hylajams.fi\\\/#\\\/schema\\\/logo\\\/image\\\/\",\"url\":\"https:\\\/\\\/hylajams.fi\\\/wp-content\\\/uploads\\\/2025\\\/02\\\/Logo-1-2.jpg\",\"contentUrl\":\"https:\\\/\\\/hylajams.fi\\\/wp-content\\\/uploads\\\/2025\\\/02\\\/Logo-1-2.jpg\",\"width\":500,\"height\":500,\"caption\":\"Hyla Jams Verkkokauppa\"},\"image\":{\"@id\":\"https:\\\/\\\/hylajams.fi\\\/#\\\/schema\\\/logo\\\/image\\\/\"},\"sameAs\":[\"https:\\\/\\\/www.instagram.com\\\/hylasiivous\\\/\"]}]}<\/script>\n<!-- \/ Yoast SEO plugin. -->","yoast_head_json":{"title":"Hyla EST letku 12 m \u2013 joustava ja kest\u00e4v\u00e4 imuletku EST-malliin","description":"Hyla EST letku 12 m on kest\u00e4v\u00e4 ja joustava imuletku EST-malliin. Kirkas klipsi helpottaa yhdist\u00e4mist\u00e4 Hylan putkiin ja suulakkeisiin. Tilaa nyt!","robots":{"index":"index","follow":"follow","max-snippet":"max-snippet:-1","max-image-preview":"max-image-preview:large","max-video-preview":"max-video-preview:-1"},"canonical":"https:\/\/hylajams.fi\/?product=hyla-est-letku-12-m","og_locale":"fi_FI","og_type":"article","og_title":"Hyla EST letku 12 m \u2013 joustava ja kest\u00e4v\u00e4 imuletku EST-malliin","og_description":"Hyla EST letku 12 m on kest\u00e4v\u00e4 ja joustava imuletku EST-malliin. Kirkas klipsi helpottaa yhdist\u00e4mist\u00e4 Hylan putkiin ja suulakkeisiin. Tilaa nyt!","og_url":"https:\/\/hylajams.fi\/?product=hyla-est-letku-12-m","og_site_name":"Hyla Jams Verkkokauppa","article_modified_time":"2026-03-15T12:09:15+00:00","og_image":[{"width":2000,"height":1600,"url":"https:\/\/hylajams.fi\/wp-content\/uploads\/2024\/08\/44512-letku-12-m.jpg","type":"image\/jpeg"}],"twitter_card":"summary_large_image","twitter_misc":{"Arvioitu lukuaika":"2 minuuttia"},"schema":{"@context":"https:\/\/schema.org","@graph":[{"@type":"WebPage","@id":"https:\/\/hylajams.fi\/?product=hyla-est-letku-12-m","url":"https:\/\/hylajams.fi\/?product=hyla-est-letku-12-m","name":"Hyla EST letku 12 m \u2013 joustava ja kest\u00e4v\u00e4 imuletku EST-malliin","isPartOf":{"@id":"https:\/\/hylajams.fi\/#website"},"primaryImageOfPage":{"@id":"https:\/\/hylajams.fi\/?product=hyla-est-letku-12-m#primaryimage"},"image":{"@id":"https:\/\/hylajams.fi\/?product=hyla-est-letku-12-m#primaryimage"},"thumbnailUrl":"https:\/\/hylajams.fi\/wp-content\/uploads\/2024\/08\/44512-letku-12-m.jpg","datePublished":"2024-08-11T12:10:55+00:00","dateModified":"2026-03-15T12:09:15+00:00","description":"Hyla EST letku 12 m on kest\u00e4v\u00e4 ja joustava imuletku EST-malliin. Kirkas klipsi helpottaa yhdist\u00e4mist\u00e4 Hylan putkiin ja suulakkeisiin. Tilaa nyt!","breadcrumb":{"@id":"https:\/\/hylajams.fi\/?product=hyla-est-letku-12-m#breadcrumb"},"inLanguage":"fi","potentialAction":[{"@type":"ReadAction","target":["https:\/\/hylajams.fi\/?product=hyla-est-letku-12-m"]}]},{"@type":"ImageObject","inLanguage":"fi","@id":"https:\/\/hylajams.fi\/?product=hyla-est-letku-12-m#primaryimage","url":"https:\/\/hylajams.fi\/wp-content\/uploads\/2024\/08\/44512-letku-12-m.jpg","contentUrl":"https:\/\/hylajams.fi\/wp-content\/uploads\/2024\/08\/44512-letku-12-m.jpg","width":2000,"height":1600,"caption":"Hyla EST letku"},{"@type":"BreadcrumbList","@id":"https:\/\/hylajams.fi\/?product=hyla-est-letku-12-m#breadcrumb","itemListElement":[{"@type":"ListItem","position":1,"name":"Etusivu","item":"https:\/\/hylajams.fi\/"},{"@type":"ListItem","position":2,"name":"VERKKOKAUPPA","item":"https:\/\/hylajams.fi\/?page_id=9"},{"@type":"ListItem","position":3,"name":"44512 Hyla EST letku 12 m"}]},{"@type":"WebSite","@id":"https:\/\/hylajams.fi\/#website","url":"https:\/\/hylajams.fi\/","name":"Hyla Jams Verkkokauppa","description":"Hyla ilman- ja huoneen puhdistusj\u00e4rjestelm\u00e4 Suomessa","publisher":{"@id":"https:\/\/hylajams.fi\/#organization"},"potentialAction":[{"@type":"SearchAction","target":{"@type":"EntryPoint","urlTemplate":"https:\/\/hylajams.fi\/?s={search_term_string}"},"query-input":{"@type":"PropertyValueSpecification","valueRequired":true,"valueName":"search_term_string"}}],"inLanguage":"fi"},{"@type":"Organization","@id":"https:\/\/hylajams.fi\/#organization","name":"Hyla Jams Verkkokauppa","url":"https:\/\/hylajams.fi\/","logo":{"@type":"ImageObject","inLanguage":"fi","@id":"https:\/\/hylajams.fi\/#\/schema\/logo\/image\/","url":"https:\/\/hylajams.fi\/wp-content\/uploads\/2025\/02\/Logo-1-2.jpg","contentUrl":"https:\/\/hylajams.fi\/wp-content\/uploads\/2025\/02\/Logo-1-2.jpg","width":500,"height":500,"caption":"Hyla Jams Verkkokauppa"},"image":{"@id":"https:\/\/hylajams.fi\/#\/schema\/logo\/image\/"},"sameAs":["https:\/\/www.instagram.com\/hylasiivous\/"]}]}},"_links":{"self":[{"href":"https:\/\/hylajams.fi\/index.php?rest_route=\/wp\/v2\/product\/8010","targetHints":{"allow":["GET"]}}],"collection":[{"href":"https:\/\/hylajams.fi\/index.php?rest_route=\/wp\/v2\/product"}],"about":[{"href":"https:\/\/hylajams.fi\/index.php?rest_route=\/wp\/v2\/types\/product"}],"version-history":[{"count":15,"href":"https:\/\/hylajams.fi\/index.php?rest_route=\/wp\/v2\/product\/8010\/revisions"}],"predecessor-version":[{"id":13270,"href":"https:\/\/hylajams.fi\/index.php?rest_route=\/wp\/v2\/product\/8010\/revisions\/13270"}],"wp:featuredmedia":[{"embeddable":true,"href":"https:\/\/hylajams.fi\/index.php?rest_route=\/wp\/v2\/media\/8014"}],"wp:attachment":[{"href":"https:\/\/hylajams.fi\/index.php?rest_route=%2Fwp%2Fv2%2Fmedia&parent=8010"}],"wp:term":[{"taxonomy":"product_brand","embeddable":true,"href":"https:\/\/hylajams.fi\/index.php?rest_route=%2Fwp%2Fv2%2Fproduct_brand&post=8010"},{"taxonomy":"product_cat","embeddable":true,"href":"https:\/\/hylajams.fi\/index.php?rest_route=%2Fwp%2Fv2%2Fproduct_cat&post=8010"},{"taxonomy":"product_tag","embeddable":true,"href":"https:\/\/hylajams.fi\/index.php?rest_route=%2Fwp%2Fv2%2Fproduct_tag&post=8010"}],"curies":[{"name":"wp","href":"https:\/\/api.w.org\/{rel}","templated":true}]}}