{"id":7713,"date":"2024-04-28T21:07:50","date_gmt":"2024-04-28T18:07:50","guid":{"rendered":"https:\/\/hylajams.fi\/?post_type=product&#038;p=7713"},"modified":"2026-04-02T00:43:48","modified_gmt":"2026-04-01T21:43:48","slug":"hyla-gst-moottoriyksikon-ylaosa","status":"publish","type":"product","link":"https:\/\/hylajams.fi\/?product=hyla-gst-moottoriyksikon-ylaosa","title":{"rendered":"33020 Hyla GST moottoriyksik\u00f6n yl\u00e4osa &#8211; Ei sis\u00e4ll\u00e4 vesis\u00e4ili\u00f6t\u00e4, letkua eik\u00e4 suulakkeita."},"content":{"rendered":"<h2 data-start=\"182\" data-end=\"217\">Hyla GST -moottoriyksik\u00f6n yl\u00e4osa<\/h2>\n<p data-start=\"219\" data-end=\"397\"><strong data-start=\"219\" data-end=\"255\">Hyla GST -moottoriyksik\u00f6n yl\u00e4osa<\/strong> on oikea ratkaisu silloin, kun Hyla GST -imurisi tarvitsee uuden moottorin, mutta vesiastia ja muut tarvikkeet ovat edelleen t\u00e4ysin kunnossa.<\/p>\n<p data-start=\"399\" data-end=\"614\">Jos vaihdettavana on vain moottoriyksikk\u00f6, t\u00e4t\u00e4 tuotetta k\u00e4ytt\u00e4m\u00e4ll\u00e4 voit jatkaa olemassa olevien GST-osiesi k\u00e4ytt\u00f6\u00e4 ilman turhia lis\u00e4hankintoja. N\u00e4in p\u00e4ivit\u00e4t imurisi suorituskyvyn helposti ja kustannustehokkaasti.<\/p>\n<p data-start=\"616\" data-end=\"863\">Uusi Hyla GST -moottoriyksikk\u00f6 tarjoaa saman tehokkaan ja luotettavan toiminnan, josta Hyla on tunnettu. Se on suunniteltu parantamaan kodin puhtautta ja ilmanlaatua veden avulla tapahtuvan suodatuksen ansiosta \u2013 ilman p\u00f6lypusseja tai kemikaaleja.<\/p>\n<p data-start=\"865\" data-end=\"1058\">Moottoriyksik\u00f6n vaihto antaa Hyla-imurillesi uuden el\u00e4m\u00e4n ja pident\u00e4\u00e4 koko j\u00e4rjestelm\u00e4n k\u00e4ytt\u00f6ik\u00e4\u00e4. Tuotteelle my\u00f6nnet\u00e4\u00e4n <strong data-start=\"987\" data-end=\"1020\">normaali uuden tuotteen takuu<\/strong>, joten voit tehd\u00e4 hankinnan huoletta.<\/p>\n<p data-start=\"1060\" data-end=\"1152\"><strong data-start=\"1060\" data-end=\"1152\">Tilaa uusi moottoriyksikk\u00f6 ja jatka Hyla GST -j\u00e4rjestelm\u00e4n k\u00e4ytt\u00f6\u00e4 entist\u00e4 tehokkaammin.<\/strong><\/p>\n<hr data-start=\"1154\" data-end=\"1157\" \/>\n<h3 data-start=\"1159\" data-end=\"1174\">Huomioithan<\/h3>\n<p data-start=\"1175\" data-end=\"1275\">Tuote sis\u00e4lt\u00e4\u00e4 <strong data-start=\"1190\" data-end=\"1222\">vain moottoriyksik\u00f6n yl\u00e4osan<\/strong>.<br data-start=\"1223\" data-end=\"1226\" \/>Ei sis\u00e4ll\u00e4 vesis\u00e4ili\u00f6t\u00e4, letkua eik\u00e4 suulakkeita.<\/p>\n<h2 data-start=\"2915\" data-end=\"2934\"><strong data-start=\"2918\" data-end=\"2932\">Yhteenveto Hyla GST:n <\/strong><strong data-start=\"2918\" data-end=\"2932\">toiminnoista.\u00a0<\/strong><\/h2>\n<p><strong>\u2714\ufe0f Takuut ja kest\u00e4vyys<\/strong><\/p>\n<ul>\n<li>Huoltovapaa rakenne ja <strong>ikuinen varaosatakuu<\/strong><\/li>\n<li><strong>5 vuoden takuu<\/strong> yksityisk\u00e4yt\u00f6ss\u00e4<\/li>\n<li><strong>2 vuoden takuu<\/strong> yritysk\u00e4yt\u00f6ss\u00e4<\/li>\n<\/ul>\n<p><strong>\u2714\ufe0f Puhdistustoiminnot<\/strong><\/p>\n<ul>\n<li>Normaali siivous ja pintojen puhdistus<\/li>\n<li>Kuiva imurointi<\/li>\n<li>M\u00e4rk\u00e4imurointi<\/li>\n<li>Puhallustoiminto<\/li>\n<li>Ilmanpesu ja ilmanraikastus veden avulla<\/li>\n<\/ul>\n<p><strong>\u2714\ufe0f Syv\u00e4puhdistus ja lis\u00e4varusteet<\/strong><\/p>\n<ul>\n<li>Syv\u00e4puhdistus <strong>s\u00e4hk\u00f6moottoriharjalla<\/strong><\/li>\n<li>M\u00e4rk\u00e4puhdistus <strong>m\u00e4rk\u00e4pesurilla<\/strong><\/li>\n<\/ul>\n<p><strong>Tekniset tiedot <\/strong>(N\u00e4m\u00e4 tekniset tiedot kuvaavat Hyla GST -mallin kokonaisominaisuuksia. T\u00e4m\u00e4 tuote sis\u00e4lt\u00e4\u00e4 vain moottoriyksik\u00f6n yl\u00e4osan)<\/p>\n<ul>\n<li>J\u00e4nnite: 220-240 V, 50\/60 Hz,<\/li>\n<li>Teho: 500 W \u2013 ilmanpesutoiminto, 850 W \u2013 pintojen puhdistustoiminto, S\u00e4hk\u00f6moottoriharja (EBK) 150 ,<\/li>\n<li>Max. ilman l\u00e4pivirtaus 2,5 m3\/min,<\/li>\n<li>Vesis\u00e4ili\u00f6n vetoisuus 4 l, (merkki viivaan asti),<\/li>\n<li>\u00c4\u00e4nitaso 75-78 dB<\/li>\n<\/ul>\n<h5 data-start=\"4289\" data-end=\"4347\"><a href=\"https:\/\/hylajams.fi\/?page_id=8366\"><strong>HYLA GST TUOTTEET<\/strong><\/a><\/h5>\n<h5><strong><a href=\"https:\/\/www.hyla.com\/products\/products\"><span dir=\"auto\"><span dir=\"auto\" style=\"vertical-align: inherit;\"><span dir=\"auto\" style=\"vertical-align: inherit;\"><span dir=\"auto\" style=\"vertical-align: inherit;\"><span dir=\"auto\" style=\"vertical-align: inherit;\">HYLA INTERNATIONAL<\/span><\/span><\/span><\/span><\/span><\/a><\/strong><\/h5>\n","protected":false},"excerpt":{"rendered":"<p><strong>Hyla GST moottoriyksik\u00f6n yl\u00e4osa<\/strong> on t\u00e4ydellinen ratkaisu, kun tarvitset pelk\u00e4st\u00e4\u00e4n <strong>uuden moottorin Hyla GST -imuriisi.<\/strong> Jos sinulla on vesiastia ja muut Hyla GST:n tarvikkeet s\u00e4ilyneet ennallaan, ja uudista pelk\u00e4st\u00e4\u00e4n Hyla GST moottoriyksik\u00f6n yl\u00e4osa. Moottoriyksik\u00f6ll\u00e4 annamme normaalin uuden tuotteen takuun.<\/p>\n<h3 data-start=\"1638\" data-end=\"1664\"><strong data-start=\"1642\" data-end=\"1664\">Saatavuus ja hinta<\/strong><\/h3>\n<p data-start=\"1665\" data-end=\"1811\">T\u00e4m\u00e4 tuote ei ole varastotuote, vaan se toimitetaan j\u00e4lkitoimituksena parin viikon sis\u00e4ll\u00e4 tilauksesta. Hinta pysyy samana.<\/p>\n","protected":false},"featured_media":7714,"template":"","meta":[],"product_brand":[1121],"product_cat":[944,774,290],"product_tag":[1852,1773,1212,1131,1855,1856,1854,1853],"class_list":{"0":"post-7713","1":"product","2":"type-product","3":"status-publish","4":"has-post-thumbnail","6":"product_brand-hyla","7":"product_cat-hyla-gst-varaosat","8":"product_cat-hyla-gst","9":"product_cat-hylan-lisatarvikkeet","10":"product_tag-gst-moottoriyksikko","11":"product_tag-hyla-gst-lisaosa","12":"product_tag-hyla-gst-moottoriyksikon-ylaosa","13":"product_tag-hyla-lisavaruste","14":"product_tag-ilman-letkua","15":"product_tag-ilman-suulakkeita","16":"product_tag-ilman-vesisailiota","17":"product_tag-moottoriyksikko-osa","18":"product_shipping_class-posti-l-paketti-37x36x60-cm-35-kg","19":"_wholesalex wsx-wholesalex-product","21":"first","22":"instock","23":"featured","24":"shipping-taxable","25":"purchasable","26":"product-type-simple"},"yoast_head":"<!-- This site is optimized with the Yoast SEO plugin v27.3 - https:\/\/yoast.com\/product\/yoast-seo-wordpress\/ -->\n<title>Hyla GST moottoriyksik\u00f6n yl\u00e4osa - vaihto-osa | Hyla Jams<\/title>\n<meta name=\"description\" content=\"Hyla GST moottoriyksik\u00f6n yl\u00e4osa - Uusi moottoriyksikk\u00f6 antaa imurillesi uuden el\u00e4m\u00e4n ilman, ett\u00e4 muita osia tarvitsee vaihtaa. T\u00e4ystakuulla.\" \/>\n<meta name=\"robots\" content=\"index, follow, max-snippet:-1, max-image-preview:large, max-video-preview:-1\" \/>\n<link rel=\"canonical\" href=\"https:\/\/hylajams.fi\/?product=hyla-gst-moottoriyksikon-ylaosa\" \/>\n<meta property=\"og:locale\" content=\"fi_FI\" \/>\n<meta property=\"og:type\" content=\"article\" \/>\n<meta property=\"og:title\" content=\"Hyla GST moottoriyksik\u00f6n yl\u00e4osa - vaihto-osa | Hyla Jams\" \/>\n<meta property=\"og:description\" content=\"Hyla GST moottoriyksik\u00f6n yl\u00e4osa - Uusi moottoriyksikk\u00f6 antaa imurillesi uuden el\u00e4m\u00e4n ilman, ett\u00e4 muita osia tarvitsee vaihtaa. T\u00e4ystakuulla.\" \/>\n<meta property=\"og:url\" content=\"https:\/\/hylajams.fi\/?product=hyla-gst-moottoriyksikon-ylaosa\" \/>\n<meta property=\"og:site_name\" content=\"Hyla Jams Verkkokauppa\" \/>\n<meta property=\"article:modified_time\" content=\"2026-04-01T21:43:48+00:00\" \/>\n<meta property=\"og:image\" content=\"https:\/\/hylajams.fi\/wp-content\/uploads\/2024\/04\/33020-GST-moottoriyksikko-ylaosa1.jpg\" \/>\n\t<meta property=\"og:image:width\" content=\"1052\" \/>\n\t<meta property=\"og:image:height\" content=\"1063\" \/>\n\t<meta property=\"og:image:type\" content=\"image\/jpeg\" \/>\n<meta name=\"twitter:card\" content=\"summary_large_image\" \/>\n<meta name=\"twitter:label1\" content=\"Arvioitu lukuaika\" \/>\n\t<meta name=\"twitter:data1\" content=\"2 minuuttia\" \/>\n<script type=\"application\/ld+json\" class=\"yoast-schema-graph\">{\"@context\":\"https:\\\/\\\/schema.org\",\"@graph\":[{\"@type\":\"WebPage\",\"@id\":\"https:\\\/\\\/hylajams.fi\\\/?product=hyla-gst-moottoriyksikon-ylaosa\",\"url\":\"https:\\\/\\\/hylajams.fi\\\/?product=hyla-gst-moottoriyksikon-ylaosa\",\"name\":\"Hyla GST moottoriyksik\u00f6n yl\u00e4osa - vaihto-osa | Hyla Jams\",\"isPartOf\":{\"@id\":\"https:\\\/\\\/hylajams.fi\\\/#website\"},\"primaryImageOfPage\":{\"@id\":\"https:\\\/\\\/hylajams.fi\\\/?product=hyla-gst-moottoriyksikon-ylaosa#primaryimage\"},\"image\":{\"@id\":\"https:\\\/\\\/hylajams.fi\\\/?product=hyla-gst-moottoriyksikon-ylaosa#primaryimage\"},\"thumbnailUrl\":\"https:\\\/\\\/hylajams.fi\\\/wp-content\\\/uploads\\\/2024\\\/04\\\/33020-GST-moottoriyksikko-ylaosa1.jpg\",\"datePublished\":\"2024-04-28T18:07:50+00:00\",\"dateModified\":\"2026-04-01T21:43:48+00:00\",\"description\":\"Hyla GST moottoriyksik\u00f6n yl\u00e4osa - Uusi moottoriyksikk\u00f6 antaa imurillesi uuden el\u00e4m\u00e4n ilman, ett\u00e4 muita osia tarvitsee vaihtaa. T\u00e4ystakuulla.\",\"breadcrumb\":{\"@id\":\"https:\\\/\\\/hylajams.fi\\\/?product=hyla-gst-moottoriyksikon-ylaosa#breadcrumb\"},\"inLanguage\":\"fi\",\"potentialAction\":[{\"@type\":\"ReadAction\",\"target\":[\"https:\\\/\\\/hylajams.fi\\\/?product=hyla-gst-moottoriyksikon-ylaosa\"]}]},{\"@type\":\"ImageObject\",\"inLanguage\":\"fi\",\"@id\":\"https:\\\/\\\/hylajams.fi\\\/?product=hyla-gst-moottoriyksikon-ylaosa#primaryimage\",\"url\":\"https:\\\/\\\/hylajams.fi\\\/wp-content\\\/uploads\\\/2024\\\/04\\\/33020-GST-moottoriyksikko-ylaosa1.jpg\",\"contentUrl\":\"https:\\\/\\\/hylajams.fi\\\/wp-content\\\/uploads\\\/2024\\\/04\\\/33020-GST-moottoriyksikko-ylaosa1.jpg\",\"width\":1052,\"height\":1063,\"caption\":\"Hyla GST moottoriyksik\u00f6n yl\u00e4osa\"},{\"@type\":\"BreadcrumbList\",\"@id\":\"https:\\\/\\\/hylajams.fi\\\/?product=hyla-gst-moottoriyksikon-ylaosa#breadcrumb\",\"itemListElement\":[{\"@type\":\"ListItem\",\"position\":1,\"name\":\"Etusivu\",\"item\":\"https:\\\/\\\/hylajams.fi\\\/\"},{\"@type\":\"ListItem\",\"position\":2,\"name\":\"VERKKOKAUPPA\",\"item\":\"https:\\\/\\\/hylajams.fi\\\/?page_id=9\"},{\"@type\":\"ListItem\",\"position\":3,\"name\":\"33020 Hyla GST moottoriyksik\u00f6n yl\u00e4osa &#8211; Ei sis\u00e4ll\u00e4 vesis\u00e4ili\u00f6t\u00e4, letkua eik\u00e4 suulakkeita.\"}]},{\"@type\":\"WebSite\",\"@id\":\"https:\\\/\\\/hylajams.fi\\\/#website\",\"url\":\"https:\\\/\\\/hylajams.fi\\\/\",\"name\":\"Hyla Jams Verkkokauppa\",\"description\":\"Hyla ilman- ja huoneen puhdistusj\u00e4rjestelm\u00e4 Suomessa\",\"publisher\":{\"@id\":\"https:\\\/\\\/hylajams.fi\\\/#organization\"},\"potentialAction\":[{\"@type\":\"SearchAction\",\"target\":{\"@type\":\"EntryPoint\",\"urlTemplate\":\"https:\\\/\\\/hylajams.fi\\\/?s={search_term_string}\"},\"query-input\":{\"@type\":\"PropertyValueSpecification\",\"valueRequired\":true,\"valueName\":\"search_term_string\"}}],\"inLanguage\":\"fi\"},{\"@type\":\"Organization\",\"@id\":\"https:\\\/\\\/hylajams.fi\\\/#organization\",\"name\":\"Hyla Jams Verkkokauppa\",\"url\":\"https:\\\/\\\/hylajams.fi\\\/\",\"logo\":{\"@type\":\"ImageObject\",\"inLanguage\":\"fi\",\"@id\":\"https:\\\/\\\/hylajams.fi\\\/#\\\/schema\\\/logo\\\/image\\\/\",\"url\":\"https:\\\/\\\/hylajams.fi\\\/wp-content\\\/uploads\\\/2025\\\/02\\\/Logo-1-2.jpg\",\"contentUrl\":\"https:\\\/\\\/hylajams.fi\\\/wp-content\\\/uploads\\\/2025\\\/02\\\/Logo-1-2.jpg\",\"width\":500,\"height\":500,\"caption\":\"Hyla Jams Verkkokauppa\"},\"image\":{\"@id\":\"https:\\\/\\\/hylajams.fi\\\/#\\\/schema\\\/logo\\\/image\\\/\"},\"sameAs\":[\"https:\\\/\\\/www.instagram.com\\\/hylasiivous\\\/\"]}]}<\/script>\n<!-- \/ Yoast SEO plugin. -->","yoast_head_json":{"title":"Hyla GST moottoriyksik\u00f6n yl\u00e4osa - vaihto-osa | Hyla Jams","description":"Hyla GST moottoriyksik\u00f6n yl\u00e4osa - Uusi moottoriyksikk\u00f6 antaa imurillesi uuden el\u00e4m\u00e4n ilman, ett\u00e4 muita osia tarvitsee vaihtaa. T\u00e4ystakuulla.","robots":{"index":"index","follow":"follow","max-snippet":"max-snippet:-1","max-image-preview":"max-image-preview:large","max-video-preview":"max-video-preview:-1"},"canonical":"https:\/\/hylajams.fi\/?product=hyla-gst-moottoriyksikon-ylaosa","og_locale":"fi_FI","og_type":"article","og_title":"Hyla GST moottoriyksik\u00f6n yl\u00e4osa - vaihto-osa | Hyla Jams","og_description":"Hyla GST moottoriyksik\u00f6n yl\u00e4osa - Uusi moottoriyksikk\u00f6 antaa imurillesi uuden el\u00e4m\u00e4n ilman, ett\u00e4 muita osia tarvitsee vaihtaa. T\u00e4ystakuulla.","og_url":"https:\/\/hylajams.fi\/?product=hyla-gst-moottoriyksikon-ylaosa","og_site_name":"Hyla Jams Verkkokauppa","article_modified_time":"2026-04-01T21:43:48+00:00","og_image":[{"width":1052,"height":1063,"url":"https:\/\/hylajams.fi\/wp-content\/uploads\/2024\/04\/33020-GST-moottoriyksikko-ylaosa1.jpg","type":"image\/jpeg"}],"twitter_card":"summary_large_image","twitter_misc":{"Arvioitu lukuaika":"2 minuuttia"},"schema":{"@context":"https:\/\/schema.org","@graph":[{"@type":"WebPage","@id":"https:\/\/hylajams.fi\/?product=hyla-gst-moottoriyksikon-ylaosa","url":"https:\/\/hylajams.fi\/?product=hyla-gst-moottoriyksikon-ylaosa","name":"Hyla GST moottoriyksik\u00f6n yl\u00e4osa - vaihto-osa | Hyla Jams","isPartOf":{"@id":"https:\/\/hylajams.fi\/#website"},"primaryImageOfPage":{"@id":"https:\/\/hylajams.fi\/?product=hyla-gst-moottoriyksikon-ylaosa#primaryimage"},"image":{"@id":"https:\/\/hylajams.fi\/?product=hyla-gst-moottoriyksikon-ylaosa#primaryimage"},"thumbnailUrl":"https:\/\/hylajams.fi\/wp-content\/uploads\/2024\/04\/33020-GST-moottoriyksikko-ylaosa1.jpg","datePublished":"2024-04-28T18:07:50+00:00","dateModified":"2026-04-01T21:43:48+00:00","description":"Hyla GST moottoriyksik\u00f6n yl\u00e4osa - Uusi moottoriyksikk\u00f6 antaa imurillesi uuden el\u00e4m\u00e4n ilman, ett\u00e4 muita osia tarvitsee vaihtaa. T\u00e4ystakuulla.","breadcrumb":{"@id":"https:\/\/hylajams.fi\/?product=hyla-gst-moottoriyksikon-ylaosa#breadcrumb"},"inLanguage":"fi","potentialAction":[{"@type":"ReadAction","target":["https:\/\/hylajams.fi\/?product=hyla-gst-moottoriyksikon-ylaosa"]}]},{"@type":"ImageObject","inLanguage":"fi","@id":"https:\/\/hylajams.fi\/?product=hyla-gst-moottoriyksikon-ylaosa#primaryimage","url":"https:\/\/hylajams.fi\/wp-content\/uploads\/2024\/04\/33020-GST-moottoriyksikko-ylaosa1.jpg","contentUrl":"https:\/\/hylajams.fi\/wp-content\/uploads\/2024\/04\/33020-GST-moottoriyksikko-ylaosa1.jpg","width":1052,"height":1063,"caption":"Hyla GST moottoriyksik\u00f6n yl\u00e4osa"},{"@type":"BreadcrumbList","@id":"https:\/\/hylajams.fi\/?product=hyla-gst-moottoriyksikon-ylaosa#breadcrumb","itemListElement":[{"@type":"ListItem","position":1,"name":"Etusivu","item":"https:\/\/hylajams.fi\/"},{"@type":"ListItem","position":2,"name":"VERKKOKAUPPA","item":"https:\/\/hylajams.fi\/?page_id=9"},{"@type":"ListItem","position":3,"name":"33020 Hyla GST moottoriyksik\u00f6n yl\u00e4osa &#8211; Ei sis\u00e4ll\u00e4 vesis\u00e4ili\u00f6t\u00e4, letkua eik\u00e4 suulakkeita."}]},{"@type":"WebSite","@id":"https:\/\/hylajams.fi\/#website","url":"https:\/\/hylajams.fi\/","name":"Hyla Jams Verkkokauppa","description":"Hyla ilman- ja huoneen puhdistusj\u00e4rjestelm\u00e4 Suomessa","publisher":{"@id":"https:\/\/hylajams.fi\/#organization"},"potentialAction":[{"@type":"SearchAction","target":{"@type":"EntryPoint","urlTemplate":"https:\/\/hylajams.fi\/?s={search_term_string}"},"query-input":{"@type":"PropertyValueSpecification","valueRequired":true,"valueName":"search_term_string"}}],"inLanguage":"fi"},{"@type":"Organization","@id":"https:\/\/hylajams.fi\/#organization","name":"Hyla Jams Verkkokauppa","url":"https:\/\/hylajams.fi\/","logo":{"@type":"ImageObject","inLanguage":"fi","@id":"https:\/\/hylajams.fi\/#\/schema\/logo\/image\/","url":"https:\/\/hylajams.fi\/wp-content\/uploads\/2025\/02\/Logo-1-2.jpg","contentUrl":"https:\/\/hylajams.fi\/wp-content\/uploads\/2025\/02\/Logo-1-2.jpg","width":500,"height":500,"caption":"Hyla Jams Verkkokauppa"},"image":{"@id":"https:\/\/hylajams.fi\/#\/schema\/logo\/image\/"},"sameAs":["https:\/\/www.instagram.com\/hylasiivous\/"]}]}},"_links":{"self":[{"href":"https:\/\/hylajams.fi\/index.php?rest_route=\/wp\/v2\/product\/7713","targetHints":{"allow":["GET"]}}],"collection":[{"href":"https:\/\/hylajams.fi\/index.php?rest_route=\/wp\/v2\/product"}],"about":[{"href":"https:\/\/hylajams.fi\/index.php?rest_route=\/wp\/v2\/types\/product"}],"version-history":[{"count":10,"href":"https:\/\/hylajams.fi\/index.php?rest_route=\/wp\/v2\/product\/7713\/revisions"}],"predecessor-version":[{"id":13653,"href":"https:\/\/hylajams.fi\/index.php?rest_route=\/wp\/v2\/product\/7713\/revisions\/13653"}],"wp:featuredmedia":[{"embeddable":true,"href":"https:\/\/hylajams.fi\/index.php?rest_route=\/wp\/v2\/media\/7714"}],"wp:attachment":[{"href":"https:\/\/hylajams.fi\/index.php?rest_route=%2Fwp%2Fv2%2Fmedia&parent=7713"}],"wp:term":[{"taxonomy":"product_brand","embeddable":true,"href":"https:\/\/hylajams.fi\/index.php?rest_route=%2Fwp%2Fv2%2Fproduct_brand&post=7713"},{"taxonomy":"product_cat","embeddable":true,"href":"https:\/\/hylajams.fi\/index.php?rest_route=%2Fwp%2Fv2%2Fproduct_cat&post=7713"},{"taxonomy":"product_tag","embeddable":true,"href":"https:\/\/hylajams.fi\/index.php?rest_route=%2Fwp%2Fv2%2Fproduct_tag&post=7713"}],"curies":[{"name":"wp","href":"https:\/\/api.w.org\/{rel}","templated":true}]}}