{"id":7346,"date":"2024-03-25T20:19:14","date_gmt":"2024-03-25T18:19:14","guid":{"rendered":"https:\/\/hylajams.fi\/?post_type=product&#038;p=7346"},"modified":"2026-02-28T00:17:51","modified_gmt":"2026-02-27T22:17:51","slug":"hyla-markapesurin-vesisailio","status":"publish","type":"product","link":"https:\/\/hylajams.fi\/?product=hyla-markapesurin-vesisailio","title":{"rendered":"35001 Hyla m\u00e4rk\u00e4pesurin vesis\u00e4ili\u00f6 EST ja GST \u2013 3,5 litraa"},"content":{"rendered":"<p data-start=\"536\" data-end=\"797\"><strong data-start=\"536\" data-end=\"590\">Hyla m\u00e4rk\u00e4pesurin vesis\u00e4ili\u00f6 EST ja GST -malleihin.\u00a0<\/strong>Sopii molempiin malleihin.<\/p>\n<p data-start=\"536\" data-end=\"797\">T\u00e4m\u00e4 3,5 litran vesis\u00e4ili\u00f6 sopii t\u00e4ydellisesti sek\u00e4 Hyla EST- ett\u00e4 GST-m\u00e4rk\u00e4pesureihin. S\u00e4ili\u00f6 kiinnitet\u00e4\u00e4n helposti Hylan takaosaan napsauttamalla se omalle paikalleen, jolloin se on heti k\u00e4ytt\u00f6valmis.<\/p>\n<p data-start=\"799\" data-end=\"812\"><strong data-start=\"799\" data-end=\"810\">K\u00e4ytt\u00f6:<\/strong><\/p>\n<ul>\n<li data-start=\"815\" data-end=\"869\">T\u00e4yt\u00e4 s\u00e4ili\u00f6 vedell\u00e4 pest\u00e4v\u00e4n pinnan koosta riippuen<\/li>\n<li data-start=\"872\" data-end=\"966\">Lis\u00e4\u00e4 t\u00e4yteen s\u00e4ili\u00f6\u00f6n yksi korkillinen pesuainetta (likaisille pinnoille kaksi korkillista)<\/li>\n<li data-start=\"969\" data-end=\"1087\">K\u00e4yt\u00e4 yhdess\u00e4 Hyla m\u00e4rk\u00e4pesurin muiden osien kanssa tehokkaaseen lattioiden, mattojen ja pintojen m\u00e4rk\u00e4puhdistukseen<\/li>\n<\/ul>\n<p data-start=\"1089\" data-end=\"1100\"><strong data-start=\"1089\" data-end=\"1098\">Edut:<\/strong><\/p>\n<ul>\n<li data-start=\"1103\" data-end=\"1151\">Yhteensopiva sek\u00e4 EST- ett\u00e4 GST-mallien kanssa<\/li>\n<li data-start=\"1154\" data-end=\"1218\">Reilu 3,5 litran tilavuus mahdollistaa isommankin alueen pesun<\/li>\n<li data-start=\"1221\" data-end=\"1249\">Helppo asentaa ja irrottaa<\/li>\n<li data-start=\"1252\" data-end=\"1303\">Tehokas pesutulos yhdistettyn\u00e4 Hyla pesuaineeseen<\/li>\n<\/ul>\n<p data-start=\"1305\" data-end=\"1429\">T\u00e4m\u00e4 vesis\u00e4ili\u00f6 on olennainen osa Hyla m\u00e4rk\u00e4pesurin k\u00e4ytt\u00f6\u00e4 ja varmistaa, ett\u00e4 siivousty\u00f6 sujuu nopeasti ja vaivattomasti.<\/p>\n<p><strong><a href=\"https:\/\/hylajams.fi\/?page_id=7252\">HYLA EST TUOTTEET<\/a><\/strong><\/p>\n<p><strong><a href=\"https:\/\/hylajams.fi\/?page_id=8366\">HYLA GST TUOTTEET<\/a><\/strong><\/p>\n<p><strong><a href=\"https:\/\/www.hyla.com\/products\/products\">HYLA INTERNATIONAL<\/a><\/strong><\/p>\n","protected":false},"excerpt":{"rendered":"<p id=\"main_description\"><strong>Vesis\u00e4ili\u00f6 Hyla m\u00e4rk\u00e4pesureihin (EST ja GST). <\/strong><\/p>\n<p>Tilavuus 3,5 litraa. Helppo napsauttaa paikalleen ja k\u00e4ytt\u00e4\u00e4 m\u00e4rk\u00e4puhdistukseen pesuaineen kanssa tehokkaaseen lattioiden, pintojen, mattojen ja kangaspintojen pesuun.<\/p>\n","protected":false},"featured_media":7306,"template":"","meta":[],"product_brand":[],"product_cat":[949,951,947,944,773,774],"product_tag":[1770,1771,1768,1769,1204,1773,1772,1271,1774],"class_list":{"0":"post-7346","1":"product","2":"type-product","3":"status-publish","4":"has-post-thumbnail","6":"product_cat-est-markapesuri","7":"product_cat-est-varaosat","8":"product_cat-hyla-gst-markapesuri","9":"product_cat-hyla-gst-varaosat","10":"product_cat-hyla-est","11":"product_cat-hyla-gst","12":"product_tag-1770","13":"product_tag-5-litraa","14":"product_tag-est-vesisailio","15":"product_tag-gst-vesisailio","16":"product_tag-hyla-est-lisaosa","17":"product_tag-hyla-gst-lisaosa","18":"product_tag-hyla-markapesuri-lisavaruste","19":"product_tag-hyla-markapesurin-vesisailio","20":"product_tag-vesisailio-markapesuri","21":"product_shipping_class-posti-l-paketti-37x36x60-cm-35-kg","22":"_wholesalex wsx-wholesalex-product","24":"first","25":"instock","26":"featured","27":"shipping-taxable","28":"purchasable","29":"product-type-simple"},"yoast_head":"<!-- This site is optimized with the Yoast SEO plugin v27.3 - https:\/\/yoast.com\/product\/yoast-seo-wordpress\/ -->\n<title>Hyla m\u00e4rk\u00e4pesurin vesis\u00e4ili\u00f6 - EST ja GST - 3,5 litran s\u00e4ili\u00f6<\/title>\n<meta name=\"description\" content=\"Hyla m\u00e4rk\u00e4pesurin vesis\u00e4ili\u00f6 - EST ja GST -malleihin. Helppo kiinnitt\u00e4\u00e4 paikalleen ja puhdistaa tehokkaasti lattiat ja pinnat.\" \/>\n<meta name=\"robots\" content=\"index, follow, max-snippet:-1, max-image-preview:large, max-video-preview:-1\" \/>\n<link rel=\"canonical\" href=\"https:\/\/hylajams.fi\/?product=hyla-markapesurin-vesisailio\" \/>\n<meta property=\"og:locale\" content=\"fi_FI\" \/>\n<meta property=\"og:type\" content=\"article\" \/>\n<meta property=\"og:title\" content=\"Hyla m\u00e4rk\u00e4pesurin vesis\u00e4ili\u00f6 - EST ja GST - 3,5 litran s\u00e4ili\u00f6\" \/>\n<meta property=\"og:description\" content=\"Hyla m\u00e4rk\u00e4pesurin vesis\u00e4ili\u00f6 - EST ja GST -malleihin. Helppo kiinnitt\u00e4\u00e4 paikalleen ja puhdistaa tehokkaasti lattiat ja pinnat.\" \/>\n<meta property=\"og:url\" content=\"https:\/\/hylajams.fi\/?product=hyla-markapesurin-vesisailio\" \/>\n<meta property=\"og:site_name\" content=\"Hyla Jams Verkkokauppa\" \/>\n<meta property=\"article:modified_time\" content=\"2026-02-27T22:17:51+00:00\" \/>\n<meta property=\"og:image\" content=\"https:\/\/hylajams.fi\/wp-content\/uploads\/2024\/03\/35001-sailio.jpg\" \/>\n\t<meta property=\"og:image:width\" content=\"1068\" \/>\n\t<meta property=\"og:image:height\" content=\"1068\" \/>\n\t<meta property=\"og:image:type\" content=\"image\/jpeg\" \/>\n<meta name=\"twitter:card\" content=\"summary_large_image\" \/>\n<meta name=\"twitter:label1\" content=\"Arvioitu lukuaika\" \/>\n\t<meta name=\"twitter:data1\" content=\"1 minuutti\" \/>\n<script type=\"application\/ld+json\" class=\"yoast-schema-graph\">{\"@context\":\"https:\\\/\\\/schema.org\",\"@graph\":[{\"@type\":\"WebPage\",\"@id\":\"https:\\\/\\\/hylajams.fi\\\/?product=hyla-markapesurin-vesisailio\",\"url\":\"https:\\\/\\\/hylajams.fi\\\/?product=hyla-markapesurin-vesisailio\",\"name\":\"Hyla m\u00e4rk\u00e4pesurin vesis\u00e4ili\u00f6 - EST ja GST - 3,5 litran s\u00e4ili\u00f6\",\"isPartOf\":{\"@id\":\"https:\\\/\\\/hylajams.fi\\\/#website\"},\"primaryImageOfPage\":{\"@id\":\"https:\\\/\\\/hylajams.fi\\\/?product=hyla-markapesurin-vesisailio#primaryimage\"},\"image\":{\"@id\":\"https:\\\/\\\/hylajams.fi\\\/?product=hyla-markapesurin-vesisailio#primaryimage\"},\"thumbnailUrl\":\"https:\\\/\\\/hylajams.fi\\\/wp-content\\\/uploads\\\/2024\\\/03\\\/35001-sailio.jpg\",\"datePublished\":\"2024-03-25T18:19:14+00:00\",\"dateModified\":\"2026-02-27T22:17:51+00:00\",\"description\":\"Hyla m\u00e4rk\u00e4pesurin vesis\u00e4ili\u00f6 - EST ja GST -malleihin. Helppo kiinnitt\u00e4\u00e4 paikalleen ja puhdistaa tehokkaasti lattiat ja pinnat.\",\"breadcrumb\":{\"@id\":\"https:\\\/\\\/hylajams.fi\\\/?product=hyla-markapesurin-vesisailio#breadcrumb\"},\"inLanguage\":\"fi\",\"potentialAction\":[{\"@type\":\"ReadAction\",\"target\":[\"https:\\\/\\\/hylajams.fi\\\/?product=hyla-markapesurin-vesisailio\"]}]},{\"@type\":\"ImageObject\",\"inLanguage\":\"fi\",\"@id\":\"https:\\\/\\\/hylajams.fi\\\/?product=hyla-markapesurin-vesisailio#primaryimage\",\"url\":\"https:\\\/\\\/hylajams.fi\\\/wp-content\\\/uploads\\\/2024\\\/03\\\/35001-sailio.jpg\",\"contentUrl\":\"https:\\\/\\\/hylajams.fi\\\/wp-content\\\/uploads\\\/2024\\\/03\\\/35001-sailio.jpg\",\"width\":1068,\"height\":1068,\"caption\":\"Pesuaines\u00e4ili\u00f6\"},{\"@type\":\"BreadcrumbList\",\"@id\":\"https:\\\/\\\/hylajams.fi\\\/?product=hyla-markapesurin-vesisailio#breadcrumb\",\"itemListElement\":[{\"@type\":\"ListItem\",\"position\":1,\"name\":\"Etusivu\",\"item\":\"https:\\\/\\\/hylajams.fi\\\/\"},{\"@type\":\"ListItem\",\"position\":2,\"name\":\"VERKKOKAUPPA\",\"item\":\"https:\\\/\\\/hylajams.fi\\\/?page_id=9\"},{\"@type\":\"ListItem\",\"position\":3,\"name\":\"35001 Hyla m\u00e4rk\u00e4pesurin vesis\u00e4ili\u00f6 EST ja GST \u2013 3,5 litraa\"}]},{\"@type\":\"WebSite\",\"@id\":\"https:\\\/\\\/hylajams.fi\\\/#website\",\"url\":\"https:\\\/\\\/hylajams.fi\\\/\",\"name\":\"Hyla Jams Verkkokauppa\",\"description\":\"Hyla ilman- ja huoneen puhdistusj\u00e4rjestelm\u00e4 Suomessa\",\"publisher\":{\"@id\":\"https:\\\/\\\/hylajams.fi\\\/#organization\"},\"potentialAction\":[{\"@type\":\"SearchAction\",\"target\":{\"@type\":\"EntryPoint\",\"urlTemplate\":\"https:\\\/\\\/hylajams.fi\\\/?s={search_term_string}\"},\"query-input\":{\"@type\":\"PropertyValueSpecification\",\"valueRequired\":true,\"valueName\":\"search_term_string\"}}],\"inLanguage\":\"fi\"},{\"@type\":\"Organization\",\"@id\":\"https:\\\/\\\/hylajams.fi\\\/#organization\",\"name\":\"Hyla Jams Verkkokauppa\",\"url\":\"https:\\\/\\\/hylajams.fi\\\/\",\"logo\":{\"@type\":\"ImageObject\",\"inLanguage\":\"fi\",\"@id\":\"https:\\\/\\\/hylajams.fi\\\/#\\\/schema\\\/logo\\\/image\\\/\",\"url\":\"https:\\\/\\\/hylajams.fi\\\/wp-content\\\/uploads\\\/2025\\\/02\\\/Logo-1-2.jpg\",\"contentUrl\":\"https:\\\/\\\/hylajams.fi\\\/wp-content\\\/uploads\\\/2025\\\/02\\\/Logo-1-2.jpg\",\"width\":500,\"height\":500,\"caption\":\"Hyla Jams Verkkokauppa\"},\"image\":{\"@id\":\"https:\\\/\\\/hylajams.fi\\\/#\\\/schema\\\/logo\\\/image\\\/\"},\"sameAs\":[\"https:\\\/\\\/www.instagram.com\\\/hylasiivous\\\/\"]}]}<\/script>\n<!-- \/ Yoast SEO plugin. -->","yoast_head_json":{"title":"Hyla m\u00e4rk\u00e4pesurin vesis\u00e4ili\u00f6 - EST ja GST - 3,5 litran s\u00e4ili\u00f6","description":"Hyla m\u00e4rk\u00e4pesurin vesis\u00e4ili\u00f6 - EST ja GST -malleihin. Helppo kiinnitt\u00e4\u00e4 paikalleen ja puhdistaa tehokkaasti lattiat ja pinnat.","robots":{"index":"index","follow":"follow","max-snippet":"max-snippet:-1","max-image-preview":"max-image-preview:large","max-video-preview":"max-video-preview:-1"},"canonical":"https:\/\/hylajams.fi\/?product=hyla-markapesurin-vesisailio","og_locale":"fi_FI","og_type":"article","og_title":"Hyla m\u00e4rk\u00e4pesurin vesis\u00e4ili\u00f6 - EST ja GST - 3,5 litran s\u00e4ili\u00f6","og_description":"Hyla m\u00e4rk\u00e4pesurin vesis\u00e4ili\u00f6 - EST ja GST -malleihin. Helppo kiinnitt\u00e4\u00e4 paikalleen ja puhdistaa tehokkaasti lattiat ja pinnat.","og_url":"https:\/\/hylajams.fi\/?product=hyla-markapesurin-vesisailio","og_site_name":"Hyla Jams Verkkokauppa","article_modified_time":"2026-02-27T22:17:51+00:00","og_image":[{"width":1068,"height":1068,"url":"https:\/\/hylajams.fi\/wp-content\/uploads\/2024\/03\/35001-sailio.jpg","type":"image\/jpeg"}],"twitter_card":"summary_large_image","twitter_misc":{"Arvioitu lukuaika":"1 minuutti"},"schema":{"@context":"https:\/\/schema.org","@graph":[{"@type":"WebPage","@id":"https:\/\/hylajams.fi\/?product=hyla-markapesurin-vesisailio","url":"https:\/\/hylajams.fi\/?product=hyla-markapesurin-vesisailio","name":"Hyla m\u00e4rk\u00e4pesurin vesis\u00e4ili\u00f6 - EST ja GST - 3,5 litran s\u00e4ili\u00f6","isPartOf":{"@id":"https:\/\/hylajams.fi\/#website"},"primaryImageOfPage":{"@id":"https:\/\/hylajams.fi\/?product=hyla-markapesurin-vesisailio#primaryimage"},"image":{"@id":"https:\/\/hylajams.fi\/?product=hyla-markapesurin-vesisailio#primaryimage"},"thumbnailUrl":"https:\/\/hylajams.fi\/wp-content\/uploads\/2024\/03\/35001-sailio.jpg","datePublished":"2024-03-25T18:19:14+00:00","dateModified":"2026-02-27T22:17:51+00:00","description":"Hyla m\u00e4rk\u00e4pesurin vesis\u00e4ili\u00f6 - EST ja GST -malleihin. Helppo kiinnitt\u00e4\u00e4 paikalleen ja puhdistaa tehokkaasti lattiat ja pinnat.","breadcrumb":{"@id":"https:\/\/hylajams.fi\/?product=hyla-markapesurin-vesisailio#breadcrumb"},"inLanguage":"fi","potentialAction":[{"@type":"ReadAction","target":["https:\/\/hylajams.fi\/?product=hyla-markapesurin-vesisailio"]}]},{"@type":"ImageObject","inLanguage":"fi","@id":"https:\/\/hylajams.fi\/?product=hyla-markapesurin-vesisailio#primaryimage","url":"https:\/\/hylajams.fi\/wp-content\/uploads\/2024\/03\/35001-sailio.jpg","contentUrl":"https:\/\/hylajams.fi\/wp-content\/uploads\/2024\/03\/35001-sailio.jpg","width":1068,"height":1068,"caption":"Pesuaines\u00e4ili\u00f6"},{"@type":"BreadcrumbList","@id":"https:\/\/hylajams.fi\/?product=hyla-markapesurin-vesisailio#breadcrumb","itemListElement":[{"@type":"ListItem","position":1,"name":"Etusivu","item":"https:\/\/hylajams.fi\/"},{"@type":"ListItem","position":2,"name":"VERKKOKAUPPA","item":"https:\/\/hylajams.fi\/?page_id=9"},{"@type":"ListItem","position":3,"name":"35001 Hyla m\u00e4rk\u00e4pesurin vesis\u00e4ili\u00f6 EST ja GST \u2013 3,5 litraa"}]},{"@type":"WebSite","@id":"https:\/\/hylajams.fi\/#website","url":"https:\/\/hylajams.fi\/","name":"Hyla Jams Verkkokauppa","description":"Hyla ilman- ja huoneen puhdistusj\u00e4rjestelm\u00e4 Suomessa","publisher":{"@id":"https:\/\/hylajams.fi\/#organization"},"potentialAction":[{"@type":"SearchAction","target":{"@type":"EntryPoint","urlTemplate":"https:\/\/hylajams.fi\/?s={search_term_string}"},"query-input":{"@type":"PropertyValueSpecification","valueRequired":true,"valueName":"search_term_string"}}],"inLanguage":"fi"},{"@type":"Organization","@id":"https:\/\/hylajams.fi\/#organization","name":"Hyla Jams Verkkokauppa","url":"https:\/\/hylajams.fi\/","logo":{"@type":"ImageObject","inLanguage":"fi","@id":"https:\/\/hylajams.fi\/#\/schema\/logo\/image\/","url":"https:\/\/hylajams.fi\/wp-content\/uploads\/2025\/02\/Logo-1-2.jpg","contentUrl":"https:\/\/hylajams.fi\/wp-content\/uploads\/2025\/02\/Logo-1-2.jpg","width":500,"height":500,"caption":"Hyla Jams Verkkokauppa"},"image":{"@id":"https:\/\/hylajams.fi\/#\/schema\/logo\/image\/"},"sameAs":["https:\/\/www.instagram.com\/hylasiivous\/"]}]}},"_links":{"self":[{"href":"https:\/\/hylajams.fi\/index.php?rest_route=\/wp\/v2\/product\/7346","targetHints":{"allow":["GET"]}}],"collection":[{"href":"https:\/\/hylajams.fi\/index.php?rest_route=\/wp\/v2\/product"}],"about":[{"href":"https:\/\/hylajams.fi\/index.php?rest_route=\/wp\/v2\/types\/product"}],"version-history":[{"count":4,"href":"https:\/\/hylajams.fi\/index.php?rest_route=\/wp\/v2\/product\/7346\/revisions"}],"predecessor-version":[{"id":11350,"href":"https:\/\/hylajams.fi\/index.php?rest_route=\/wp\/v2\/product\/7346\/revisions\/11350"}],"wp:featuredmedia":[{"embeddable":true,"href":"https:\/\/hylajams.fi\/index.php?rest_route=\/wp\/v2\/media\/7306"}],"wp:attachment":[{"href":"https:\/\/hylajams.fi\/index.php?rest_route=%2Fwp%2Fv2%2Fmedia&parent=7346"}],"wp:term":[{"taxonomy":"product_brand","embeddable":true,"href":"https:\/\/hylajams.fi\/index.php?rest_route=%2Fwp%2Fv2%2Fproduct_brand&post=7346"},{"taxonomy":"product_cat","embeddable":true,"href":"https:\/\/hylajams.fi\/index.php?rest_route=%2Fwp%2Fv2%2Fproduct_cat&post=7346"},{"taxonomy":"product_tag","embeddable":true,"href":"https:\/\/hylajams.fi\/index.php?rest_route=%2Fwp%2Fv2%2Fproduct_tag&post=7346"}],"curies":[{"name":"wp","href":"https:\/\/api.w.org\/{rel}","templated":true}]}}