{"id":6632,"date":"2024-01-06T17:34:14","date_gmt":"2024-01-06T15:34:14","guid":{"rendered":"https:\/\/hylajams.fi\/?post_type=product&#038;p=6632"},"modified":"2026-03-17T20:30:40","modified_gmt":"2026-03-17T18:30:40","slug":"hyla-est-paketti","status":"publish","type":"product","link":"https:\/\/hylajams.fi\/?product=hyla-est-paketti","title":{"rendered":"40200 HYLA EST Kodinpuhdistus paketti s\u00e4hk\u00f6moottoriharjan kanssa"},"content":{"rendered":"<figure id=\"attachment_10835\" aria-describedby=\"caption-attachment-10835\" style=\"width: 300px\" class=\"wp-caption alignnone\"><img fetchpriority=\"high\" decoding=\"async\" class=\"size-medium wp-image-10835\" src=\"https:\/\/hylajams.fi\/wp-content\/uploads\/2024\/01\/Puhdas-ilma-alkaa-taalta2-300x228.jpg\" alt=\"\" width=\"300\" height=\"228\" srcset=\"https:\/\/hylajams.fi\/wp-content\/uploads\/2024\/01\/Puhdas-ilma-alkaa-taalta2-300x228.jpg 300w, https:\/\/hylajams.fi\/wp-content\/uploads\/2024\/01\/Puhdas-ilma-alkaa-taalta2.jpg 593w\" sizes=\"(max-width: 300px) 100vw, 300px\" \/><figcaption id=\"caption-attachment-10835\" class=\"wp-caption-text\">Puhdas ilma alkaa t\u00e4\u00e4lt\u00e4 \u2013 Ymm\u00e4rr\u00e4 kodin ilmanlaadun ongelmat<\/figcaption><\/figure>\n<h3 data-start=\"683\" data-end=\"737\"><a href=\"https:\/\/hylajams.fi\/?page_id=7252\">Hyla EST<\/a> \u2013 ilmanpuhdistin ja kodinpuhdistuspaketti<\/h3>\n<p data-start=\"738\" data-end=\"1041\">Hyla EST -kodinpuhdistuspaketti puhdistaa kodin ilman ja pinnat pelk\u00e4n veden avulla. Jokaisella siivouskerralla se poistaa p\u00f6lyn, allergeenit ja ep\u00e4puhtaudet, jotka muuten palaisivat takaisin hengitysilmaan. Tuloksena on raikas sis\u00e4ilma ja kevyempi hengitt\u00e4\u00e4 \u2013 ilman p\u00f6lypusseja tai vaihtosuodattimia. Hylan suodatin on pelkk\u00e4 raikas vesi, joka muuttuu siivoamisen j\u00e4lkeen p\u00f6ly- ja p\u00f6lypunkki vedeksi, ja jonka voit kaataa viem\u00e4riin tai luontoon.<\/p>\n<h3 data-start=\"1043\" data-end=\"1073\">Puhdas ilma ja parempi olo<\/h3>\n<p data-start=\"1074\" data-end=\"1425\">Oletko huomannut, ett\u00e4 siivotessa p\u00f6ly nousee helposti takaisin huoneilmaan ja tuo mukanaan tunkkaisuutta? Hyla EST ei sit\u00e4 tee, vaan sitoo kaiken ep\u00e4puhtaudet veteen, joten mit\u00e4\u00e4n ei p\u00e4\u00e4se takaisin huoneeseen. Samalla kun siivoat paikkoja, Hyla poistaa hajuja, raikastaa ja kosteuttaa huoneilmaa. Halutessasi voit lis\u00e4t\u00e4 veteen Hylan erilaisia ihania <a href=\"https:\/\/hylajams.fi\/?page_id=9161\">eteerisi\u00e4<\/a> tai <a href=\"https:\/\/hylajams.fi\/?product=21173-aqua-fresh-desifiointiaine-200-ml\">Aqua Fresh<\/a> -tuoksuja, jolloin kotiisi saapuu yht\u00e4 raikas tuoksu kuin mets\u00e4ss\u00e4 on sateen j\u00e4lkeen.<\/p>\n<p data-start=\"1074\" data-end=\"1425\"><a href=\"https:\/\/www.youtube.com\/watch?v=xDfPBBqSVyc\"><img decoding=\"async\" class=\"alignnone size-medium wp-image-10454\" src=\"https:\/\/hylajams.fi\/wp-content\/uploads\/2025\/05\/HYLA-EST-300x169.jpg\" alt=\"Hyla EST esittely video\" width=\"300\" height=\"169\" srcset=\"https:\/\/hylajams.fi\/wp-content\/uploads\/2025\/05\/HYLA-EST-300x169.jpg 300w, https:\/\/hylajams.fi\/wp-content\/uploads\/2025\/05\/HYLA-EST-768x432.jpg 768w, https:\/\/hylajams.fi\/wp-content\/uploads\/2025\/05\/HYLA-EST-600x338.jpg 600w, https:\/\/hylajams.fi\/wp-content\/uploads\/2025\/05\/HYLA-EST.jpg 960w\" sizes=\"(max-width: 300px) 100vw, 300px\" \/><\/a><\/p>\n<p data-start=\"1074\" data-end=\"1425\"><a href=\"https:\/\/www.youtube.com\/watch?v=xDfPBBqSVyc\"><strong>Katso videolta<\/strong><\/a> Hyla EST peruspakettiin kuuluvat tuotteet<\/p>\n<h3 data-start=\"1427\" data-end=\"1461\">Monipuolinen puhdistusratkaisu<\/h3>\n<p data-start=\"1462\" data-end=\"1596\">Hyla EST ei ole pelkk\u00e4 imuri \u2013 se on monipuolinen siivousv\u00e4line, josta l\u00f6ytyy eritt\u00e4in paljon erilaisia toimintoja, kuten puhallus- ja imaisupuoli, puhdistava- ja raikastava ilmanpesu, Hyla poistaa tehokkaasti kiinni tarttuneet karvat, tahrat ja liat, sek\u00e4 vuoteesta p\u00f6lypunkit, ja paljon kaikkea muuta. Kaikki t\u00e4ss\u00e4 yhdess\u00e4 ja samassa laitteessa.<\/p>\n<p data-start=\"1462\" data-end=\"1596\"><strong>T\u00e4m\u00e4 paketti sis\u00e4lt\u00e4\u00e4:<\/strong><\/p>\n<ul>\n<li data-start=\"1599\" data-end=\"1623\">HYLA EST -laitteen ja kaikki mit\u00e4 tarvitset siivoamiseen<\/li>\n<li data-start=\"1626\" data-end=\"1671\"><a href=\"https:\/\/hylajams.fi\/?product=46700-hyla-est-myos-gst-ja-nst-yleislattiasuulake-harja-kevat\">yleislattiaharjan<\/a>, <a href=\"https:\/\/hylajams.fi\/?product=44800-est-kuiva-putki-helppo-kiinnitys-toiminnolla-1-kpl-vakio-kevat\">putket<\/a>, <a href=\"https:\/\/hylajams.fi\/?product=44503-hyla-est-letku-3-m\">letku<\/a> ja useita suulakkeita<\/li>\n<li data-start=\"1674\" data-end=\"1750\">erillinen <a href=\"https:\/\/hylajams.fi\/?product=44302-est-sahkomoottoriharja-ventus-setti-kevat\">s\u00e4hk\u00f6moottoriharja setti<\/a> <a href=\"https:\/\/hylajams.fi\/?product=34110-kaukosaadin-est-ja-gst-kevat\">kaukos\u00e4\u00e4timell\u00e4<\/a>, joka helpottaa tehokkaasti siivousta<\/li>\n<\/ul>\n<h4 data-start=\"799\" data-end=\"838\">Mik\u00e4 tekee HYLA EST:st\u00e4 erityisen?<\/h4>\n<ul>\n<li><strong>Hyla EST ei ole tavallinen imuri:<\/strong>\u00a0Se on kokonaisvaltainen\u00a0<strong data-start=\"898\" data-end=\"939\">ilmanpuhdistus- ja siivousj\u00e4rjestelm\u00e4<\/strong>, joka yhdist\u00e4\u00e4 useita toimintoja:<\/li>\n<li><strong data-start=\"981\" data-end=\"1008\">Poistaa p\u00f6lyn ja karvat<\/strong>: N\u00e4m\u00e4 kaikki sitoutuu veteen \u2013 mit\u00e4\u00e4n ei palaudu takaisin huoneilmaan.<\/li>\n<li><strong data-start=\"1081\" data-end=\"1115\">Neutraloi hajut ja allergeenit<\/strong>: Erilaiset hajut, p\u00f6lypunkit ja ep\u00e4puhtaudet j\u00e4\u00e4v\u00e4t veteen.<\/li>\n<li><strong data-start=\"1181\" data-end=\"1234\">Raikastaa ja kosteuttaa huoneilmaa luonnollisesti<\/strong>: Huoneilman hengitt\u00e4minen tuntuu kevyemm\u00e4lt\u00e4.<\/li>\n<li><strong data-start=\"1276\" data-end=\"1298\">Huoltovapaa k\u00e4ytt\u00f6<\/strong>: Hylassa ei ole p\u00f6lypusseja, ei suodattimia \u2013 vain veden vaihto ja huuhtelu.<\/li>\n<\/ul>\n<h2 data-start=\"1567\" data-end=\"1615\"><strong data-start=\"1570\" data-end=\"1613\">Usein kysytty\u00e4 HYLA EST -peruspaketista<\/strong><\/h2>\n<p data-start=\"1617\" data-end=\"1955\"><strong data-start=\"1617\" data-end=\"1675\"><img decoding=\"async\" class=\"emoji\" role=\"img\" draggable=\"false\" src=\"https:\/\/s.w.org\/images\/core\/emoji\/16.0.1\/svg\/1f539.svg\" alt=\"\ud83d\udd39\" \/>\u00a0Onko Hyla vain imuri vai puhdistaako se my\u00f6s ilmaa?<\/strong><br data-start=\"1675\" data-end=\"1678\" \/>Hyla on molempia. Se toimii ilmanpuhdistimena aina, kun laite on p\u00e4\u00e4ll\u00e4 \u2013 vaikka et siivoaisi mit\u00e4\u00e4n. Huoneilma kulkee veden l\u00e4pi ja ep\u00e4puhtaudet j\u00e4\u00e4v\u00e4t sinne. Lis\u00e4ksi Hyla toimii imurina, joka ker\u00e4\u00e4 p\u00f6lyn, hiekan, karvat ja muut roskat lattioilta, matoilta ja huonekaluista.<\/p>\n<p data-start=\"1957\" data-end=\"2088\"><strong data-start=\"1957\" data-end=\"1995\"><img decoding=\"async\" class=\"emoji\" role=\"img\" draggable=\"false\" src=\"https:\/\/s.w.org\/images\/core\/emoji\/16.0.1\/svg\/1f539.svg\" alt=\"\ud83d\udd39\" \/>\u00a0Mit\u00e4 lis\u00e4varusteilla voi tehd\u00e4?<\/strong><br data-start=\"1995\" data-end=\"1998\" \/>Peruspaketti kattaa kodin t\u00e4rkeimm\u00e4t siivoustarpeet. Halutessasi voit laajentaa k\u00e4ytt\u00f6\u00e4:<\/p>\n<ul>\n<li><strong data-start=\"2091\" data-end=\"2109\">M\u00e4rk\u00e4pesurilla<\/strong> peset matot ja tekstiilit vedell\u00e4 ja mutta t\u00e4ll\u00e4 uudella Hyla EST mahdollistaa kosteapyyhinn\u00e4ll\u00e4 my\u00f6s lattiat ja parketit.<\/li>\n<li data-start=\"2149\" data-end=\"2223\"><strong data-start=\"2149\" data-end=\"2174\">S\u00e4hk\u00f6moottoriharjalla<\/strong>\u00a0poistat p\u00f6lypunkit patjoista ja huonekaluista.<\/li>\n<li data-start=\"2226\" data-end=\"2391\"><strong data-start=\"2226\" data-end=\"2240\">Tuoksuilla<\/strong>\u00a0voit samalla raikastaa ilman mieleiseksesi.<br data-start=\"2284\" data-end=\"2287\" \/>Lis\u00e4varusteet perustuvat samaan vedenpuhdistukseen, joten tulos on luonnollisen puhdas ja hygieeninen.<\/li>\n<\/ul>\n<p data-start=\"2393\" data-end=\"2553\"><strong data-start=\"2393\" data-end=\"2421\"><img decoding=\"async\" class=\"emoji\" role=\"img\" draggable=\"false\" src=\"https:\/\/s.w.org\/images\/core\/emoji\/16.0.1\/svg\/1f539.svg\" alt=\"\ud83d\udd39\" \/>\u00a0Kuinka huollan Hylan?\u00a0<\/strong><br data-start=\"2421\" data-end=\"2424\" \/>K\u00e4yt\u00f6n j\u00e4lkeen riitt\u00e4\u00e4, ett\u00e4 kaadat vesis\u00e4ili\u00f6n tyhj\u00e4ksi ja huuhtelet sen.<\/p>\n<p data-start=\"2393\" data-end=\"2553\"><strong data-start=\"2393\" data-end=\"2421\"><img decoding=\"async\" class=\"emoji\" role=\"img\" draggable=\"false\" src=\"https:\/\/s.w.org\/images\/core\/emoji\/16.0.1\/svg\/1f539.svg\" alt=\"\ud83d\udd39\" \/>\u00a0Mit\u00e4 tarkoittaa Hylan huoltovapaa?<\/strong><\/p>\n<p data-start=\"123\" data-end=\"510\"><strong data-start=\"123\" data-end=\"146\">Hyla on huoltovapaa<\/strong>, koska laitteessa ei ole p\u00f6lypusseja, vaihdettavia suodattimia tai osia, joita pit\u00e4isi s\u00e4\u00e4nn\u00f6llisesti vaihtaa. Laitteen syd\u00e4n on vesisuodatus: p\u00f6ly, lika ja allergeenit sitoutuvat suoraan veteen, joka vain kaadetaan pois k\u00e4yt\u00f6n j\u00e4lkeen. K\u00e4yt\u00e4nn\u00f6ss\u00e4 huolto tarkoittaa vain vesis\u00e4ili\u00f6n tyhjent\u00e4mist\u00e4 ja huuhtelua \u2013 mit\u00e4\u00e4n muuta s\u00e4\u00e4nn\u00f6llist\u00e4 huoltotarvetta ei ole.<\/p>\n<p data-start=\"512\" data-end=\"629\">Hyla on suunniteltu kest\u00e4m\u00e4\u00e4n vuosia ilman varaosien jatkuvaa vaihtamista, joten se s\u00e4\u00e4st\u00e4\u00e4 aikaa, vaivaa ja rahaa.<\/p>\n<p data-start=\"2555\" data-end=\"2701\"><strong data-start=\"2555\" data-end=\"2592\"><img decoding=\"async\" class=\"emoji\" role=\"img\" draggable=\"false\" src=\"https:\/\/s.w.org\/images\/core\/emoji\/16.0.1\/svg\/1f539.svg\" alt=\"\ud83d\udd39\" \/>\u00a0Kuinka paljon vett\u00e4 tarvitaan?<\/strong><br data-start=\"2592\" data-end=\"2595\" \/>4 litran vesis\u00e4ili\u00f6 t\u00e4ytet\u00e4\u00e4n kylm\u00e4ll\u00e4 vedell\u00e4 merkkiin saakka. T\u00e4m\u00e4 riitt\u00e4\u00e4 yhden siivouskerran ajaksi.<\/p>\n<p data-start=\"2703\" data-end=\"2908\"><strong data-start=\"2703\" data-end=\"2749\"><img decoding=\"async\" class=\"emoji\" role=\"img\" draggable=\"false\" src=\"https:\/\/s.w.org\/images\/core\/emoji\/16.0.1\/svg\/1f539.svg\" alt=\"\ud83d\udd39\" \/>\u00a0Millainen tunne j\u00e4\u00e4 siivouksen j\u00e4lkeen?<\/strong><br data-start=\"2749\" data-end=\"2752\" \/>Asiakkaat kuvaavat, ett\u00e4 koti tuntuu raikkaalta ja ilma samalta kuin sateen j\u00e4lkeen ulkona \u2013 kevytt\u00e4 hengitt\u00e4\u00e4, hajut poissa ja kodin yleisilme puhtaampi.<\/p>\n<hr data-start=\"1999\" data-end=\"2002\" \/>\n<h2 data-start=\"2004\" data-end=\"2031\">Mit\u00e4\u00a0Hyla EST paketti sis\u00e4lt\u00e4\u00e4:<\/h2>\n<p data-start=\"2032\" data-end=\"2167\">HYLA EST paketti \u2013 v\u00e4ri mustana \u2013 sis\u00e4lt\u00e4\u00e4 kaiken, mit\u00e4 tarvitset kodin ilman ja pintojen tehokkaaseen puhdistukseen:<\/p>\n<ul>\n<li data-start=\"1654\" data-end=\"1711\">V\u00e4ri musta, Hyla EST -ilman- ja huonepuhdistusj\u00e4rjestelm\u00e4<\/li>\n<li data-start=\"1714\" data-end=\"1739\">S\u00e4hk\u00f6moottoriharjasetti<\/li>\n<li data-start=\"1742\" data-end=\"1793\">Kest\u00e4v\u00e4t letku, putket ja monipuoliset suulakkeet<\/li>\n<li data-start=\"1796\" data-end=\"1819\">K\u00e4ytt\u00f6ohjeet ja takuun<\/li>\n<li data-start=\"1822\" data-end=\"1841\">Ilmainen kuljetus<\/li>\n<\/ul>\n<p>Lis\u00e4varusteena on saatavana m\u00e4rk\u00e4pesurisetti, jolloin esim. tahrojen, lattioiden, mattojen puhdistaminen on viel\u00e4kin tehokkaampaa.<\/p>\n<h2 data-start=\"2915\" data-end=\"2934\"><strong data-start=\"2918\" data-end=\"2932\">Yhteenveto toiminnot<\/strong><\/h2>\n<p>\u2705 Huoltovapaa, ikuinen varaosatakuu \u2705Normaali siivous ja pintojen puhdistus, \u2705 Kuiva imurointi \u2705 M\u00e4rk\u00e4imurointi \u2705 Puhallustoiminto \u2705 Ilmanpesu\/ ilmanraikastus, \u2705 S\u00e4hk\u00f6moottoriharjalla syv\u00e4puhdistus, \u2705 M\u00e4rk\u00e4pesurilla m\u00e4rk\u00e4puhdistaminen,<\/p>\n<p><strong>Tekniset tiedot<\/strong><\/p>\n<ul>\n<li>J\u00e4nnite: 220-240 V, 50\/60 Hz,<\/li>\n<li>Teho: 200 W \u2013 ilmanpesutoiminto, 730 W \u2013 pintojen puhdistustoiminto, S\u00e4hk\u00f6moottoriharja (EBK) 150 ,<\/li>\n<li>Max. ilman l\u00e4pivirtaus 2,5 m3\/min,<\/li>\n<li>Vesis\u00e4ili\u00f6n vetoisuus 4 l, (merkki viivaan asti),<\/li>\n<li>\u00c4\u00e4nitaso 75-78 dB<\/li>\n<\/ul>\n<h2 data-start=\"2915\" data-end=\"2934\"><strong data-start=\"2918\" data-end=\"2932\">Yhteenveto<\/strong><\/h2>\n<ul>\n<li data-start=\"2936\" data-end=\"3237\">Monitoiminen laite: imuri ja ilmanpuhdistin samassa<\/li>\n<li data-start=\"2936\" data-end=\"3237\">4 litran vesis\u00e4ili\u00f6 sitoo p\u00f6lyn, allergeenit ja hajut tehokkaasti<\/li>\n<li data-start=\"2936\" data-end=\"3237\">Raikastaa ja kosteuttaa huoneilmaa luonnollisesti<\/li>\n<li data-start=\"2936\" data-end=\"3237\">Ei p\u00f6lypusseja, ei suodattimia \u2013 helppo ja huoltovapaa<\/li>\n<li data-start=\"2936\" data-end=\"3237\">Sis\u00e4lt\u00e4\u00e4 t\u00e4ydellisen paketin jokap\u00e4iv\u00e4iseen siivoukseen ja syv\u00e4puhdistamiseen<\/li>\n<\/ul>\n<h5 data-start=\"4289\" data-end=\"4347\"><a href=\"https:\/\/hylajams.fi\/?page_id=7252\"><strong>HYLA EST TUOTTEET<\/strong><\/a><\/h5>\n<h5><strong><a href=\"https:\/\/www.hyla.com\/products\/products\"><span dir=\"auto\">HYLA INTERNATIONAL<\/span><\/a><\/strong><\/h5>\n","protected":false},"excerpt":{"rendered":"<h5>Hyla EST -kodinpuhdistuspaketti puhdistaa kodin ilman ja pinnat veden avulla \u2013 ilman p\u00f6lypusseja.<\/h5>\n<p>Mukana yleislattiaharja, useita suulakkeita ja tehokas s\u00e4hk\u00f6moottoriharja kaukos\u00e4\u00e4timell\u00e4. Raikkaampi sis\u00e4ilma ja puhtaampi koti jokaisella siivouksella.<\/p>\n<p><span style=\"color: #0000ff;\"><strong>\ud83d\udc49 &#8221;Lis\u00e4\u00e4 ostoskoriin&#8221;<\/strong><\/span>\u00a0<strong data-start=\"500\" data-end=\"604\">Hyla EST -paketti s\u00e4hk\u00f6moottoriharjalla ostoskoriin nyt ja koe aidosti raikkaampi koti jo t\u00e4n\u00e4\u00e4n.<\/strong><\/p>\n<p>&nbsp;<\/p>\n","protected":false},"featured_media":10835,"template":"","meta":[],"product_brand":[],"product_cat":[773,1110,1025],"product_tag":[1784,1783,1627,1782,1754,1785,1786],"class_list":{"0":"post-6632","1":"product","2":"type-product","3":"status-publish","4":"has-post-thumbnail","6":"product_cat-hyla-est","7":"product_cat-hyla-est-konepaketit","8":"product_cat-hyla-est-paketit-valitse-omasi","9":"product_tag-est-kodinpuhdistus-setti","10":"product_tag-hyla-est-kodinpuhdistuspaketti","11":"product_tag-hyla-est-sahkomoottoriharja","12":"product_tag-hyla-est-setti","13":"product_tag-hyla-lisaosa","14":"product_tag-kodinpuhdistuspaketti-est","15":"product_tag-sahkomoottoriharja-setti","16":"product_shipping_class-maksuton-toimitus","17":"_wholesalex wsx-wholesalex-product","19":"first","20":"instock","21":"featured","22":"shipping-taxable","23":"purchasable","24":"product-type-simple"},"yoast_head":"<!-- This site is optimized with the Yoast SEO plugin v27.3 - https:\/\/yoast.com\/product\/yoast-seo-wordpress\/ -->\n<title>HYLA EST Kodinpuhdistuspaketti s\u00e4hk\u00f6moottoriharjan kanssa<\/title>\n<meta name=\"description\" content=\"Hyla EST puhdistaa kodin ilman ja pinnat veden avulla. Peruspaketti sis\u00e4lt\u00e4\u00e4 lattiaharjan ja suulakkeet, mukana my\u00f6s s\u00e4hk\u00f6moottoriharja!\" \/>\n<meta name=\"robots\" content=\"index, follow, max-snippet:-1, max-image-preview:large, max-video-preview:-1\" \/>\n<link rel=\"canonical\" href=\"https:\/\/hylajams.fi\/?product=hyla-est-paketti\" \/>\n<meta property=\"og:locale\" content=\"fi_FI\" \/>\n<meta property=\"og:type\" content=\"article\" \/>\n<meta property=\"og:title\" content=\"HYLA EST Kodinpuhdistuspaketti s\u00e4hk\u00f6moottoriharjan kanssa\" \/>\n<meta property=\"og:description\" content=\"Hyla EST puhdistaa kodin ilman ja pinnat veden avulla. Peruspaketti sis\u00e4lt\u00e4\u00e4 lattiaharjan ja suulakkeet, mukana my\u00f6s s\u00e4hk\u00f6moottoriharja!\" \/>\n<meta property=\"og:url\" content=\"https:\/\/hylajams.fi\/?product=hyla-est-paketti\" \/>\n<meta property=\"og:site_name\" content=\"Hyla Jams Verkkokauppa\" \/>\n<meta property=\"article:modified_time\" content=\"2026-03-17T18:30:40+00:00\" \/>\n<meta property=\"og:image\" content=\"https:\/\/hylajams.fi\/wp-content\/uploads\/2024\/01\/Puhdas-ilma-alkaa-taalta2.jpg\" \/>\n\t<meta property=\"og:image:width\" content=\"593\" \/>\n\t<meta property=\"og:image:height\" content=\"450\" \/>\n\t<meta property=\"og:image:type\" content=\"image\/jpeg\" \/>\n<meta name=\"twitter:card\" content=\"summary_large_image\" \/>\n<meta name=\"twitter:label1\" content=\"Arvioitu lukuaika\" \/>\n\t<meta name=\"twitter:data1\" content=\"6 minuuttia\" \/>\n<script type=\"application\/ld+json\" class=\"yoast-schema-graph\">{\"@context\":\"https:\\\/\\\/schema.org\",\"@graph\":[{\"@type\":\"WebPage\",\"@id\":\"https:\\\/\\\/hylajams.fi\\\/?product=hyla-est-paketti\",\"url\":\"https:\\\/\\\/hylajams.fi\\\/?product=hyla-est-paketti\",\"name\":\"HYLA EST Kodinpuhdistuspaketti s\u00e4hk\u00f6moottoriharjan kanssa\",\"isPartOf\":{\"@id\":\"https:\\\/\\\/hylajams.fi\\\/#website\"},\"primaryImageOfPage\":{\"@id\":\"https:\\\/\\\/hylajams.fi\\\/?product=hyla-est-paketti#primaryimage\"},\"image\":{\"@id\":\"https:\\\/\\\/hylajams.fi\\\/?product=hyla-est-paketti#primaryimage\"},\"thumbnailUrl\":\"https:\\\/\\\/hylajams.fi\\\/wp-content\\\/uploads\\\/2024\\\/01\\\/Puhdas-ilma-alkaa-taalta2.jpg\",\"datePublished\":\"2024-01-06T15:34:14+00:00\",\"dateModified\":\"2026-03-17T18:30:40+00:00\",\"description\":\"Hyla EST puhdistaa kodin ilman ja pinnat veden avulla. Peruspaketti sis\u00e4lt\u00e4\u00e4 lattiaharjan ja suulakkeet, mukana my\u00f6s s\u00e4hk\u00f6moottoriharja!\",\"breadcrumb\":{\"@id\":\"https:\\\/\\\/hylajams.fi\\\/?product=hyla-est-paketti#breadcrumb\"},\"inLanguage\":\"fi\",\"potentialAction\":[{\"@type\":\"ReadAction\",\"target\":[\"https:\\\/\\\/hylajams.fi\\\/?product=hyla-est-paketti\"]}]},{\"@type\":\"ImageObject\",\"inLanguage\":\"fi\",\"@id\":\"https:\\\/\\\/hylajams.fi\\\/?product=hyla-est-paketti#primaryimage\",\"url\":\"https:\\\/\\\/hylajams.fi\\\/wp-content\\\/uploads\\\/2024\\\/01\\\/Puhdas-ilma-alkaa-taalta2.jpg\",\"contentUrl\":\"https:\\\/\\\/hylajams.fi\\\/wp-content\\\/uploads\\\/2024\\\/01\\\/Puhdas-ilma-alkaa-taalta2.jpg\",\"width\":593,\"height\":450,\"caption\":\"Puhdas ilma alkaa t\u00e4\u00e4lt\u00e4 \u2013 Ymm\u00e4rr\u00e4 kodin ilmanlaadun ongelmat - 2\"},{\"@type\":\"BreadcrumbList\",\"@id\":\"https:\\\/\\\/hylajams.fi\\\/?product=hyla-est-paketti#breadcrumb\",\"itemListElement\":[{\"@type\":\"ListItem\",\"position\":1,\"name\":\"Etusivu\",\"item\":\"https:\\\/\\\/hylajams.fi\\\/\"},{\"@type\":\"ListItem\",\"position\":2,\"name\":\"VERKKOKAUPPA\",\"item\":\"https:\\\/\\\/hylajams.fi\\\/?page_id=9\"},{\"@type\":\"ListItem\",\"position\":3,\"name\":\"40200 HYLA EST Kodinpuhdistus paketti s\u00e4hk\u00f6moottoriharjan kanssa\"}]},{\"@type\":\"WebSite\",\"@id\":\"https:\\\/\\\/hylajams.fi\\\/#website\",\"url\":\"https:\\\/\\\/hylajams.fi\\\/\",\"name\":\"Hyla Jams Verkkokauppa\",\"description\":\"Hyla ilman- ja huoneen puhdistusj\u00e4rjestelm\u00e4 Suomessa\",\"publisher\":{\"@id\":\"https:\\\/\\\/hylajams.fi\\\/#organization\"},\"potentialAction\":[{\"@type\":\"SearchAction\",\"target\":{\"@type\":\"EntryPoint\",\"urlTemplate\":\"https:\\\/\\\/hylajams.fi\\\/?s={search_term_string}\"},\"query-input\":{\"@type\":\"PropertyValueSpecification\",\"valueRequired\":true,\"valueName\":\"search_term_string\"}}],\"inLanguage\":\"fi\"},{\"@type\":\"Organization\",\"@id\":\"https:\\\/\\\/hylajams.fi\\\/#organization\",\"name\":\"Hyla Jams Verkkokauppa\",\"url\":\"https:\\\/\\\/hylajams.fi\\\/\",\"logo\":{\"@type\":\"ImageObject\",\"inLanguage\":\"fi\",\"@id\":\"https:\\\/\\\/hylajams.fi\\\/#\\\/schema\\\/logo\\\/image\\\/\",\"url\":\"https:\\\/\\\/hylajams.fi\\\/wp-content\\\/uploads\\\/2025\\\/02\\\/Logo-1-2.jpg\",\"contentUrl\":\"https:\\\/\\\/hylajams.fi\\\/wp-content\\\/uploads\\\/2025\\\/02\\\/Logo-1-2.jpg\",\"width\":500,\"height\":500,\"caption\":\"Hyla Jams Verkkokauppa\"},\"image\":{\"@id\":\"https:\\\/\\\/hylajams.fi\\\/#\\\/schema\\\/logo\\\/image\\\/\"},\"sameAs\":[\"https:\\\/\\\/www.instagram.com\\\/hylasiivous\\\/\"]}]}<\/script>\n<!-- \/ Yoast SEO plugin. -->","yoast_head_json":{"title":"HYLA EST Kodinpuhdistuspaketti s\u00e4hk\u00f6moottoriharjan kanssa","description":"Hyla EST puhdistaa kodin ilman ja pinnat veden avulla. Peruspaketti sis\u00e4lt\u00e4\u00e4 lattiaharjan ja suulakkeet, mukana my\u00f6s s\u00e4hk\u00f6moottoriharja!","robots":{"index":"index","follow":"follow","max-snippet":"max-snippet:-1","max-image-preview":"max-image-preview:large","max-video-preview":"max-video-preview:-1"},"canonical":"https:\/\/hylajams.fi\/?product=hyla-est-paketti","og_locale":"fi_FI","og_type":"article","og_title":"HYLA EST Kodinpuhdistuspaketti s\u00e4hk\u00f6moottoriharjan kanssa","og_description":"Hyla EST puhdistaa kodin ilman ja pinnat veden avulla. Peruspaketti sis\u00e4lt\u00e4\u00e4 lattiaharjan ja suulakkeet, mukana my\u00f6s s\u00e4hk\u00f6moottoriharja!","og_url":"https:\/\/hylajams.fi\/?product=hyla-est-paketti","og_site_name":"Hyla Jams Verkkokauppa","article_modified_time":"2026-03-17T18:30:40+00:00","og_image":[{"width":593,"height":450,"url":"https:\/\/hylajams.fi\/wp-content\/uploads\/2024\/01\/Puhdas-ilma-alkaa-taalta2.jpg","type":"image\/jpeg"}],"twitter_card":"summary_large_image","twitter_misc":{"Arvioitu lukuaika":"6 minuuttia"},"schema":{"@context":"https:\/\/schema.org","@graph":[{"@type":"WebPage","@id":"https:\/\/hylajams.fi\/?product=hyla-est-paketti","url":"https:\/\/hylajams.fi\/?product=hyla-est-paketti","name":"HYLA EST Kodinpuhdistuspaketti s\u00e4hk\u00f6moottoriharjan kanssa","isPartOf":{"@id":"https:\/\/hylajams.fi\/#website"},"primaryImageOfPage":{"@id":"https:\/\/hylajams.fi\/?product=hyla-est-paketti#primaryimage"},"image":{"@id":"https:\/\/hylajams.fi\/?product=hyla-est-paketti#primaryimage"},"thumbnailUrl":"https:\/\/hylajams.fi\/wp-content\/uploads\/2024\/01\/Puhdas-ilma-alkaa-taalta2.jpg","datePublished":"2024-01-06T15:34:14+00:00","dateModified":"2026-03-17T18:30:40+00:00","description":"Hyla EST puhdistaa kodin ilman ja pinnat veden avulla. Peruspaketti sis\u00e4lt\u00e4\u00e4 lattiaharjan ja suulakkeet, mukana my\u00f6s s\u00e4hk\u00f6moottoriharja!","breadcrumb":{"@id":"https:\/\/hylajams.fi\/?product=hyla-est-paketti#breadcrumb"},"inLanguage":"fi","potentialAction":[{"@type":"ReadAction","target":["https:\/\/hylajams.fi\/?product=hyla-est-paketti"]}]},{"@type":"ImageObject","inLanguage":"fi","@id":"https:\/\/hylajams.fi\/?product=hyla-est-paketti#primaryimage","url":"https:\/\/hylajams.fi\/wp-content\/uploads\/2024\/01\/Puhdas-ilma-alkaa-taalta2.jpg","contentUrl":"https:\/\/hylajams.fi\/wp-content\/uploads\/2024\/01\/Puhdas-ilma-alkaa-taalta2.jpg","width":593,"height":450,"caption":"Puhdas ilma alkaa t\u00e4\u00e4lt\u00e4 \u2013 Ymm\u00e4rr\u00e4 kodin ilmanlaadun ongelmat - 2"},{"@type":"BreadcrumbList","@id":"https:\/\/hylajams.fi\/?product=hyla-est-paketti#breadcrumb","itemListElement":[{"@type":"ListItem","position":1,"name":"Etusivu","item":"https:\/\/hylajams.fi\/"},{"@type":"ListItem","position":2,"name":"VERKKOKAUPPA","item":"https:\/\/hylajams.fi\/?page_id=9"},{"@type":"ListItem","position":3,"name":"40200 HYLA EST Kodinpuhdistus paketti s\u00e4hk\u00f6moottoriharjan kanssa"}]},{"@type":"WebSite","@id":"https:\/\/hylajams.fi\/#website","url":"https:\/\/hylajams.fi\/","name":"Hyla Jams Verkkokauppa","description":"Hyla ilman- ja huoneen puhdistusj\u00e4rjestelm\u00e4 Suomessa","publisher":{"@id":"https:\/\/hylajams.fi\/#organization"},"potentialAction":[{"@type":"SearchAction","target":{"@type":"EntryPoint","urlTemplate":"https:\/\/hylajams.fi\/?s={search_term_string}"},"query-input":{"@type":"PropertyValueSpecification","valueRequired":true,"valueName":"search_term_string"}}],"inLanguage":"fi"},{"@type":"Organization","@id":"https:\/\/hylajams.fi\/#organization","name":"Hyla Jams Verkkokauppa","url":"https:\/\/hylajams.fi\/","logo":{"@type":"ImageObject","inLanguage":"fi","@id":"https:\/\/hylajams.fi\/#\/schema\/logo\/image\/","url":"https:\/\/hylajams.fi\/wp-content\/uploads\/2025\/02\/Logo-1-2.jpg","contentUrl":"https:\/\/hylajams.fi\/wp-content\/uploads\/2025\/02\/Logo-1-2.jpg","width":500,"height":500,"caption":"Hyla Jams Verkkokauppa"},"image":{"@id":"https:\/\/hylajams.fi\/#\/schema\/logo\/image\/"},"sameAs":["https:\/\/www.instagram.com\/hylasiivous\/"]}]}},"_links":{"self":[{"href":"https:\/\/hylajams.fi\/index.php?rest_route=\/wp\/v2\/product\/6632","targetHints":{"allow":["GET"]}}],"collection":[{"href":"https:\/\/hylajams.fi\/index.php?rest_route=\/wp\/v2\/product"}],"about":[{"href":"https:\/\/hylajams.fi\/index.php?rest_route=\/wp\/v2\/types\/product"}],"version-history":[{"count":42,"href":"https:\/\/hylajams.fi\/index.php?rest_route=\/wp\/v2\/product\/6632\/revisions"}],"predecessor-version":[{"id":11343,"href":"https:\/\/hylajams.fi\/index.php?rest_route=\/wp\/v2\/product\/6632\/revisions\/11343"}],"wp:featuredmedia":[{"embeddable":true,"href":"https:\/\/hylajams.fi\/index.php?rest_route=\/wp\/v2\/media\/10835"}],"wp:attachment":[{"href":"https:\/\/hylajams.fi\/index.php?rest_route=%2Fwp%2Fv2%2Fmedia&parent=6632"}],"wp:term":[{"taxonomy":"product_brand","embeddable":true,"href":"https:\/\/hylajams.fi\/index.php?rest_route=%2Fwp%2Fv2%2Fproduct_brand&post=6632"},{"taxonomy":"product_cat","embeddable":true,"href":"https:\/\/hylajams.fi\/index.php?rest_route=%2Fwp%2Fv2%2Fproduct_cat&post=6632"},{"taxonomy":"product_tag","embeddable":true,"href":"https:\/\/hylajams.fi\/index.php?rest_route=%2Fwp%2Fv2%2Fproduct_tag&post=6632"}],"curies":[{"name":"wp","href":"https:\/\/api.w.org\/{rel}","templated":true}]}}