{"id":6008,"date":"2023-10-24T21:30:26","date_gmt":"2023-10-24T18:30:26","guid":{"rendered":"https:\/\/hylajams.fi\/?post_type=product&#038;p=6008"},"modified":"2026-02-27T15:19:14","modified_gmt":"2026-02-27T13:19:14","slug":"natural-care-kasivoide-mintun-tuoksu","status":"publish","type":"product","link":"https:\/\/hylajams.fi\/?product=natural-care-kasivoide-mintun-tuoksu","title":{"rendered":"21265 Natural Care k\u00e4sivoide mintun tuoksu"},"content":{"rendered":"<p>Natural Care k\u00e4sivoide mintun tuoksu<\/p>\n<p><strong>Natural Care sarjan k\u00e4sivoide\u00a0 &#8211; Uusi taskukokoinen mintuntuoksuinen k\u00e4sivoide \u2013 Desinfioiva ja Kosteuttava<\/strong><\/p>\n<p>Uusi mintuntuoksuinen k\u00e4sivoide desinfioi ja kosteuttaa k\u00e4det tehokkaasti. Raikas mintun tuoksu j\u00e4\u00e4 hetkeksi virkist\u00e4m\u00e4\u00e4n ja raikastamaan ihon pintaa, jonka vuoksi k\u00e4sien verenkierto alkaa vilkastumaan. Nopeasti imeytyv\u00e4 koostumus j\u00e4tt\u00e4\u00e4 ihon pehme\u00e4ksi ja miellytt\u00e4v\u00e4n tuntuiseksi. Voide suojaa k\u00e4si\u00e4 bakteereilta ja ymp\u00e4rist\u00f6n haitallisilta aineilta. Ota se aina mukaasi k\u00e4sien puhdistamiseen, virkist\u00e4miseen, kosteuttamiseen ja tuoksumiseen!<\/p>\n<p>K\u00e4sien iho altistuu jatkuvasti ulkoisille tekij\u00f6ille, joten se tarvitsee erityist\u00e4 hoitoa ja suojaa. Natural Care -sarjaan kuuluva k\u00e4sivoide hoitaa kuivaa ja stressaantunutta ihoa, samalla desinfioiden sen v\u00e4litt\u00f6m\u00e4sti. Voide on ihanteellinen my\u00f6s ik\u00e4\u00e4ntymisen merkkien torjuntaan, tarjoten pitk\u00e4kestoista suojaa ja raikkautta.<\/p>\n<p>Yksi pisara <strong>Natural Care k\u00e4sivoide mintun tuoksu,<\/strong>\u00a0riitt\u00e4\u00e4 tuomaan k\u00e4sille raikkauden ja luonnollisen suojan. K\u00e4sivoide sis\u00e4lt\u00e4\u00e4 100 % luonnollisia ainesosia, kuten aloe veraa, oliivi\u00f6ljy\u00e4, sheavoita, jojoba\u00f6ljy\u00e4, granaattiomenaa, kamomillaa ja keh\u00e4kukkaa, jotka hoitavat ja ravitsevat ihoa. Villifenkoli ja piikik\u00e4s p\u00e4\u00e4ryn\u00e4 toimivat luonnollisina suoja-aineina, jotka est\u00e4v\u00e4t haitallisten aineiden vaikutuksia.<\/p>\n<p><strong>T\u00e4ysin Luonnonmukainen ja Alkoholiton<\/strong><\/p>\n<p>HYLA desinfioiva voide on suunniteltu pit\u00e4m\u00e4\u00e4n huolta k\u00e4sist\u00e4si ja suojaamaan niit\u00e4 ilman huuhtelua. Voiteen raikas tuoksu ja alkoholiton koostumus tekev\u00e4t k\u00e4sist\u00e4si pehme\u00e4t ja miellytt\u00e4v\u00e4n tuntuiset. Kompaktin kokonsa ja tehokkuutensa ansiosta se kulkee k\u00e4tev\u00e4sti mukana, ja sit\u00e4 voi k\u00e4ytt\u00e4\u00e4 milloin tahansa.<\/p>\n<p>Dermatologisesti testattu Natural Care k\u00e4sivoide mintun tuoksu tarjoaa k\u00e4sillesi maksimaalisen luonnollisen puhtauden, hygienian ja kosteutuksen.<\/p>\n<ul>\n<li>K\u00e4sien iho on altistunein ymp\u00e4rist\u00f6lle.<\/li>\n<li>K\u00e4siemme iho tarvitsee erityist\u00e4 hoitoa ja suojaa.<\/li>\n<li>Natural Care tuoteryhm\u00e4\u00e4n kuuluva &#8211; K\u00e4si voide hoitaa kuivaa ja stressaantunutta ihoasi ja desinfioi sen heti.<\/li>\n<li>Ihanteellinen vastaamaan ik\u00e4\u00e4ntymisen merkkej\u00e4.<\/li>\n<li>Uskomaton hygieniasuoja, joka desinfioi k\u00e4det ja suojaa niit\u00e4 tuntikausia!<\/li>\n<li>Yksi tippa antaa k\u00e4dellesi raikkauden ja luonnollisen suojan!<\/li>\n<li>K\u00e4si voide hoitaa ja suojaa k\u00e4si\u00e4si ja ihoasi ravitsemalla niit\u00e4 100-prosenttisesti luonnollisilla aineilla, kuten aloe Veralla (suojaava kosteusvoide), oliivi\u00f6ljyll\u00e4, sheavoilla, jojoba\u00f6ljyll\u00e4 (rakenneuudistus- ja joustavuusravinne), granaattiomena, kamomilla ja kalenterilla (rauhoittava ja virkist\u00e4v\u00e4) ), Villi fenkoli ja piikik\u00e4s p\u00e4\u00e4ryn\u00e4 (pilaantumisen esto).<\/li>\n<li>100% luonnon tuote<\/li>\n<\/ul>\n<p><strong>Sis\u00e4lt\u00e4\u00e4: 50 ml<\/strong>.<\/p>\n<h3 data-start=\"805\" data-end=\"843\"><strong data-start=\"809\" data-end=\"841\">Miksi valita HYLA k\u00e4sivoide?<\/strong><\/h3>\n<ul>\n<li data-start=\"846\" data-end=\"932\"><strong data-start=\"846\" data-end=\"870\">Desinfioiva vaikutus<\/strong> \u2013 suojaa k\u00e4si\u00e4 bakteereilta ja ulkoisilta haittatekij\u00f6ilt\u00e4.<\/li>\n<li data-start=\"935\" data-end=\"1020\"><strong data-start=\"935\" data-end=\"964\">Syv\u00e4kosteuttava koostumus<\/strong> \u2013 luonnolliset \u00f6ljyt ja kasviuutteet ravitsevat ihoa.<\/li>\n<li data-start=\"1023\" data-end=\"1092\"><strong data-start=\"1023\" data-end=\"1047\">Raikas mintun tuoksu<\/strong> \u2013 virkist\u00e4\u00e4 ja elvytt\u00e4\u00e4 pintaverenkiertoa.<\/li>\n<li data-start=\"1095\" data-end=\"1180\"><strong data-start=\"1095\" data-end=\"1116\">Nopeasti imeytyv\u00e4<\/strong> \u2013 ei j\u00e4t\u00e4 ihoa tahmeaksi, vaan tekee siit\u00e4 silkkisen pehme\u00e4n.<\/li>\n<li data-start=\"1183\" data-end=\"1252\"><strong data-start=\"1183\" data-end=\"1214\">Alkoholiton ja luonnollinen<\/strong> \u2013 hell\u00e4varainen herk\u00e4llekin iholle.<\/li>\n<\/ul>\n<h3 data-start=\"1696\" data-end=\"1729\"><strong data-start=\"1700\" data-end=\"1727\">Helppo kuljettaa mukana<\/strong><\/h3>\n<p data-start=\"1730\" data-end=\"1917\">50 ml pakkaus on t\u00e4ydellinen k\u00e4silaukkuun, reppuun tai taskuun. K\u00e4sivoide on suunniteltu k\u00e4ytett\u00e4v\u00e4ksi milloin ja miss\u00e4 tahansa \u2013 aina kun tarvitset raikasta suojaa ja hoivaa k\u00e4sillesi.<\/p>\n<h3 data-start=\"1254\" data-end=\"1305\"><strong data-start=\"1258\" data-end=\"1303\">Luonnolliset ainesosat ihon hyvinvointiin<\/strong><\/h3>\n<p data-start=\"1306\" data-end=\"1368\">Voide sis\u00e4lt\u00e4\u00e4 100 % luonnollisia ja hoitavia raaka-aineita:<\/p>\n<ul>\n<li data-start=\"1371\" data-end=\"1409\"><strong data-start=\"1371\" data-end=\"1384\">Aloe vera<\/strong> \u2013 kosteuttaa ja suojaa<\/li>\n<li data-start=\"1412\" data-end=\"1479\"><strong data-start=\"1412\" data-end=\"1439\">Oliivi\u00f6ljy &amp; jojoba\u00f6ljy<\/strong> \u2013 ravitsevat ja lis\u00e4\u00e4v\u00e4t joustavuutta<\/li>\n<li data-start=\"1482\" data-end=\"1524\"><strong data-start=\"1482\" data-end=\"1493\">Sheavoi<\/strong> \u2013 pehment\u00e4\u00e4 ja uudistaa ihoa<\/li>\n<li data-start=\"1527\" data-end=\"1601\"><strong data-start=\"1527\" data-end=\"1569\">Granaattiomena, kamomilla ja keh\u00e4kukka<\/strong> \u2013 rauhoittavat ja virkist\u00e4v\u00e4t<\/li>\n<li data-start=\"1604\" data-end=\"1694\"><strong data-start=\"1604\" data-end=\"1639\">Villifenkoli &amp; piikik\u00e4s p\u00e4\u00e4ryn\u00e4<\/strong> \u2013 luonnollinen suoja haitallisia vaikutuksia vastaan<\/li>\n<\/ul>\n<p><a href=\"https:\/\/hylajams.fi\/?product_cat=natural-care-tuoksut\"><strong>Natural Care tuotteet verkkokaupassa<\/strong><\/a><\/p>\n<p><a href=\"https:\/\/www.hyla-naturalcare.com\/en\/\"><strong><span dir=\"auto\" style=\"vertical-align: inherit;\"><span dir=\"auto\" style=\"vertical-align: inherit;\">Hyla Natural Care<\/span><\/span><\/strong><\/a><\/p>\n","protected":false},"excerpt":{"rendered":"<p><strong>Natural Care k\u00e4sivoide mintun tuoksu &#8211; Uusi taskukokoinen mintuntuoksuinen k\u00e4sivoide<\/strong><\/p>\n<p><strong>Natural Care k\u00e4sivoide, 50 ml \u2013 raikkaan mintuntuoksuinen voide<\/strong>, joka desinfioi, kosteuttaa ja suojaa k\u00e4si\u00e4 luonnollisesti. T\u00e4ysin alkoholiton ja dermatologisesti testattu koostumus tekee ihosta pehme\u00e4n ja hyvinvoivan.<\/p>\n<p>&nbsp;<\/p>\n","protected":false},"featured_media":6015,"template":"","meta":[],"product_brand":[],"product_cat":[1038,991,1039],"product_tag":[339,925,359,924,1285,928,927],"class_list":{"0":"post-6008","1":"product","2":"type-product","3":"status-publish","4":"has-post-thumbnail","6":"product_cat-henkilokohtainen-hygienia","7":"product_cat-natural-care-luonnonkosmetiikkaa-koko-perheelle","8":"product_cat-natural-care-tuotteet","9":"product_tag-kasivoide","10":"product_tag-kosteuttava","11":"product_tag-luonnollinen","12":"product_tag-mintun-tuoksu","13":"product_tag-natural-care-kasivoide-mintun-tuoksu","14":"product_tag-pehmentava","15":"product_tag-raikastava","16":"product_shipping_class-posti-s-paketti-11x32x3-cm-35-kg","17":"_wholesalex wsx-wholesalex-product","19":"first","20":"instock","21":"featured","22":"shipping-taxable","23":"purchasable","24":"product-type-simple"},"yoast_head":"<!-- This site is optimized with the Yoast SEO plugin v27.3 - https:\/\/yoast.com\/product\/yoast-seo-wordpress\/ -->\n<title>Natural Care k\u00e4sivoide mintun tuoksu - suoraan pellolta tuotteeksi<\/title>\n<meta name=\"description\" content=\"Natural Care k\u00e4sivoide mintun tuoksu - Mintuntuoksuinen, alkoholiton ja dermatologisesti testattu voide tekee ihosta pehme\u00e4n ja raikkaan.\" \/>\n<meta name=\"robots\" content=\"index, follow, max-snippet:-1, max-image-preview:large, max-video-preview:-1\" \/>\n<link rel=\"canonical\" href=\"https:\/\/hylajams.fi\/?product=natural-care-kasivoide-mintun-tuoksu\" \/>\n<meta property=\"og:locale\" content=\"fi_FI\" \/>\n<meta property=\"og:type\" content=\"article\" \/>\n<meta property=\"og:title\" content=\"Natural Care k\u00e4sivoide mintun tuoksu - suoraan pellolta tuotteeksi\" \/>\n<meta property=\"og:description\" content=\"Natural Care k\u00e4sivoide mintun tuoksu - Mintuntuoksuinen, alkoholiton ja dermatologisesti testattu voide tekee ihosta pehme\u00e4n ja raikkaan.\" \/>\n<meta property=\"og:url\" content=\"https:\/\/hylajams.fi\/?product=natural-care-kasivoide-mintun-tuoksu\" \/>\n<meta property=\"og:site_name\" content=\"Hyla Jams Verkkokauppa\" \/>\n<meta property=\"article:modified_time\" content=\"2026-02-27T13:19:14+00:00\" \/>\n<meta property=\"og:image\" content=\"https:\/\/hylajams.fi\/wp-content\/uploads\/2023\/10\/21265-Hyla315.jpg\" \/>\n\t<meta property=\"og:image:width\" content=\"360\" \/>\n\t<meta property=\"og:image:height\" content=\"360\" \/>\n\t<meta property=\"og:image:type\" content=\"image\/jpeg\" \/>\n<meta name=\"twitter:card\" content=\"summary_large_image\" \/>\n<meta name=\"twitter:label1\" content=\"Arvioitu lukuaika\" \/>\n\t<meta name=\"twitter:data1\" content=\"3 minuuttia\" \/>\n<script type=\"application\/ld+json\" class=\"yoast-schema-graph\">{\"@context\":\"https:\\\/\\\/schema.org\",\"@graph\":[{\"@type\":\"WebPage\",\"@id\":\"https:\\\/\\\/hylajams.fi\\\/?product=natural-care-kasivoide-mintun-tuoksu\",\"url\":\"https:\\\/\\\/hylajams.fi\\\/?product=natural-care-kasivoide-mintun-tuoksu\",\"name\":\"Natural Care k\u00e4sivoide mintun tuoksu - suoraan pellolta tuotteeksi\",\"isPartOf\":{\"@id\":\"https:\\\/\\\/hylajams.fi\\\/#website\"},\"primaryImageOfPage\":{\"@id\":\"https:\\\/\\\/hylajams.fi\\\/?product=natural-care-kasivoide-mintun-tuoksu#primaryimage\"},\"image\":{\"@id\":\"https:\\\/\\\/hylajams.fi\\\/?product=natural-care-kasivoide-mintun-tuoksu#primaryimage\"},\"thumbnailUrl\":\"https:\\\/\\\/hylajams.fi\\\/wp-content\\\/uploads\\\/2023\\\/10\\\/21265-Hyla315.jpg\",\"datePublished\":\"2023-10-24T18:30:26+00:00\",\"dateModified\":\"2026-02-27T13:19:14+00:00\",\"description\":\"Natural Care k\u00e4sivoide mintun tuoksu - Mintuntuoksuinen, alkoholiton ja dermatologisesti testattu voide tekee ihosta pehme\u00e4n ja raikkaan.\",\"breadcrumb\":{\"@id\":\"https:\\\/\\\/hylajams.fi\\\/?product=natural-care-kasivoide-mintun-tuoksu#breadcrumb\"},\"inLanguage\":\"fi\",\"potentialAction\":[{\"@type\":\"ReadAction\",\"target\":[\"https:\\\/\\\/hylajams.fi\\\/?product=natural-care-kasivoide-mintun-tuoksu\"]}]},{\"@type\":\"ImageObject\",\"inLanguage\":\"fi\",\"@id\":\"https:\\\/\\\/hylajams.fi\\\/?product=natural-care-kasivoide-mintun-tuoksu#primaryimage\",\"url\":\"https:\\\/\\\/hylajams.fi\\\/wp-content\\\/uploads\\\/2023\\\/10\\\/21265-Hyla315.jpg\",\"contentUrl\":\"https:\\\/\\\/hylajams.fi\\\/wp-content\\\/uploads\\\/2023\\\/10\\\/21265-Hyla315.jpg\",\"width\":360,\"height\":360,\"caption\":\"Natural Care k\u00e4sivoide mintun tuoksu\"},{\"@type\":\"BreadcrumbList\",\"@id\":\"https:\\\/\\\/hylajams.fi\\\/?product=natural-care-kasivoide-mintun-tuoksu#breadcrumb\",\"itemListElement\":[{\"@type\":\"ListItem\",\"position\":1,\"name\":\"Etusivu\",\"item\":\"https:\\\/\\\/hylajams.fi\\\/\"},{\"@type\":\"ListItem\",\"position\":2,\"name\":\"VERKKOKAUPPA\",\"item\":\"https:\\\/\\\/hylajams.fi\\\/?page_id=9\"},{\"@type\":\"ListItem\",\"position\":3,\"name\":\"21265 Natural Care k\u00e4sivoide mintun tuoksu\"}]},{\"@type\":\"WebSite\",\"@id\":\"https:\\\/\\\/hylajams.fi\\\/#website\",\"url\":\"https:\\\/\\\/hylajams.fi\\\/\",\"name\":\"Hyla Jams Verkkokauppa\",\"description\":\"Hyla ilman- ja huoneen puhdistusj\u00e4rjestelm\u00e4 Suomessa\",\"publisher\":{\"@id\":\"https:\\\/\\\/hylajams.fi\\\/#organization\"},\"potentialAction\":[{\"@type\":\"SearchAction\",\"target\":{\"@type\":\"EntryPoint\",\"urlTemplate\":\"https:\\\/\\\/hylajams.fi\\\/?s={search_term_string}\"},\"query-input\":{\"@type\":\"PropertyValueSpecification\",\"valueRequired\":true,\"valueName\":\"search_term_string\"}}],\"inLanguage\":\"fi\"},{\"@type\":\"Organization\",\"@id\":\"https:\\\/\\\/hylajams.fi\\\/#organization\",\"name\":\"Hyla Jams Verkkokauppa\",\"url\":\"https:\\\/\\\/hylajams.fi\\\/\",\"logo\":{\"@type\":\"ImageObject\",\"inLanguage\":\"fi\",\"@id\":\"https:\\\/\\\/hylajams.fi\\\/#\\\/schema\\\/logo\\\/image\\\/\",\"url\":\"https:\\\/\\\/hylajams.fi\\\/wp-content\\\/uploads\\\/2025\\\/02\\\/Logo-1-2.jpg\",\"contentUrl\":\"https:\\\/\\\/hylajams.fi\\\/wp-content\\\/uploads\\\/2025\\\/02\\\/Logo-1-2.jpg\",\"width\":500,\"height\":500,\"caption\":\"Hyla Jams Verkkokauppa\"},\"image\":{\"@id\":\"https:\\\/\\\/hylajams.fi\\\/#\\\/schema\\\/logo\\\/image\\\/\"},\"sameAs\":[\"https:\\\/\\\/www.instagram.com\\\/hylasiivous\\\/\"]}]}<\/script>\n<!-- \/ Yoast SEO plugin. -->","yoast_head_json":{"title":"Natural Care k\u00e4sivoide mintun tuoksu - suoraan pellolta tuotteeksi","description":"Natural Care k\u00e4sivoide mintun tuoksu - Mintuntuoksuinen, alkoholiton ja dermatologisesti testattu voide tekee ihosta pehme\u00e4n ja raikkaan.","robots":{"index":"index","follow":"follow","max-snippet":"max-snippet:-1","max-image-preview":"max-image-preview:large","max-video-preview":"max-video-preview:-1"},"canonical":"https:\/\/hylajams.fi\/?product=natural-care-kasivoide-mintun-tuoksu","og_locale":"fi_FI","og_type":"article","og_title":"Natural Care k\u00e4sivoide mintun tuoksu - suoraan pellolta tuotteeksi","og_description":"Natural Care k\u00e4sivoide mintun tuoksu - Mintuntuoksuinen, alkoholiton ja dermatologisesti testattu voide tekee ihosta pehme\u00e4n ja raikkaan.","og_url":"https:\/\/hylajams.fi\/?product=natural-care-kasivoide-mintun-tuoksu","og_site_name":"Hyla Jams Verkkokauppa","article_modified_time":"2026-02-27T13:19:14+00:00","og_image":[{"width":360,"height":360,"url":"https:\/\/hylajams.fi\/wp-content\/uploads\/2023\/10\/21265-Hyla315.jpg","type":"image\/jpeg"}],"twitter_card":"summary_large_image","twitter_misc":{"Arvioitu lukuaika":"3 minuuttia"},"schema":{"@context":"https:\/\/schema.org","@graph":[{"@type":"WebPage","@id":"https:\/\/hylajams.fi\/?product=natural-care-kasivoide-mintun-tuoksu","url":"https:\/\/hylajams.fi\/?product=natural-care-kasivoide-mintun-tuoksu","name":"Natural Care k\u00e4sivoide mintun tuoksu - suoraan pellolta tuotteeksi","isPartOf":{"@id":"https:\/\/hylajams.fi\/#website"},"primaryImageOfPage":{"@id":"https:\/\/hylajams.fi\/?product=natural-care-kasivoide-mintun-tuoksu#primaryimage"},"image":{"@id":"https:\/\/hylajams.fi\/?product=natural-care-kasivoide-mintun-tuoksu#primaryimage"},"thumbnailUrl":"https:\/\/hylajams.fi\/wp-content\/uploads\/2023\/10\/21265-Hyla315.jpg","datePublished":"2023-10-24T18:30:26+00:00","dateModified":"2026-02-27T13:19:14+00:00","description":"Natural Care k\u00e4sivoide mintun tuoksu - Mintuntuoksuinen, alkoholiton ja dermatologisesti testattu voide tekee ihosta pehme\u00e4n ja raikkaan.","breadcrumb":{"@id":"https:\/\/hylajams.fi\/?product=natural-care-kasivoide-mintun-tuoksu#breadcrumb"},"inLanguage":"fi","potentialAction":[{"@type":"ReadAction","target":["https:\/\/hylajams.fi\/?product=natural-care-kasivoide-mintun-tuoksu"]}]},{"@type":"ImageObject","inLanguage":"fi","@id":"https:\/\/hylajams.fi\/?product=natural-care-kasivoide-mintun-tuoksu#primaryimage","url":"https:\/\/hylajams.fi\/wp-content\/uploads\/2023\/10\/21265-Hyla315.jpg","contentUrl":"https:\/\/hylajams.fi\/wp-content\/uploads\/2023\/10\/21265-Hyla315.jpg","width":360,"height":360,"caption":"Natural Care k\u00e4sivoide mintun tuoksu"},{"@type":"BreadcrumbList","@id":"https:\/\/hylajams.fi\/?product=natural-care-kasivoide-mintun-tuoksu#breadcrumb","itemListElement":[{"@type":"ListItem","position":1,"name":"Etusivu","item":"https:\/\/hylajams.fi\/"},{"@type":"ListItem","position":2,"name":"VERKKOKAUPPA","item":"https:\/\/hylajams.fi\/?page_id=9"},{"@type":"ListItem","position":3,"name":"21265 Natural Care k\u00e4sivoide mintun tuoksu"}]},{"@type":"WebSite","@id":"https:\/\/hylajams.fi\/#website","url":"https:\/\/hylajams.fi\/","name":"Hyla Jams Verkkokauppa","description":"Hyla ilman- ja huoneen puhdistusj\u00e4rjestelm\u00e4 Suomessa","publisher":{"@id":"https:\/\/hylajams.fi\/#organization"},"potentialAction":[{"@type":"SearchAction","target":{"@type":"EntryPoint","urlTemplate":"https:\/\/hylajams.fi\/?s={search_term_string}"},"query-input":{"@type":"PropertyValueSpecification","valueRequired":true,"valueName":"search_term_string"}}],"inLanguage":"fi"},{"@type":"Organization","@id":"https:\/\/hylajams.fi\/#organization","name":"Hyla Jams Verkkokauppa","url":"https:\/\/hylajams.fi\/","logo":{"@type":"ImageObject","inLanguage":"fi","@id":"https:\/\/hylajams.fi\/#\/schema\/logo\/image\/","url":"https:\/\/hylajams.fi\/wp-content\/uploads\/2025\/02\/Logo-1-2.jpg","contentUrl":"https:\/\/hylajams.fi\/wp-content\/uploads\/2025\/02\/Logo-1-2.jpg","width":500,"height":500,"caption":"Hyla Jams Verkkokauppa"},"image":{"@id":"https:\/\/hylajams.fi\/#\/schema\/logo\/image\/"},"sameAs":["https:\/\/www.instagram.com\/hylasiivous\/"]}]}},"_links":{"self":[{"href":"https:\/\/hylajams.fi\/index.php?rest_route=\/wp\/v2\/product\/6008","targetHints":{"allow":["GET"]}}],"collection":[{"href":"https:\/\/hylajams.fi\/index.php?rest_route=\/wp\/v2\/product"}],"about":[{"href":"https:\/\/hylajams.fi\/index.php?rest_route=\/wp\/v2\/types\/product"}],"version-history":[{"count":13,"href":"https:\/\/hylajams.fi\/index.php?rest_route=\/wp\/v2\/product\/6008\/revisions"}],"predecessor-version":[{"id":13127,"href":"https:\/\/hylajams.fi\/index.php?rest_route=\/wp\/v2\/product\/6008\/revisions\/13127"}],"wp:featuredmedia":[{"embeddable":true,"href":"https:\/\/hylajams.fi\/index.php?rest_route=\/wp\/v2\/media\/6015"}],"wp:attachment":[{"href":"https:\/\/hylajams.fi\/index.php?rest_route=%2Fwp%2Fv2%2Fmedia&parent=6008"}],"wp:term":[{"taxonomy":"product_brand","embeddable":true,"href":"https:\/\/hylajams.fi\/index.php?rest_route=%2Fwp%2Fv2%2Fproduct_brand&post=6008"},{"taxonomy":"product_cat","embeddable":true,"href":"https:\/\/hylajams.fi\/index.php?rest_route=%2Fwp%2Fv2%2Fproduct_cat&post=6008"},{"taxonomy":"product_tag","embeddable":true,"href":"https:\/\/hylajams.fi\/index.php?rest_route=%2Fwp%2Fv2%2Fproduct_tag&post=6008"}],"curies":[{"name":"wp","href":"https:\/\/api.w.org\/{rel}","templated":true}]}}