{"id":4718,"date":"2023-01-26T01:06:59","date_gmt":"2023-01-25T23:06:59","guid":{"rendered":"https:\/\/hylajams.fi\/?post_type=product&#038;p=4718"},"modified":"2026-02-28T01:59:07","modified_gmt":"2026-02-27T23:59:07","slug":"hyla-tuoksu-eukalyptus-500-ml","status":"publish","type":"product","link":"https:\/\/hylajams.fi\/?product=hyla-tuoksu-eukalyptus-500-ml","title":{"rendered":"17274 Eukalyptus Hyla tuoksu 500 ml"},"content":{"rendered":"<p>Hyla tuoksu Eukalyptus 500 ml<\/p>\n<p data-start=\"1210\" data-end=\"1505\">Hyla Eukalyptus -tuoksu 500 ml on t\u00e4ydellinen valinta, kun haluat nauttia raikkaasta ja elvytt\u00e4v\u00e4st\u00e4 tunnelmasta pitk\u00e4\u00e4n. Eukalyptuksen raikas ja puhdistava tuoksu luo kotiisi energisen ilmapiirin, joka sopii erityisesti tiloihin, joissa kaivataan raikkautta ja elinvoimaa.<\/p>\n<p data-start=\"1507\" data-end=\"1535\">Miksi valita 500 ml pullo?<\/p>\n<ul>\n<li data-start=\"1538\" data-end=\"1580\">Riittoisa koko \u2013 kest\u00e4\u00e4 k\u00e4yt\u00f6ss\u00e4 pitk\u00e4\u00e4n<\/li>\n<li data-start=\"1583\" data-end=\"1630\">Soveltuu s\u00e4\u00e4nn\u00f6lliseen p\u00e4ivitt\u00e4iseen k\u00e4ytt\u00f6\u00f6n<\/li>\n<li data-start=\"1633\" data-end=\"1683\">Takaa jatkuvan raikkaan ja puhtaan ilman kotiisi<\/li>\n<\/ul>\n<p data-start=\"1685\" data-end=\"1800\">K\u00e4ytt\u00f6ohje: lis\u00e4\u00e4 4\u20135 tippaa Hyla-vesis\u00e4ili\u00f6\u00f6n (4 litraa vett\u00e4) ja nauti virkist\u00e4v\u00e4st\u00e4 eukalyptuksen tunnelmasta.<\/p>\n<p data-start=\"1802\" data-end=\"1939\">T\u00e4m\u00e4 suuri 500 ml pullo on ihanteellinen valinta aktiiviseen k\u00e4ytt\u00f6\u00f6n ja pit\u00e4\u00e4 kotisi tuoksumaailman raikkaana viikko toisensa j\u00e4lkeen.<\/p>\n<p data-start=\"1941\" data-end=\"1999\">\ud83d\udc49 Tuo kotiisi keskeytym\u00e4t\u00f6nt\u00e4 eukalyptuksen raikkautta!<\/p>\n<p>Huomaa, ett\u00e4 eukalyptus\u00f6ljy\u00e4 ei suositella k\u00e4ytett\u00e4v\u00e4ksi suoraan iholla, sill\u00e4 se saattaa aiheuttaa ihoreaktioita.<\/p>\n<ul>\n<li data-start=\"1406\" data-end=\"1452\"><strong data-start=\"1406\" data-end=\"1415\">90 ml<\/strong>\u00a0\u2013 pienempi pullo arkiseen k\u00e4ytt\u00f6\u00f6n<\/li>\n<li data-start=\"1455\" data-end=\"1514\"><strong data-start=\"1455\" data-end=\"1465\">500 ml<\/strong>\u00a0\u2013 riittoisa vaihtoehto pitk\u00e4aikaiseen k\u00e4ytt\u00f6\u00f6n<\/li>\n<\/ul>\n<p data-start=\"1665\" data-end=\"1810\"><img decoding=\"async\" class=\"emoji\" role=\"img\" draggable=\"false\" src=\"https:\/\/s.w.org\/images\/core\/emoji\/16.0.1\/svg\/1f449.svg\" alt=\"\ud83d\udc49\" \/>\u00a0Hyla-tuoksuja on yhteens\u00e4\u00a0<strong data-start=\"1694\" data-end=\"1709\">8 erilaista<\/strong>, joista Eukalyptus tuo <strong>raikkaan ja virkist\u00e4v\u00e4n ilmeen<\/strong> \u2013 antaa tiloihin puhtaan ja energisen tunnelman<\/p>\n<p><strong>Lue lis\u00e4\u00e4 Hyla tuoksuista\u00a0<a href=\"https:\/\/hylajams.fi\/?p=5064\">T\u00c4\u00c4LT\u00c4<\/a><\/strong><\/p>\n<p><a href=\"https:\/\/hylajams.fi\/?product_cat=natural-care-tuoksut\"><strong>Natural Care tuotteet verkkokaupassa<\/strong><\/a><\/p>\n<p><a href=\"https:\/\/www.hyla-naturalcare.com\/en\/\"><strong><span dir=\"auto\">Hyla Natural Care<\/span><\/strong><\/a><\/p>\n","protected":false},"excerpt":{"rendered":"<p><strong>Hyla tuoksu Eukalyptus 500 ml<\/strong><\/p>\n<p>Isompi pullo samaa raikasta ja puhdistavaa eukalyptuksen tuoksua \u2013 pitk\u00e4kestoista virkistyst\u00e4 koko kotiin.<\/p>\n","protected":false},"featured_media":12938,"template":"","meta":[],"product_brand":[],"product_cat":[50,1090],"product_tag":[1941,1938,1931,1932,1131,1933,1305,78],"class_list":{"0":"post-4718","1":"product","2":"type-product","3":"status-publish","4":"has-post-thumbnail","6":"product_cat-hyla-tuoksut","7":"product_cat-hyla-tuoksut-500-ml","8":"product_tag-eukalyptustuoksu","9":"product_tag-huonetuoksu","10":"product_tag-hyla-est-tuoksu","11":"product_tag-hyla-gst-tuoksu","12":"product_tag-hyla-lisavaruste","13":"product_tag-hyla-nst-tuoksu","14":"product_tag-hyla-tuoksu-eukalyptus-500-ml","15":"product_tag-ilmanraikastin","16":"product_shipping_class-posti-s-paketti-11x32x3-cm-35-kg","17":"_wholesalex wsx-wholesalex-product","19":"first","20":"instock","21":"featured","22":"shipping-taxable","23":"purchasable","24":"product-type-simple"},"yoast_head":"<!-- This site is optimized with the Yoast SEO plugin v27.3 - https:\/\/yoast.com\/product\/yoast-seo-wordpress\/ -->\n<title>Hyla tuoksu Eukalyptus 500 ml - helpottaa ysk\u00e4\u00e4 ja avaa nen\u00e4n<\/title>\n<meta name=\"description\" content=\"Hyla tuoksu Eukalyptus 500 ml - Eukalyptus on tunnettu sen hengityselinsairauksia hoitavista vaikutuksista, kuten astmaan, flunssaan ja kurkkukipuun.\" \/>\n<meta name=\"robots\" content=\"index, follow, max-snippet:-1, max-image-preview:large, max-video-preview:-1\" \/>\n<link rel=\"canonical\" href=\"https:\/\/hylajams.fi\/?product=hyla-tuoksu-eukalyptus-500-ml\" \/>\n<meta property=\"og:locale\" content=\"fi_FI\" \/>\n<meta property=\"og:type\" content=\"article\" \/>\n<meta property=\"og:title\" content=\"Hyla tuoksu Eukalyptus 500 ml - helpottaa ysk\u00e4\u00e4 ja avaa nen\u00e4n\" \/>\n<meta property=\"og:description\" content=\"Hyla tuoksu Eukalyptus 500 ml - Eukalyptus on tunnettu sen hengityselinsairauksia hoitavista vaikutuksista, kuten astmaan, flunssaan ja kurkkukipuun.\" \/>\n<meta property=\"og:url\" content=\"https:\/\/hylajams.fi\/?product=hyla-tuoksu-eukalyptus-500-ml\" \/>\n<meta property=\"og:site_name\" content=\"Hyla Jams Verkkokauppa\" \/>\n<meta property=\"article:modified_time\" content=\"2026-02-27T23:59:07+00:00\" \/>\n<meta property=\"og:image\" content=\"https:\/\/hylajams.fi\/wp-content\/uploads\/2023\/03\/17274-UUSI-Eugalyptus.jpg\" \/>\n\t<meta property=\"og:image:width\" content=\"445\" \/>\n\t<meta property=\"og:image:height\" content=\"665\" \/>\n\t<meta property=\"og:image:type\" content=\"image\/jpeg\" \/>\n<meta name=\"twitter:card\" content=\"summary_large_image\" \/>\n<meta name=\"twitter:label1\" content=\"Arvioitu lukuaika\" \/>\n\t<meta name=\"twitter:data1\" content=\"2 minuuttia\" \/>\n<script type=\"application\/ld+json\" class=\"yoast-schema-graph\">{\"@context\":\"https:\\\/\\\/schema.org\",\"@graph\":[{\"@type\":\"WebPage\",\"@id\":\"https:\\\/\\\/hylajams.fi\\\/?product=hyla-tuoksu-eukalyptus-500-ml\",\"url\":\"https:\\\/\\\/hylajams.fi\\\/?product=hyla-tuoksu-eukalyptus-500-ml\",\"name\":\"Hyla tuoksu Eukalyptus 500 ml - helpottaa ysk\u00e4\u00e4 ja avaa nen\u00e4n\",\"isPartOf\":{\"@id\":\"https:\\\/\\\/hylajams.fi\\\/#website\"},\"primaryImageOfPage\":{\"@id\":\"https:\\\/\\\/hylajams.fi\\\/?product=hyla-tuoksu-eukalyptus-500-ml#primaryimage\"},\"image\":{\"@id\":\"https:\\\/\\\/hylajams.fi\\\/?product=hyla-tuoksu-eukalyptus-500-ml#primaryimage\"},\"thumbnailUrl\":\"https:\\\/\\\/hylajams.fi\\\/wp-content\\\/uploads\\\/2023\\\/03\\\/17274-UUSI-Eugalyptus.jpg\",\"datePublished\":\"2023-01-25T23:06:59+00:00\",\"dateModified\":\"2026-02-27T23:59:07+00:00\",\"description\":\"Hyla tuoksu Eukalyptus 500 ml - Eukalyptus on tunnettu sen hengityselinsairauksia hoitavista vaikutuksista, kuten astmaan, flunssaan ja kurkkukipuun.\",\"breadcrumb\":{\"@id\":\"https:\\\/\\\/hylajams.fi\\\/?product=hyla-tuoksu-eukalyptus-500-ml#breadcrumb\"},\"inLanguage\":\"fi\",\"potentialAction\":[{\"@type\":\"ReadAction\",\"target\":[\"https:\\\/\\\/hylajams.fi\\\/?product=hyla-tuoksu-eukalyptus-500-ml\"]}]},{\"@type\":\"ImageObject\",\"inLanguage\":\"fi\",\"@id\":\"https:\\\/\\\/hylajams.fi\\\/?product=hyla-tuoksu-eukalyptus-500-ml#primaryimage\",\"url\":\"https:\\\/\\\/hylajams.fi\\\/wp-content\\\/uploads\\\/2023\\\/03\\\/17274-UUSI-Eugalyptus.jpg\",\"contentUrl\":\"https:\\\/\\\/hylajams.fi\\\/wp-content\\\/uploads\\\/2023\\\/03\\\/17274-UUSI-Eugalyptus.jpg\",\"width\":445,\"height\":665,\"caption\":\"17274 Eugalyptus\"},{\"@type\":\"BreadcrumbList\",\"@id\":\"https:\\\/\\\/hylajams.fi\\\/?product=hyla-tuoksu-eukalyptus-500-ml#breadcrumb\",\"itemListElement\":[{\"@type\":\"ListItem\",\"position\":1,\"name\":\"Etusivu\",\"item\":\"https:\\\/\\\/hylajams.fi\\\/\"},{\"@type\":\"ListItem\",\"position\":2,\"name\":\"VERKKOKAUPPA\",\"item\":\"https:\\\/\\\/hylajams.fi\\\/?page_id=9\"},{\"@type\":\"ListItem\",\"position\":3,\"name\":\"17274 Eukalyptus Hyla tuoksu 500 ml\"}]},{\"@type\":\"WebSite\",\"@id\":\"https:\\\/\\\/hylajams.fi\\\/#website\",\"url\":\"https:\\\/\\\/hylajams.fi\\\/\",\"name\":\"Hyla Jams Verkkokauppa\",\"description\":\"Hyla ilman- ja huoneen puhdistusj\u00e4rjestelm\u00e4 Suomessa\",\"publisher\":{\"@id\":\"https:\\\/\\\/hylajams.fi\\\/#organization\"},\"potentialAction\":[{\"@type\":\"SearchAction\",\"target\":{\"@type\":\"EntryPoint\",\"urlTemplate\":\"https:\\\/\\\/hylajams.fi\\\/?s={search_term_string}\"},\"query-input\":{\"@type\":\"PropertyValueSpecification\",\"valueRequired\":true,\"valueName\":\"search_term_string\"}}],\"inLanguage\":\"fi\"},{\"@type\":\"Organization\",\"@id\":\"https:\\\/\\\/hylajams.fi\\\/#organization\",\"name\":\"Hyla Jams Verkkokauppa\",\"url\":\"https:\\\/\\\/hylajams.fi\\\/\",\"logo\":{\"@type\":\"ImageObject\",\"inLanguage\":\"fi\",\"@id\":\"https:\\\/\\\/hylajams.fi\\\/#\\\/schema\\\/logo\\\/image\\\/\",\"url\":\"https:\\\/\\\/hylajams.fi\\\/wp-content\\\/uploads\\\/2025\\\/02\\\/Logo-1-2.jpg\",\"contentUrl\":\"https:\\\/\\\/hylajams.fi\\\/wp-content\\\/uploads\\\/2025\\\/02\\\/Logo-1-2.jpg\",\"width\":500,\"height\":500,\"caption\":\"Hyla Jams Verkkokauppa\"},\"image\":{\"@id\":\"https:\\\/\\\/hylajams.fi\\\/#\\\/schema\\\/logo\\\/image\\\/\"},\"sameAs\":[\"https:\\\/\\\/www.instagram.com\\\/hylasiivous\\\/\"]}]}<\/script>\n<!-- \/ Yoast SEO plugin. -->","yoast_head_json":{"title":"Hyla tuoksu Eukalyptus 500 ml - helpottaa ysk\u00e4\u00e4 ja avaa nen\u00e4n","description":"Hyla tuoksu Eukalyptus 500 ml - Eukalyptus on tunnettu sen hengityselinsairauksia hoitavista vaikutuksista, kuten astmaan, flunssaan ja kurkkukipuun.","robots":{"index":"index","follow":"follow","max-snippet":"max-snippet:-1","max-image-preview":"max-image-preview:large","max-video-preview":"max-video-preview:-1"},"canonical":"https:\/\/hylajams.fi\/?product=hyla-tuoksu-eukalyptus-500-ml","og_locale":"fi_FI","og_type":"article","og_title":"Hyla tuoksu Eukalyptus 500 ml - helpottaa ysk\u00e4\u00e4 ja avaa nen\u00e4n","og_description":"Hyla tuoksu Eukalyptus 500 ml - Eukalyptus on tunnettu sen hengityselinsairauksia hoitavista vaikutuksista, kuten astmaan, flunssaan ja kurkkukipuun.","og_url":"https:\/\/hylajams.fi\/?product=hyla-tuoksu-eukalyptus-500-ml","og_site_name":"Hyla Jams Verkkokauppa","article_modified_time":"2026-02-27T23:59:07+00:00","og_image":[{"width":445,"height":665,"url":"https:\/\/hylajams.fi\/wp-content\/uploads\/2023\/03\/17274-UUSI-Eugalyptus.jpg","type":"image\/jpeg"}],"twitter_card":"summary_large_image","twitter_misc":{"Arvioitu lukuaika":"2 minuuttia"},"schema":{"@context":"https:\/\/schema.org","@graph":[{"@type":"WebPage","@id":"https:\/\/hylajams.fi\/?product=hyla-tuoksu-eukalyptus-500-ml","url":"https:\/\/hylajams.fi\/?product=hyla-tuoksu-eukalyptus-500-ml","name":"Hyla tuoksu Eukalyptus 500 ml - helpottaa ysk\u00e4\u00e4 ja avaa nen\u00e4n","isPartOf":{"@id":"https:\/\/hylajams.fi\/#website"},"primaryImageOfPage":{"@id":"https:\/\/hylajams.fi\/?product=hyla-tuoksu-eukalyptus-500-ml#primaryimage"},"image":{"@id":"https:\/\/hylajams.fi\/?product=hyla-tuoksu-eukalyptus-500-ml#primaryimage"},"thumbnailUrl":"https:\/\/hylajams.fi\/wp-content\/uploads\/2023\/03\/17274-UUSI-Eugalyptus.jpg","datePublished":"2023-01-25T23:06:59+00:00","dateModified":"2026-02-27T23:59:07+00:00","description":"Hyla tuoksu Eukalyptus 500 ml - Eukalyptus on tunnettu sen hengityselinsairauksia hoitavista vaikutuksista, kuten astmaan, flunssaan ja kurkkukipuun.","breadcrumb":{"@id":"https:\/\/hylajams.fi\/?product=hyla-tuoksu-eukalyptus-500-ml#breadcrumb"},"inLanguage":"fi","potentialAction":[{"@type":"ReadAction","target":["https:\/\/hylajams.fi\/?product=hyla-tuoksu-eukalyptus-500-ml"]}]},{"@type":"ImageObject","inLanguage":"fi","@id":"https:\/\/hylajams.fi\/?product=hyla-tuoksu-eukalyptus-500-ml#primaryimage","url":"https:\/\/hylajams.fi\/wp-content\/uploads\/2023\/03\/17274-UUSI-Eugalyptus.jpg","contentUrl":"https:\/\/hylajams.fi\/wp-content\/uploads\/2023\/03\/17274-UUSI-Eugalyptus.jpg","width":445,"height":665,"caption":"17274 Eugalyptus"},{"@type":"BreadcrumbList","@id":"https:\/\/hylajams.fi\/?product=hyla-tuoksu-eukalyptus-500-ml#breadcrumb","itemListElement":[{"@type":"ListItem","position":1,"name":"Etusivu","item":"https:\/\/hylajams.fi\/"},{"@type":"ListItem","position":2,"name":"VERKKOKAUPPA","item":"https:\/\/hylajams.fi\/?page_id=9"},{"@type":"ListItem","position":3,"name":"17274 Eukalyptus Hyla tuoksu 500 ml"}]},{"@type":"WebSite","@id":"https:\/\/hylajams.fi\/#website","url":"https:\/\/hylajams.fi\/","name":"Hyla Jams Verkkokauppa","description":"Hyla ilman- ja huoneen puhdistusj\u00e4rjestelm\u00e4 Suomessa","publisher":{"@id":"https:\/\/hylajams.fi\/#organization"},"potentialAction":[{"@type":"SearchAction","target":{"@type":"EntryPoint","urlTemplate":"https:\/\/hylajams.fi\/?s={search_term_string}"},"query-input":{"@type":"PropertyValueSpecification","valueRequired":true,"valueName":"search_term_string"}}],"inLanguage":"fi"},{"@type":"Organization","@id":"https:\/\/hylajams.fi\/#organization","name":"Hyla Jams Verkkokauppa","url":"https:\/\/hylajams.fi\/","logo":{"@type":"ImageObject","inLanguage":"fi","@id":"https:\/\/hylajams.fi\/#\/schema\/logo\/image\/","url":"https:\/\/hylajams.fi\/wp-content\/uploads\/2025\/02\/Logo-1-2.jpg","contentUrl":"https:\/\/hylajams.fi\/wp-content\/uploads\/2025\/02\/Logo-1-2.jpg","width":500,"height":500,"caption":"Hyla Jams Verkkokauppa"},"image":{"@id":"https:\/\/hylajams.fi\/#\/schema\/logo\/image\/"},"sameAs":["https:\/\/www.instagram.com\/hylasiivous\/"]}]}},"_links":{"self":[{"href":"https:\/\/hylajams.fi\/index.php?rest_route=\/wp\/v2\/product\/4718","targetHints":{"allow":["GET"]}}],"collection":[{"href":"https:\/\/hylajams.fi\/index.php?rest_route=\/wp\/v2\/product"}],"about":[{"href":"https:\/\/hylajams.fi\/index.php?rest_route=\/wp\/v2\/types\/product"}],"version-history":[{"count":9,"href":"https:\/\/hylajams.fi\/index.php?rest_route=\/wp\/v2\/product\/4718\/revisions"}],"predecessor-version":[{"id":13214,"href":"https:\/\/hylajams.fi\/index.php?rest_route=\/wp\/v2\/product\/4718\/revisions\/13214"}],"wp:featuredmedia":[{"embeddable":true,"href":"https:\/\/hylajams.fi\/index.php?rest_route=\/wp\/v2\/media\/12938"}],"wp:attachment":[{"href":"https:\/\/hylajams.fi\/index.php?rest_route=%2Fwp%2Fv2%2Fmedia&parent=4718"}],"wp:term":[{"taxonomy":"product_brand","embeddable":true,"href":"https:\/\/hylajams.fi\/index.php?rest_route=%2Fwp%2Fv2%2Fproduct_brand&post=4718"},{"taxonomy":"product_cat","embeddable":true,"href":"https:\/\/hylajams.fi\/index.php?rest_route=%2Fwp%2Fv2%2Fproduct_cat&post=4718"},{"taxonomy":"product_tag","embeddable":true,"href":"https:\/\/hylajams.fi\/index.php?rest_route=%2Fwp%2Fv2%2Fproduct_tag&post=4718"}],"curies":[{"name":"wp","href":"https:\/\/api.w.org\/{rel}","templated":true}]}}