{"id":4698,"date":"2023-01-25T22:44:19","date_gmt":"2023-01-25T20:44:19","guid":{"rendered":"https:\/\/hylajams.fi\/?post_type=product&#038;p=4698"},"modified":"2026-02-28T02:07:40","modified_gmt":"2026-02-28T00:07:40","slug":"hyla-tuoksu-sitruuna-500-ml","status":"publish","type":"product","link":"https:\/\/hylajams.fi\/?product=hyla-tuoksu-sitruuna-500-ml","title":{"rendered":"17271 Hyla tuoksu sitruuna 500 ml"},"content":{"rendered":"<p><strong>Hyla tuoksu sitruuna 500 ml<\/strong><\/p>\n<p data-start=\"696\" data-end=\"972\">Sitruunan tuoksu tuo kotiisi aidon ja luonnollisen sitruunan raikkauden. Lis\u00e4\u00e4 muutama tippa tuoksua vesip\u00f6lynimuriin, ilmanraikastimeen tai h\u00f6yrypuhdistimeen ja nauti puhtaasta ja virkist\u00e4v\u00e4st\u00e4 ilmapiirist\u00e4 samalla kun p\u00f6ly ja sotku katoavat.<\/p>\n<p data-start=\"974\" data-end=\"1365\"><strong>Hyla tuoksu sitruuna 500 ml<\/strong>\u00a0eteerinen \u00f6ljy tunnetaan antimikrobisista ja anti-inflammatorisista ominaisuuksistaan, raikastaa ilmaa, parantaa hengitysteiden terveytt\u00e4 ja tukee immuunij\u00e4rjestelm\u00e4\u00e4. Sen rauhoittava ja virkist\u00e4v\u00e4 vaikutus voi parantaa mielialaa, v\u00e4hent\u00e4\u00e4 stressi\u00e4 ja ahdistusta sek\u00e4 lis\u00e4t\u00e4 keskittymiskyky\u00e4. Sitruunan tuoksu on my\u00f6s tehokas ilmanraikastaja, joka poistaa ep\u00e4miellytt\u00e4vi\u00e4 hajuja.<\/p>\n<p data-start=\"1367\" data-end=\"1618\">Hyla-tuoksuja on saatavana kahdeksaa erilaista tuoksua, ja nyt my\u00f6s isoissa 500 ml pulloissa, jotka riitt\u00e4v\u00e4t pitk\u00e4ksi aikaa. T\u00e4m\u00e4 tuoksu sopii erinomaisesti kaikille, jotka haluavat yhdist\u00e4\u00e4 siivouksen raikkaaseen ja energisoivaan tuoksuel\u00e4mykseen.<\/p>\n<ul>\n<li data-start=\"1406\" data-end=\"1452\"><strong data-start=\"1406\" data-end=\"1415\">90 ml<\/strong>\u00a0\u2013 pienempi pullo arkiseen k\u00e4ytt\u00f6\u00f6n<\/li>\n<li data-start=\"1455\" data-end=\"1514\"><strong data-start=\"1455\" data-end=\"1465\">500 ml<\/strong>\u00a0\u2013 riittoisa vaihtoehto pitk\u00e4aikaiseen k\u00e4ytt\u00f6\u00f6n<\/li>\n<\/ul>\n<p data-start=\"1665\" data-end=\"1810\"><img decoding=\"async\" class=\"emoji\" role=\"img\" draggable=\"false\" src=\"https:\/\/s.w.org\/images\/core\/emoji\/16.0.1\/svg\/1f449.svg\" alt=\"\ud83d\udc49\" \/>\u00a0Hyla-tuoksuja on yhteens\u00e4\u00a0<strong data-start=\"1694\" data-end=\"1709\">8 erilaista<\/strong>, joista sitruuna tuo pirist\u00e4v\u00e4n aromin ja elinvoimaa sek\u00e4 parantaa mielialaa.<\/p>\n<p><strong>Lue lis\u00e4\u00e4 Hyla tuoksuista\u00a0<a href=\"https:\/\/hylajams.fi\/?p=5064\">T\u00c4\u00c4LT\u00c4<\/a><\/strong><\/p>\n<p><a href=\"https:\/\/hylajams.fi\/?product_cat=natural-care-tuoksut\"><strong>Natural Care tuotteet verkkokaupassa<\/strong><\/a><\/p>\n<p><a href=\"https:\/\/www.hyla-naturalcare.com\/en\/\"><strong><span dir=\"auto\"><span dir=\"auto\" style=\"vertical-align: inherit;\"><span dir=\"auto\" style=\"vertical-align: inherit;\">Hyla Natural Care<\/span><\/span><\/span><\/strong><\/a><\/p>\n","protected":false},"excerpt":{"rendered":"<p style=\"text-align: left;\" align=\"center\"><strong>Hyla tuoksu sitruuna 500 ml<\/strong> \u2013 tuo kotiisi raikkaan sitruunan tuoksun, joka motivoi siivoamaan, poistaa hajut ja luo puhtaan ilmapiirin.<\/p>\n","protected":false},"featured_media":12936,"template":"","meta":[],"product_brand":[],"product_cat":[50,1090],"product_tag":[1570,52],"class_list":{"0":"post-4698","1":"product","2":"type-product","3":"status-publish","4":"has-post-thumbnail","6":"product_cat-hyla-tuoksut","7":"product_cat-hyla-tuoksut-500-ml","8":"product_tag-hyla-tuoksu-500-ml","9":"product_tag-sitruuna","10":"product_shipping_class-posti-s-paketti-11x32x3-cm-35-kg","11":"_wholesalex wsx-wholesalex-product","13":"first","14":"instock","15":"featured","16":"shipping-taxable","17":"purchasable","18":"product-type-simple"},"yoast_head":"<!-- This site is optimized with the Yoast SEO plugin v27.3 - https:\/\/yoast.com\/product\/yoast-seo-wordpress\/ -->\n<title>Hyla tuoksu sitruuna 500 ml - iso tuoksu pullo<\/title>\n<meta name=\"description\" content=\"Hyla tuoksu sitruuna 500 ml \u2013 raikas ja energisoiva sitruunan tuoksu, joka poistaa hajut ja tuo puhtauden tunteen kotiisi.\" \/>\n<meta name=\"robots\" content=\"index, follow, max-snippet:-1, max-image-preview:large, max-video-preview:-1\" \/>\n<link rel=\"canonical\" href=\"https:\/\/hylajams.fi\/?product=hyla-tuoksu-sitruuna-500-ml\" \/>\n<meta property=\"og:locale\" content=\"fi_FI\" \/>\n<meta property=\"og:type\" content=\"article\" \/>\n<meta property=\"og:title\" content=\"Hyla tuoksu sitruuna 500 ml - iso tuoksu pullo\" \/>\n<meta property=\"og:description\" content=\"Hyla tuoksu sitruuna 500 ml \u2013 raikas ja energisoiva sitruunan tuoksu, joka poistaa hajut ja tuo puhtauden tunteen kotiisi.\" \/>\n<meta property=\"og:url\" content=\"https:\/\/hylajams.fi\/?product=hyla-tuoksu-sitruuna-500-ml\" \/>\n<meta property=\"og:site_name\" content=\"Hyla Jams Verkkokauppa\" \/>\n<meta property=\"article:modified_time\" content=\"2026-02-28T00:07:40+00:00\" \/>\n<meta property=\"og:image\" content=\"https:\/\/hylajams.fi\/wp-content\/uploads\/2023\/03\/17271-UUSI-sitruuna.jpg\" \/>\n\t<meta property=\"og:image:width\" content=\"442\" \/>\n\t<meta property=\"og:image:height\" content=\"658\" \/>\n\t<meta property=\"og:image:type\" content=\"image\/jpeg\" \/>\n<meta name=\"twitter:card\" content=\"summary_large_image\" \/>\n<meta name=\"twitter:label1\" content=\"Arvioitu lukuaika\" \/>\n\t<meta name=\"twitter:data1\" content=\"2 minuuttia\" \/>\n<script type=\"application\/ld+json\" class=\"yoast-schema-graph\">{\"@context\":\"https:\\\/\\\/schema.org\",\"@graph\":[{\"@type\":\"WebPage\",\"@id\":\"https:\\\/\\\/hylajams.fi\\\/?product=hyla-tuoksu-sitruuna-500-ml\",\"url\":\"https:\\\/\\\/hylajams.fi\\\/?product=hyla-tuoksu-sitruuna-500-ml\",\"name\":\"Hyla tuoksu sitruuna 500 ml - iso tuoksu pullo\",\"isPartOf\":{\"@id\":\"https:\\\/\\\/hylajams.fi\\\/#website\"},\"primaryImageOfPage\":{\"@id\":\"https:\\\/\\\/hylajams.fi\\\/?product=hyla-tuoksu-sitruuna-500-ml#primaryimage\"},\"image\":{\"@id\":\"https:\\\/\\\/hylajams.fi\\\/?product=hyla-tuoksu-sitruuna-500-ml#primaryimage\"},\"thumbnailUrl\":\"https:\\\/\\\/hylajams.fi\\\/wp-content\\\/uploads\\\/2023\\\/03\\\/17271-UUSI-sitruuna.jpg\",\"datePublished\":\"2023-01-25T20:44:19+00:00\",\"dateModified\":\"2026-02-28T00:07:40+00:00\",\"description\":\"Hyla tuoksu sitruuna 500 ml \u2013 raikas ja energisoiva sitruunan tuoksu, joka poistaa hajut ja tuo puhtauden tunteen kotiisi.\",\"breadcrumb\":{\"@id\":\"https:\\\/\\\/hylajams.fi\\\/?product=hyla-tuoksu-sitruuna-500-ml#breadcrumb\"},\"inLanguage\":\"fi\",\"potentialAction\":[{\"@type\":\"ReadAction\",\"target\":[\"https:\\\/\\\/hylajams.fi\\\/?product=hyla-tuoksu-sitruuna-500-ml\"]}]},{\"@type\":\"ImageObject\",\"inLanguage\":\"fi\",\"@id\":\"https:\\\/\\\/hylajams.fi\\\/?product=hyla-tuoksu-sitruuna-500-ml#primaryimage\",\"url\":\"https:\\\/\\\/hylajams.fi\\\/wp-content\\\/uploads\\\/2023\\\/03\\\/17271-UUSI-sitruuna.jpg\",\"contentUrl\":\"https:\\\/\\\/hylajams.fi\\\/wp-content\\\/uploads\\\/2023\\\/03\\\/17271-UUSI-sitruuna.jpg\",\"width\":442,\"height\":658,\"caption\":\"17271 Hyla tuoksu Sitruuna\"},{\"@type\":\"BreadcrumbList\",\"@id\":\"https:\\\/\\\/hylajams.fi\\\/?product=hyla-tuoksu-sitruuna-500-ml#breadcrumb\",\"itemListElement\":[{\"@type\":\"ListItem\",\"position\":1,\"name\":\"Etusivu\",\"item\":\"https:\\\/\\\/hylajams.fi\\\/\"},{\"@type\":\"ListItem\",\"position\":2,\"name\":\"VERKKOKAUPPA\",\"item\":\"https:\\\/\\\/hylajams.fi\\\/?page_id=9\"},{\"@type\":\"ListItem\",\"position\":3,\"name\":\"17271 Hyla tuoksu sitruuna 500 ml\"}]},{\"@type\":\"WebSite\",\"@id\":\"https:\\\/\\\/hylajams.fi\\\/#website\",\"url\":\"https:\\\/\\\/hylajams.fi\\\/\",\"name\":\"Hyla Jams Verkkokauppa\",\"description\":\"Hyla ilman- ja huoneen puhdistusj\u00e4rjestelm\u00e4 Suomessa\",\"publisher\":{\"@id\":\"https:\\\/\\\/hylajams.fi\\\/#organization\"},\"potentialAction\":[{\"@type\":\"SearchAction\",\"target\":{\"@type\":\"EntryPoint\",\"urlTemplate\":\"https:\\\/\\\/hylajams.fi\\\/?s={search_term_string}\"},\"query-input\":{\"@type\":\"PropertyValueSpecification\",\"valueRequired\":true,\"valueName\":\"search_term_string\"}}],\"inLanguage\":\"fi\"},{\"@type\":\"Organization\",\"@id\":\"https:\\\/\\\/hylajams.fi\\\/#organization\",\"name\":\"Hyla Jams Verkkokauppa\",\"url\":\"https:\\\/\\\/hylajams.fi\\\/\",\"logo\":{\"@type\":\"ImageObject\",\"inLanguage\":\"fi\",\"@id\":\"https:\\\/\\\/hylajams.fi\\\/#\\\/schema\\\/logo\\\/image\\\/\",\"url\":\"https:\\\/\\\/hylajams.fi\\\/wp-content\\\/uploads\\\/2025\\\/02\\\/Logo-1-2.jpg\",\"contentUrl\":\"https:\\\/\\\/hylajams.fi\\\/wp-content\\\/uploads\\\/2025\\\/02\\\/Logo-1-2.jpg\",\"width\":500,\"height\":500,\"caption\":\"Hyla Jams Verkkokauppa\"},\"image\":{\"@id\":\"https:\\\/\\\/hylajams.fi\\\/#\\\/schema\\\/logo\\\/image\\\/\"},\"sameAs\":[\"https:\\\/\\\/www.instagram.com\\\/hylasiivous\\\/\"]}]}<\/script>\n<!-- \/ Yoast SEO plugin. -->","yoast_head_json":{"title":"Hyla tuoksu sitruuna 500 ml - iso tuoksu pullo","description":"Hyla tuoksu sitruuna 500 ml \u2013 raikas ja energisoiva sitruunan tuoksu, joka poistaa hajut ja tuo puhtauden tunteen kotiisi.","robots":{"index":"index","follow":"follow","max-snippet":"max-snippet:-1","max-image-preview":"max-image-preview:large","max-video-preview":"max-video-preview:-1"},"canonical":"https:\/\/hylajams.fi\/?product=hyla-tuoksu-sitruuna-500-ml","og_locale":"fi_FI","og_type":"article","og_title":"Hyla tuoksu sitruuna 500 ml - iso tuoksu pullo","og_description":"Hyla tuoksu sitruuna 500 ml \u2013 raikas ja energisoiva sitruunan tuoksu, joka poistaa hajut ja tuo puhtauden tunteen kotiisi.","og_url":"https:\/\/hylajams.fi\/?product=hyla-tuoksu-sitruuna-500-ml","og_site_name":"Hyla Jams Verkkokauppa","article_modified_time":"2026-02-28T00:07:40+00:00","og_image":[{"width":442,"height":658,"url":"https:\/\/hylajams.fi\/wp-content\/uploads\/2023\/03\/17271-UUSI-sitruuna.jpg","type":"image\/jpeg"}],"twitter_card":"summary_large_image","twitter_misc":{"Arvioitu lukuaika":"2 minuuttia"},"schema":{"@context":"https:\/\/schema.org","@graph":[{"@type":"WebPage","@id":"https:\/\/hylajams.fi\/?product=hyla-tuoksu-sitruuna-500-ml","url":"https:\/\/hylajams.fi\/?product=hyla-tuoksu-sitruuna-500-ml","name":"Hyla tuoksu sitruuna 500 ml - iso tuoksu pullo","isPartOf":{"@id":"https:\/\/hylajams.fi\/#website"},"primaryImageOfPage":{"@id":"https:\/\/hylajams.fi\/?product=hyla-tuoksu-sitruuna-500-ml#primaryimage"},"image":{"@id":"https:\/\/hylajams.fi\/?product=hyla-tuoksu-sitruuna-500-ml#primaryimage"},"thumbnailUrl":"https:\/\/hylajams.fi\/wp-content\/uploads\/2023\/03\/17271-UUSI-sitruuna.jpg","datePublished":"2023-01-25T20:44:19+00:00","dateModified":"2026-02-28T00:07:40+00:00","description":"Hyla tuoksu sitruuna 500 ml \u2013 raikas ja energisoiva sitruunan tuoksu, joka poistaa hajut ja tuo puhtauden tunteen kotiisi.","breadcrumb":{"@id":"https:\/\/hylajams.fi\/?product=hyla-tuoksu-sitruuna-500-ml#breadcrumb"},"inLanguage":"fi","potentialAction":[{"@type":"ReadAction","target":["https:\/\/hylajams.fi\/?product=hyla-tuoksu-sitruuna-500-ml"]}]},{"@type":"ImageObject","inLanguage":"fi","@id":"https:\/\/hylajams.fi\/?product=hyla-tuoksu-sitruuna-500-ml#primaryimage","url":"https:\/\/hylajams.fi\/wp-content\/uploads\/2023\/03\/17271-UUSI-sitruuna.jpg","contentUrl":"https:\/\/hylajams.fi\/wp-content\/uploads\/2023\/03\/17271-UUSI-sitruuna.jpg","width":442,"height":658,"caption":"17271 Hyla tuoksu Sitruuna"},{"@type":"BreadcrumbList","@id":"https:\/\/hylajams.fi\/?product=hyla-tuoksu-sitruuna-500-ml#breadcrumb","itemListElement":[{"@type":"ListItem","position":1,"name":"Etusivu","item":"https:\/\/hylajams.fi\/"},{"@type":"ListItem","position":2,"name":"VERKKOKAUPPA","item":"https:\/\/hylajams.fi\/?page_id=9"},{"@type":"ListItem","position":3,"name":"17271 Hyla tuoksu sitruuna 500 ml"}]},{"@type":"WebSite","@id":"https:\/\/hylajams.fi\/#website","url":"https:\/\/hylajams.fi\/","name":"Hyla Jams Verkkokauppa","description":"Hyla ilman- ja huoneen puhdistusj\u00e4rjestelm\u00e4 Suomessa","publisher":{"@id":"https:\/\/hylajams.fi\/#organization"},"potentialAction":[{"@type":"SearchAction","target":{"@type":"EntryPoint","urlTemplate":"https:\/\/hylajams.fi\/?s={search_term_string}"},"query-input":{"@type":"PropertyValueSpecification","valueRequired":true,"valueName":"search_term_string"}}],"inLanguage":"fi"},{"@type":"Organization","@id":"https:\/\/hylajams.fi\/#organization","name":"Hyla Jams Verkkokauppa","url":"https:\/\/hylajams.fi\/","logo":{"@type":"ImageObject","inLanguage":"fi","@id":"https:\/\/hylajams.fi\/#\/schema\/logo\/image\/","url":"https:\/\/hylajams.fi\/wp-content\/uploads\/2025\/02\/Logo-1-2.jpg","contentUrl":"https:\/\/hylajams.fi\/wp-content\/uploads\/2025\/02\/Logo-1-2.jpg","width":500,"height":500,"caption":"Hyla Jams Verkkokauppa"},"image":{"@id":"https:\/\/hylajams.fi\/#\/schema\/logo\/image\/"},"sameAs":["https:\/\/www.instagram.com\/hylasiivous\/"]}]}},"_links":{"self":[{"href":"https:\/\/hylajams.fi\/index.php?rest_route=\/wp\/v2\/product\/4698","targetHints":{"allow":["GET"]}}],"collection":[{"href":"https:\/\/hylajams.fi\/index.php?rest_route=\/wp\/v2\/product"}],"about":[{"href":"https:\/\/hylajams.fi\/index.php?rest_route=\/wp\/v2\/types\/product"}],"version-history":[{"count":12,"href":"https:\/\/hylajams.fi\/index.php?rest_route=\/wp\/v2\/product\/4698\/revisions"}],"predecessor-version":[{"id":11384,"href":"https:\/\/hylajams.fi\/index.php?rest_route=\/wp\/v2\/product\/4698\/revisions\/11384"}],"wp:featuredmedia":[{"embeddable":true,"href":"https:\/\/hylajams.fi\/index.php?rest_route=\/wp\/v2\/media\/12936"}],"wp:attachment":[{"href":"https:\/\/hylajams.fi\/index.php?rest_route=%2Fwp%2Fv2%2Fmedia&parent=4698"}],"wp:term":[{"taxonomy":"product_brand","embeddable":true,"href":"https:\/\/hylajams.fi\/index.php?rest_route=%2Fwp%2Fv2%2Fproduct_brand&post=4698"},{"taxonomy":"product_cat","embeddable":true,"href":"https:\/\/hylajams.fi\/index.php?rest_route=%2Fwp%2Fv2%2Fproduct_cat&post=4698"},{"taxonomy":"product_tag","embeddable":true,"href":"https:\/\/hylajams.fi\/index.php?rest_route=%2Fwp%2Fv2%2Fproduct_tag&post=4698"}],"curies":[{"name":"wp","href":"https:\/\/api.w.org\/{rel}","templated":true}]}}