{"id":3414,"date":"2022-01-06T21:54:51","date_gmt":"2022-01-06T19:54:51","guid":{"rendered":"https:\/\/hylajams.fi\/?post_type=product&#038;p=3414"},"modified":"2026-03-25T21:27:05","modified_gmt":"2026-03-25T19:27:05","slug":"hyla-imeytymisen-estaja","status":"publish","type":"product","link":"https:\/\/hylajams.fi\/?product=hyla-imeytymisen-estaja","title":{"rendered":"46910 Hyla imeytymisen est\u00e4j\u00e4 &#8211; Imeytymissuoja s\u00e4hk\u00f6moottoriharjaan"},"content":{"rendered":"<p data-start=\"188\" data-end=\"461\"><strong data-start=\"188\" data-end=\"215\">Hyla imeytymisen est\u00e4j\u00e4,<\/strong> patjan, kankaiden ja mattojen imeytymissuoja, joka est\u00e4\u00e4 niiden imeytymist\u00e4 voimakkaasti imev\u00e4\u00e4n Hylan s\u00e4hk\u00f6moottoriharjaan.\u00a0Unohda huoli maton reunan tarttumisesta tai patjojen rispaantumisesta imuroinnin aikana. Hyla imeytymisen est\u00e4j\u00e4 tekee siivouksesta helpompaa ja turvallisempaa tekstiileillesi.<\/p>\n<blockquote class=\"wp-embedded-content\" data-secret=\"YnLdT4xDPC\"><p><a href=\"https:\/\/hylajams.fi\/?p=3494\">Hyla Imeytymisen est\u00e4j\u00e4<\/a><\/p><\/blockquote>\n<p><iframe class=\"wp-embedded-content\" sandbox=\"allow-scripts\" security=\"restricted\" style=\"position: absolute; visibility: hidden;\" title=\"&#8221;Hyla Imeytymisen est\u00e4j\u00e4&#8221; &#8212; Hyla Jams Verkkokauppa\" src=\"https:\/\/hylajams.fi\/?p=3494&#038;embed=true#?secret=XB0eJQAlRj#?secret=YnLdT4xDPC\" data-secret=\"YnLdT4xDPC\" width=\"600\" height=\"338\" frameborder=\"0\" marginwidth=\"0\" marginheight=\"0\" scrolling=\"no\"><\/iframe><\/p>\n<p>Jos maton reunan tarttuminen s\u00e4hk\u00f6moottoriharjaan tai patjojen rispaantuminen aiheuttavat \u00e4rsytyst\u00e4, mutta t\u00e4m\u00e4 k\u00e4tev\u00e4 ja edullinen <strong>imeytymisen est\u00e4j\u00e4<\/strong> tarjoaa ratkaisun ongelmiisi.<\/p>\n<p>Hyla-s\u00e4hk\u00f6moottoriharjaan sijoitettava <strong>Imeytymisen est\u00e4j\u00e4<\/strong>, joka on k\u00e4tev\u00e4 lis\u00e4varuste, ja joka suojaa tekstiilej\u00e4 ja mattoja voimakkaasti imev\u00e4n Hyla-s\u00e4hk\u00f6moottoriharjan toiminnan aikana. Imeytymisen est\u00e4j\u00e4 torjuu tehokkaasti patjojen, kankaiden ja mattojen imeytymist\u00e4 voimakkaaseen s\u00e4hk\u00f6moottoriharjaan.<\/p>\n<p>Unohda huoli maton reunan kiinnittymisest\u00e4 imuroinnin aikana \u2013 t\u00e4m\u00e4 imeytymisen est\u00e4j\u00e4 auttaa suojaamaan patjat, matot ja muut pintamateriaalit vaurioilta. Sovitin est\u00e4\u00e4 patjan rispaantumisen ja pit\u00e4\u00e4 mattojen p\u00e4\u00e4t sek\u00e4 reunat paikoillaan imuroinnin aikana. Helppo asentaa ja irrottaa tarvittaessa. Imeytymisen est\u00e4j\u00e4 pident\u00e4\u00e4 s\u00e4hk\u00f6moottoriharjan k\u00e4ytt\u00f6ik\u00e4\u00e4 ja auttaa s\u00e4\u00e4st\u00e4m\u00e4\u00e4n rahaa uusien patjojen ja mattojen hankinnassa.<\/p>\n<p>Hanki nyt imeytymisen est\u00e4j\u00e4, s\u00e4\u00e4st\u00e4\u00e4ksesi vuodepatjan pintakangasta ja suojataksesi patjaa vaurioilta, kun s\u00e4hk\u00f6moottoriharja py\u00f6rii. Lis\u00e4ksi se s\u00e4\u00e4st\u00e4\u00e4 s\u00e4hk\u00f6moottorin harjan moottoria ja nopeuttaa mattojen imurointia. Pituus 21 cm.<\/p>\n<p>T\u00e4m\u00e4 sovitin on yhteensopiva kaikkien Hyla-mallien kanssa.<\/p>\n<p><strong>KATSO VIDEO;<\/strong>\u00a0miten <a href=\"https:\/\/www.youtube.com\/watch?v=qZAm2B4vLhk\"><strong>Imeytymisen est\u00e4j\u00e4<\/strong><\/a> toimii k\u00e4yt\u00e4nn\u00f6ss\u00e4.<\/p>\n<p><strong>KATSO VIDEO<\/strong><strong>;<\/strong> miten<strong><a href=\"https:\/\/hylajams.fi\/?p=3494\"> asetat imeytymissuojan paikoilleen<\/a><\/strong><\/p>\n<figure id=\"attachment_11660\" aria-describedby=\"caption-attachment-11660\" style=\"width: 300px\" class=\"wp-caption alignnone\"><img fetchpriority=\"high\" decoding=\"async\" class=\"wp-image-11660 size-medium\" src=\"https:\/\/hylajams.fi\/wp-content\/uploads\/2022\/06\/46910b-300x169.jpg\" alt=\"\" width=\"300\" height=\"169\" srcset=\"https:\/\/hylajams.fi\/wp-content\/uploads\/2022\/06\/46910b-300x169.jpg 300w, https:\/\/hylajams.fi\/wp-content\/uploads\/2022\/06\/46910b-768x432.jpg 768w, https:\/\/hylajams.fi\/wp-content\/uploads\/2022\/06\/46910b-600x338.jpg 600w, https:\/\/hylajams.fi\/wp-content\/uploads\/2022\/06\/46910b.jpg 960w\" sizes=\"(max-width: 300px) 100vw, 300px\" \/><figcaption id=\"caption-attachment-11660\" class=\"wp-caption-text\">46910 Imeytymisen est\u00e4j\u00e4<\/figcaption><\/figure>\n<p data-start=\"463\" data-end=\"492\"><strong data-start=\"463\" data-end=\"490\">Ominaisuudet ja hy\u00f6dyt:<\/strong><\/p>\n<ul>\n<li data-start=\"495\" data-end=\"619\"><strong data-start=\"495\" data-end=\"528\">Suojaa tekstiilej\u00e4 ja mattoja<\/strong> \u2013 est\u00e4\u00e4 patjojen rispaantumisen, mattojen reunoihin tarttumisen ja vaurioiden syntymisen<\/li>\n<li data-start=\"622\" data-end=\"709\"><strong data-start=\"622\" data-end=\"652\">Helppo asentaa ja irrottaa<\/strong> \u2013 voidaan liitt\u00e4\u00e4 nopeasti s\u00e4hk\u00f6moottoriharjaan k\u00e4ytt\u00f6\u00e4 varten<\/li>\n<li data-start=\"712\" data-end=\"811\"><strong data-start=\"712\" data-end=\"742\">Pident\u00e4\u00e4 harjan k\u00e4ytt\u00f6ik\u00e4\u00e4<\/strong> \u2013 suojaa harjaa liialliselta kuormitukselta ja tehostaa imurointia<\/li>\n<li data-start=\"814\" data-end=\"897\"><strong data-start=\"814\" data-end=\"837\">K\u00e4tev\u00e4 ja edullinen<\/strong> \u2013 pienell\u00e4 investoinnilla suuri suoja kodin tekstiileille<\/li>\n<li data-start=\"900\" data-end=\"1002\"><strong data-start=\"900\" data-end=\"945\">K\u00e4y kaikkiin Hyla-mallin s\u00e4hk\u00f6moottoriharjoihin<\/strong> \u2013 toimii EST, GST ja NST<\/li>\n<\/ul>\n<p data-start=\"1004\" data-end=\"1026\"><strong data-start=\"1004\" data-end=\"1024\">Tekniset tiedot:<\/strong><\/p>\n<ul>\n<li data-start=\"1029\" data-end=\"1044\">Pituus: 21 cm<\/li>\n<li data-start=\"1047\" data-end=\"1098\">Materiaali: Kest\u00e4v\u00e4 ja joustava muovi\/komposiitti<\/li>\n<li data-start=\"1101\" data-end=\"1135\">Soveltuu kaikille Hyla-malleille<\/li>\n<\/ul>\n<p><strong><a href=\"https:\/\/hylajams.fi\/?page_id=7252\">HYLA EST TUOTTEET<\/a><\/strong><\/p>\n<p><strong><a href=\"https:\/\/hylajams.fi\/?page_id=8366\">HYLA GST TUOTTEET<\/a><\/strong><\/p>\n<p><strong><a href=\"https:\/\/hylajams.fi\/?page_id=8371\">HYLA NST TUOTTEET<\/a><\/strong><\/p>\n<p><strong><a href=\"https:\/\/www.hyla.com\/products\/products\"><span dir=\"auto\" style=\"vertical-align: inherit;\"><span dir=\"auto\" style=\"vertical-align: inherit;\"><span dir=\"auto\" style=\"vertical-align: inherit;\"><span dir=\"auto\" style=\"vertical-align: inherit;\">HYLA INTERNATIONAL<\/span><\/span><\/span><\/span><\/a><\/strong><\/p>\n","protected":false},"excerpt":{"rendered":"<p data-start=\"123\" data-end=\"186\"><strong>Hyla imeytymisen est\u00e4j\u00e4 \u2013 suojaa patjat, kankaat ja matot<\/strong><\/p>\n<p data-start=\"188\" data-end=\"461\"><strong data-start=\"188\" data-end=\"215\">Hyla imeytymisen est\u00e4j\u00e4<\/strong> on k\u00e4tev\u00e4 lis\u00e4varuste, joka est\u00e4\u00e4 patjojen, mattojen ja muiden tekstiilien imeytymisen voimakkaaseen Hyla-s\u00e4hk\u00f6moottoriharjaan. T\u00e4m\u00e4 pieni mutta tehokas sovitin suojaa sek\u00e4 tekstiilej\u00e4 ett\u00e4 s\u00e4hk\u00f6moottoriharjan harjaa, pident\u00e4en sen k\u00e4ytt\u00f6ik\u00e4\u00e4.\u00a0Unohda huoli maton reunan tarttumisesta tai patjojen rispaantumisesta imuroinnin aikana. Hyla imeytymisen est\u00e4j\u00e4 tekee siivouksesta helpompaa ja turvallisempaa tekstiileillesi.<\/p>\n","protected":false},"featured_media":11664,"template":"","meta":[],"product_brand":[],"product_cat":[952,946,773,774,775,290,942],"product_tag":[1811,1253,1266,1131,1810,1251,1812],"class_list":{"0":"post-3414","1":"product","2":"type-product","3":"status-publish","4":"has-post-thumbnail","6":"product_cat-est-lisatarvikkeet","7":"product_cat-hyla-gst-lisatarvikkeet","8":"product_cat-hyla-est","9":"product_cat-hyla-gst","10":"product_cat-hyla-nst","11":"product_cat-hylan-lisatarvikkeet","12":"product_cat-hyla-nst-lisatarvikkeet","13":"product_tag-est-sahkomoottoriharja","14":"product_tag-gst-sahkomoottoriharja","15":"product_tag-hyla-imeytymisen-estaja","16":"product_tag-hyla-lisavaruste","17":"product_tag-imeytymissuoja-sahkomoottoriharjaan","18":"product_tag-nst-sahkomoottoriharja","19":"product_tag-sahkomoottoriharja-lisaosa","20":"_wholesalex wsx-wholesalex-product","22":"first","23":"instock","24":"featured","25":"shipping-taxable","26":"purchasable","27":"product-type-simple"},"yoast_head":"<!-- This site is optimized with the Yoast SEO plugin v27.3 - https:\/\/yoast.com\/product\/yoast-seo-wordpress\/ -->\n<title>Hyla imeytymisen est\u00e4j\u00e4\u2013 suojaa patjat ja matot s\u00e4hk\u00f6moottoriharja<\/title>\n<meta name=\"description\" content=\"Hyla imeytymisen est\u00e4j\u00e4 - suojaa patjat, matot ja tekstiilit voimakkaasti imev\u00e4lt\u00e4 Hyla-s\u00e4hk\u00f6moottoriharjalta. Helppo asentaa.\" \/>\n<meta name=\"robots\" content=\"index, follow, max-snippet:-1, max-image-preview:large, max-video-preview:-1\" \/>\n<link rel=\"canonical\" href=\"https:\/\/hylajams.fi\/?product=hyla-imeytymisen-estaja\" \/>\n<meta property=\"og:locale\" content=\"fi_FI\" \/>\n<meta property=\"og:type\" content=\"article\" \/>\n<meta property=\"og:title\" content=\"Hyla imeytymisen est\u00e4j\u00e4\u2013 suojaa patjat ja matot s\u00e4hk\u00f6moottoriharja\" \/>\n<meta property=\"og:description\" content=\"Hyla imeytymisen est\u00e4j\u00e4 - suojaa patjat, matot ja tekstiilit voimakkaasti imev\u00e4lt\u00e4 Hyla-s\u00e4hk\u00f6moottoriharjalta. Helppo asentaa.\" \/>\n<meta property=\"og:url\" content=\"https:\/\/hylajams.fi\/?product=hyla-imeytymisen-estaja\" \/>\n<meta property=\"og:site_name\" content=\"Hyla Jams Verkkokauppa\" \/>\n<meta property=\"article:modified_time\" content=\"2026-03-25T19:27:05+00:00\" \/>\n<meta property=\"og:image\" content=\"https:\/\/hylajams.fi\/wp-content\/uploads\/2022\/01\/46910-Imeytymisen-estaja-a.jpg\" \/>\n\t<meta property=\"og:image:width\" content=\"960\" \/>\n\t<meta property=\"og:image:height\" content=\"540\" \/>\n\t<meta property=\"og:image:type\" content=\"image\/jpeg\" \/>\n<meta name=\"twitter:card\" content=\"summary_large_image\" \/>\n<meta name=\"twitter:label1\" content=\"Arvioitu lukuaika\" \/>\n\t<meta name=\"twitter:data1\" content=\"3 minuuttia\" \/>\n<script type=\"application\/ld+json\" class=\"yoast-schema-graph\">{\"@context\":\"https:\\\/\\\/schema.org\",\"@graph\":[{\"@type\":\"WebPage\",\"@id\":\"https:\\\/\\\/hylajams.fi\\\/?product=hyla-imeytymisen-estaja\",\"url\":\"https:\\\/\\\/hylajams.fi\\\/?product=hyla-imeytymisen-estaja\",\"name\":\"Hyla imeytymisen est\u00e4j\u00e4\u2013 suojaa patjat ja matot s\u00e4hk\u00f6moottoriharja\",\"isPartOf\":{\"@id\":\"https:\\\/\\\/hylajams.fi\\\/#website\"},\"primaryImageOfPage\":{\"@id\":\"https:\\\/\\\/hylajams.fi\\\/?product=hyla-imeytymisen-estaja#primaryimage\"},\"image\":{\"@id\":\"https:\\\/\\\/hylajams.fi\\\/?product=hyla-imeytymisen-estaja#primaryimage\"},\"thumbnailUrl\":\"https:\\\/\\\/hylajams.fi\\\/wp-content\\\/uploads\\\/2022\\\/01\\\/46910-Imeytymisen-estaja-a.jpg\",\"datePublished\":\"2022-01-06T19:54:51+00:00\",\"dateModified\":\"2026-03-25T19:27:05+00:00\",\"description\":\"Hyla imeytymisen est\u00e4j\u00e4 - suojaa patjat, matot ja tekstiilit voimakkaasti imev\u00e4lt\u00e4 Hyla-s\u00e4hk\u00f6moottoriharjalta. Helppo asentaa.\",\"breadcrumb\":{\"@id\":\"https:\\\/\\\/hylajams.fi\\\/?product=hyla-imeytymisen-estaja#breadcrumb\"},\"inLanguage\":\"fi\",\"potentialAction\":[{\"@type\":\"ReadAction\",\"target\":[\"https:\\\/\\\/hylajams.fi\\\/?product=hyla-imeytymisen-estaja\"]}]},{\"@type\":\"ImageObject\",\"inLanguage\":\"fi\",\"@id\":\"https:\\\/\\\/hylajams.fi\\\/?product=hyla-imeytymisen-estaja#primaryimage\",\"url\":\"https:\\\/\\\/hylajams.fi\\\/wp-content\\\/uploads\\\/2022\\\/01\\\/46910-Imeytymisen-estaja-a.jpg\",\"contentUrl\":\"https:\\\/\\\/hylajams.fi\\\/wp-content\\\/uploads\\\/2022\\\/01\\\/46910-Imeytymisen-estaja-a.jpg\",\"width\":960,\"height\":540,\"caption\":\"46910 Imeytymisen est\u00e4j\u00e4\"},{\"@type\":\"BreadcrumbList\",\"@id\":\"https:\\\/\\\/hylajams.fi\\\/?product=hyla-imeytymisen-estaja#breadcrumb\",\"itemListElement\":[{\"@type\":\"ListItem\",\"position\":1,\"name\":\"Etusivu\",\"item\":\"https:\\\/\\\/hylajams.fi\\\/\"},{\"@type\":\"ListItem\",\"position\":2,\"name\":\"VERKKOKAUPPA\",\"item\":\"https:\\\/\\\/hylajams.fi\\\/?page_id=9\"},{\"@type\":\"ListItem\",\"position\":3,\"name\":\"46910 Hyla imeytymisen est\u00e4j\u00e4 &#8211; Imeytymissuoja s\u00e4hk\u00f6moottoriharjaan\"}]},{\"@type\":\"WebSite\",\"@id\":\"https:\\\/\\\/hylajams.fi\\\/#website\",\"url\":\"https:\\\/\\\/hylajams.fi\\\/\",\"name\":\"Hyla Jams Verkkokauppa\",\"description\":\"Hyla ilman- ja huoneen puhdistusj\u00e4rjestelm\u00e4 Suomessa\",\"publisher\":{\"@id\":\"https:\\\/\\\/hylajams.fi\\\/#organization\"},\"potentialAction\":[{\"@type\":\"SearchAction\",\"target\":{\"@type\":\"EntryPoint\",\"urlTemplate\":\"https:\\\/\\\/hylajams.fi\\\/?s={search_term_string}\"},\"query-input\":{\"@type\":\"PropertyValueSpecification\",\"valueRequired\":true,\"valueName\":\"search_term_string\"}}],\"inLanguage\":\"fi\"},{\"@type\":\"Organization\",\"@id\":\"https:\\\/\\\/hylajams.fi\\\/#organization\",\"name\":\"Hyla Jams Verkkokauppa\",\"url\":\"https:\\\/\\\/hylajams.fi\\\/\",\"logo\":{\"@type\":\"ImageObject\",\"inLanguage\":\"fi\",\"@id\":\"https:\\\/\\\/hylajams.fi\\\/#\\\/schema\\\/logo\\\/image\\\/\",\"url\":\"https:\\\/\\\/hylajams.fi\\\/wp-content\\\/uploads\\\/2025\\\/02\\\/Logo-1-2.jpg\",\"contentUrl\":\"https:\\\/\\\/hylajams.fi\\\/wp-content\\\/uploads\\\/2025\\\/02\\\/Logo-1-2.jpg\",\"width\":500,\"height\":500,\"caption\":\"Hyla Jams Verkkokauppa\"},\"image\":{\"@id\":\"https:\\\/\\\/hylajams.fi\\\/#\\\/schema\\\/logo\\\/image\\\/\"},\"sameAs\":[\"https:\\\/\\\/www.instagram.com\\\/hylasiivous\\\/\"]}]}<\/script>\n<!-- \/ Yoast SEO plugin. -->","yoast_head_json":{"title":"Hyla imeytymisen est\u00e4j\u00e4\u2013 suojaa patjat ja matot s\u00e4hk\u00f6moottoriharja","description":"Hyla imeytymisen est\u00e4j\u00e4 - suojaa patjat, matot ja tekstiilit voimakkaasti imev\u00e4lt\u00e4 Hyla-s\u00e4hk\u00f6moottoriharjalta. Helppo asentaa.","robots":{"index":"index","follow":"follow","max-snippet":"max-snippet:-1","max-image-preview":"max-image-preview:large","max-video-preview":"max-video-preview:-1"},"canonical":"https:\/\/hylajams.fi\/?product=hyla-imeytymisen-estaja","og_locale":"fi_FI","og_type":"article","og_title":"Hyla imeytymisen est\u00e4j\u00e4\u2013 suojaa patjat ja matot s\u00e4hk\u00f6moottoriharja","og_description":"Hyla imeytymisen est\u00e4j\u00e4 - suojaa patjat, matot ja tekstiilit voimakkaasti imev\u00e4lt\u00e4 Hyla-s\u00e4hk\u00f6moottoriharjalta. Helppo asentaa.","og_url":"https:\/\/hylajams.fi\/?product=hyla-imeytymisen-estaja","og_site_name":"Hyla Jams Verkkokauppa","article_modified_time":"2026-03-25T19:27:05+00:00","og_image":[{"width":960,"height":540,"url":"https:\/\/hylajams.fi\/wp-content\/uploads\/2022\/01\/46910-Imeytymisen-estaja-a.jpg","type":"image\/jpeg"}],"twitter_card":"summary_large_image","twitter_misc":{"Arvioitu lukuaika":"3 minuuttia"},"schema":{"@context":"https:\/\/schema.org","@graph":[{"@type":"WebPage","@id":"https:\/\/hylajams.fi\/?product=hyla-imeytymisen-estaja","url":"https:\/\/hylajams.fi\/?product=hyla-imeytymisen-estaja","name":"Hyla imeytymisen est\u00e4j\u00e4\u2013 suojaa patjat ja matot s\u00e4hk\u00f6moottoriharja","isPartOf":{"@id":"https:\/\/hylajams.fi\/#website"},"primaryImageOfPage":{"@id":"https:\/\/hylajams.fi\/?product=hyla-imeytymisen-estaja#primaryimage"},"image":{"@id":"https:\/\/hylajams.fi\/?product=hyla-imeytymisen-estaja#primaryimage"},"thumbnailUrl":"https:\/\/hylajams.fi\/wp-content\/uploads\/2022\/01\/46910-Imeytymisen-estaja-a.jpg","datePublished":"2022-01-06T19:54:51+00:00","dateModified":"2026-03-25T19:27:05+00:00","description":"Hyla imeytymisen est\u00e4j\u00e4 - suojaa patjat, matot ja tekstiilit voimakkaasti imev\u00e4lt\u00e4 Hyla-s\u00e4hk\u00f6moottoriharjalta. Helppo asentaa.","breadcrumb":{"@id":"https:\/\/hylajams.fi\/?product=hyla-imeytymisen-estaja#breadcrumb"},"inLanguage":"fi","potentialAction":[{"@type":"ReadAction","target":["https:\/\/hylajams.fi\/?product=hyla-imeytymisen-estaja"]}]},{"@type":"ImageObject","inLanguage":"fi","@id":"https:\/\/hylajams.fi\/?product=hyla-imeytymisen-estaja#primaryimage","url":"https:\/\/hylajams.fi\/wp-content\/uploads\/2022\/01\/46910-Imeytymisen-estaja-a.jpg","contentUrl":"https:\/\/hylajams.fi\/wp-content\/uploads\/2022\/01\/46910-Imeytymisen-estaja-a.jpg","width":960,"height":540,"caption":"46910 Imeytymisen est\u00e4j\u00e4"},{"@type":"BreadcrumbList","@id":"https:\/\/hylajams.fi\/?product=hyla-imeytymisen-estaja#breadcrumb","itemListElement":[{"@type":"ListItem","position":1,"name":"Etusivu","item":"https:\/\/hylajams.fi\/"},{"@type":"ListItem","position":2,"name":"VERKKOKAUPPA","item":"https:\/\/hylajams.fi\/?page_id=9"},{"@type":"ListItem","position":3,"name":"46910 Hyla imeytymisen est\u00e4j\u00e4 &#8211; Imeytymissuoja s\u00e4hk\u00f6moottoriharjaan"}]},{"@type":"WebSite","@id":"https:\/\/hylajams.fi\/#website","url":"https:\/\/hylajams.fi\/","name":"Hyla Jams Verkkokauppa","description":"Hyla ilman- ja huoneen puhdistusj\u00e4rjestelm\u00e4 Suomessa","publisher":{"@id":"https:\/\/hylajams.fi\/#organization"},"potentialAction":[{"@type":"SearchAction","target":{"@type":"EntryPoint","urlTemplate":"https:\/\/hylajams.fi\/?s={search_term_string}"},"query-input":{"@type":"PropertyValueSpecification","valueRequired":true,"valueName":"search_term_string"}}],"inLanguage":"fi"},{"@type":"Organization","@id":"https:\/\/hylajams.fi\/#organization","name":"Hyla Jams Verkkokauppa","url":"https:\/\/hylajams.fi\/","logo":{"@type":"ImageObject","inLanguage":"fi","@id":"https:\/\/hylajams.fi\/#\/schema\/logo\/image\/","url":"https:\/\/hylajams.fi\/wp-content\/uploads\/2025\/02\/Logo-1-2.jpg","contentUrl":"https:\/\/hylajams.fi\/wp-content\/uploads\/2025\/02\/Logo-1-2.jpg","width":500,"height":500,"caption":"Hyla Jams Verkkokauppa"},"image":{"@id":"https:\/\/hylajams.fi\/#\/schema\/logo\/image\/"},"sameAs":["https:\/\/www.instagram.com\/hylasiivous\/"]}]}},"_links":{"self":[{"href":"https:\/\/hylajams.fi\/index.php?rest_route=\/wp\/v2\/product\/3414","targetHints":{"allow":["GET"]}}],"collection":[{"href":"https:\/\/hylajams.fi\/index.php?rest_route=\/wp\/v2\/product"}],"about":[{"href":"https:\/\/hylajams.fi\/index.php?rest_route=\/wp\/v2\/types\/product"}],"version-history":[{"count":15,"href":"https:\/\/hylajams.fi\/index.php?rest_route=\/wp\/v2\/product\/3414\/revisions"}],"predecessor-version":[{"id":11665,"href":"https:\/\/hylajams.fi\/index.php?rest_route=\/wp\/v2\/product\/3414\/revisions\/11665"}],"wp:featuredmedia":[{"embeddable":true,"href":"https:\/\/hylajams.fi\/index.php?rest_route=\/wp\/v2\/media\/11664"}],"wp:attachment":[{"href":"https:\/\/hylajams.fi\/index.php?rest_route=%2Fwp%2Fv2%2Fmedia&parent=3414"}],"wp:term":[{"taxonomy":"product_brand","embeddable":true,"href":"https:\/\/hylajams.fi\/index.php?rest_route=%2Fwp%2Fv2%2Fproduct_brand&post=3414"},{"taxonomy":"product_cat","embeddable":true,"href":"https:\/\/hylajams.fi\/index.php?rest_route=%2Fwp%2Fv2%2Fproduct_cat&post=3414"},{"taxonomy":"product_tag","embeddable":true,"href":"https:\/\/hylajams.fi\/index.php?rest_route=%2Fwp%2Fv2%2Fproduct_tag&post=3414"}],"curies":[{"name":"wp","href":"https:\/\/api.w.org\/{rel}","templated":true}]}}