{"id":2970,"date":"2021-10-18T18:47:21","date_gmt":"2021-10-18T15:47:21","guid":{"rendered":"https:\/\/hylajams.fi\/?post_type=product&#038;p=2970"},"modified":"2026-02-28T00:31:02","modified_gmt":"2026-02-27T22:31:02","slug":"hylan-etuluukku","status":"publish","type":"product","link":"https:\/\/hylajams.fi\/?product=hylan-etuluukku","title":{"rendered":"33531 Hylan etuluukku EST GST \u2013 t\u00e4rke\u00e4 osa ilmanpesua"},"content":{"rendered":"<p data-start=\"89\" data-end=\"133\"><strong data-start=\"89\" data-end=\"131\">Hylan etuluukku EST GST\u2013 t\u00e4rke\u00e4 osa ilmanpesua<\/strong><\/p>\n<p data-start=\"89\" data-end=\"133\">(43530 Hyla EST etuluukku, 33531 Hyla GST etuluukku, molemmat ovat sopivat)<\/p>\n<p data-start=\"135\" data-end=\"345\">Etuluukku on olennainen osa Hylan toimintaa, ja se tulee aina pit\u00e4\u00e4 paikallaan, kun laitteella pest\u00e4\u00e4n huoneilmaa. Sen ansiosta Hyla imee p\u00f6lyt ja ep\u00e4puhtaudet pienist\u00e4 ilmanottoaukoista entist\u00e4 tehokkaammin.<\/p>\n<p data-start=\"347\" data-end=\"568\">Usein etuluukku saattaa kuitenkin olla kadoksissa. Uusissa <strong data-start=\"406\" data-end=\"436\">Hyla EST ja GST -malleissa<\/strong> t\u00e4h\u00e4n on k\u00e4tev\u00e4 ratkaisu: luukun voi tarvittaessa s\u00e4ilytt\u00e4\u00e4 Hylan takaosan piilopaikassa, josta se l\u00f6ytyy aina helposti k\u00e4ytt\u00f6\u00f6n.<\/p>\n<h4><a href=\"https:\/\/youtu.be\/vM11dvTLHXc\"><img fetchpriority=\"high\" decoding=\"async\" class=\"alignnone size-medium wp-image-8383\" src=\"https:\/\/hylajams.fi\/wp-content\/uploads\/2024\/10\/Etu-ja-takaluukku-300x169.jpg\" alt=\"\" width=\"300\" height=\"169\" srcset=\"https:\/\/hylajams.fi\/wp-content\/uploads\/2024\/10\/Etu-ja-takaluukku-300x169.jpg 300w, https:\/\/hylajams.fi\/wp-content\/uploads\/2024\/10\/Etu-ja-takaluukku-768x432.jpg 768w, https:\/\/hylajams.fi\/wp-content\/uploads\/2024\/10\/Etu-ja-takaluukku-600x338.jpg 600w, https:\/\/hylajams.fi\/wp-content\/uploads\/2024\/10\/Etu-ja-takaluukku.jpg 960w\" sizes=\"(max-width: 300px) 100vw, 300px\" \/><\/a><\/h4>\n<p><strong>Etuluukun tallennus ohje:\u00a0<\/strong><strong><a href=\"https:\/\/youtu.be\/vM11dvTLHXc\">Video<\/a>.<\/strong><\/p>\n<p data-start=\"4289\" data-end=\"4347\"><strong><a href=\"https:\/\/hylajams.fi\/?page_id=8380\">ETU- JA TAKALUUKKU<\/a><\/strong><\/p>\n<p data-start=\"4289\" data-end=\"4347\"><strong><a href=\"https:\/\/hylajams.fi\/?page_id=7252\">HYLA EST TUOTTEET<\/a><\/strong><\/p>\n<p><strong><a href=\"https:\/\/www.hyla.com\/products\/products\"><span dir=\"auto\"><span dir=\"auto\" style=\"vertical-align: inherit;\"><span dir=\"auto\" style=\"vertical-align: inherit;\">HYLA INTERNATIONAL<\/span><\/span><\/span><\/a><\/strong><\/p>\n","protected":false},"excerpt":{"rendered":"<p><strong>Hyla EST ja GST:n edess\u00e4 oleva etuluukku,<\/strong> joka pidet\u00e4\u00e4n p\u00e4\u00e4ll\u00e4 kun tehd\u00e4\u00e4n ilman puhdistusta eli \u201dilmanpesua\u201d.<\/p>\n<h4><\/h4>\n","protected":false},"featured_media":8390,"template":"","meta":[],"product_brand":[],"product_cat":[951,944,773,774],"product_tag":[1819,490,1820,1818,1754,1131,1821],"class_list":{"0":"post-2970","1":"product","2":"type-product","3":"status-publish","4":"has-post-thumbnail","6":"product_cat-est-varaosat","7":"product_cat-hyla-gst-varaosat","8":"product_cat-hyla-est","9":"product_cat-hyla-gst","10":"product_tag-est-etuluukku","11":"product_tag-etuluukku","12":"product_tag-gst-etuluukku","13":"product_tag-hyla-etuluukku-est-gst","14":"product_tag-hyla-lisaosa","15":"product_tag-hyla-lisavaruste","16":"product_tag-ilmanpesu-osa","17":"product_shipping_class-posti-xxs-paketti-35x25x3-cm-2-kg","18":"_wholesalex wsx-wholesalex-product","20":"first","21":"instock","22":"featured","23":"shipping-taxable","24":"purchasable","25":"product-type-simple"},"yoast_head":"<!-- This site is optimized with the Yoast SEO plugin v27.3 - https:\/\/yoast.com\/product\/yoast-seo-wordpress\/ -->\n<title>Hylan etuluukku EST GST \u2013 t\u00e4rke\u00e4 osa ilmanpesua<\/title>\n<meta name=\"description\" content=\"Hylan etuluukku EST GST \u2013 Pid\u00e4 se p\u00e4\u00e4ll\u00e4, kun teet &quot;ilmanpesua&quot;. Hyla imee p\u00f6lyt ja ep\u00e4puhtaudet pienist\u00e4 ilmanottoaukoista entist\u00e4 tehokkaammin.\" \/>\n<meta name=\"robots\" content=\"index, follow, max-snippet:-1, max-image-preview:large, max-video-preview:-1\" \/>\n<link rel=\"canonical\" href=\"https:\/\/hylajams.fi\/?product=hylan-etuluukku\" \/>\n<meta property=\"og:locale\" content=\"fi_FI\" \/>\n<meta property=\"og:type\" content=\"article\" \/>\n<meta property=\"og:title\" content=\"Hylan etuluukku EST GST \u2013 t\u00e4rke\u00e4 osa ilmanpesua\" \/>\n<meta property=\"og:description\" content=\"Hylan etuluukku EST GST \u2013 Pid\u00e4 se p\u00e4\u00e4ll\u00e4, kun teet &quot;ilmanpesua&quot;. Hyla imee p\u00f6lyt ja ep\u00e4puhtaudet pienist\u00e4 ilmanottoaukoista entist\u00e4 tehokkaammin.\" \/>\n<meta property=\"og:url\" content=\"https:\/\/hylajams.fi\/?product=hylan-etuluukku\" \/>\n<meta property=\"og:site_name\" content=\"Hyla Jams Verkkokauppa\" \/>\n<meta property=\"article:modified_time\" content=\"2026-02-27T22:31:02+00:00\" \/>\n<meta property=\"og:image\" content=\"https:\/\/hylajams.fi\/wp-content\/uploads\/2024\/10\/43530-Hyla-EST-etuluukku-1.jpg\" \/>\n\t<meta property=\"og:image:width\" content=\"1200\" \/>\n\t<meta property=\"og:image:height\" content=\"675\" \/>\n\t<meta property=\"og:image:type\" content=\"image\/jpeg\" \/>\n<meta name=\"twitter:card\" content=\"summary_large_image\" \/>\n<meta name=\"twitter:label1\" content=\"Arvioitu lukuaika\" \/>\n\t<meta name=\"twitter:data1\" content=\"1 minuutti\" \/>\n<script type=\"application\/ld+json\" class=\"yoast-schema-graph\">{\"@context\":\"https:\\\/\\\/schema.org\",\"@graph\":[{\"@type\":\"WebPage\",\"@id\":\"https:\\\/\\\/hylajams.fi\\\/?product=hylan-etuluukku\",\"url\":\"https:\\\/\\\/hylajams.fi\\\/?product=hylan-etuluukku\",\"name\":\"Hylan etuluukku EST GST \u2013 t\u00e4rke\u00e4 osa ilmanpesua\",\"isPartOf\":{\"@id\":\"https:\\\/\\\/hylajams.fi\\\/#website\"},\"primaryImageOfPage\":{\"@id\":\"https:\\\/\\\/hylajams.fi\\\/?product=hylan-etuluukku#primaryimage\"},\"image\":{\"@id\":\"https:\\\/\\\/hylajams.fi\\\/?product=hylan-etuluukku#primaryimage\"},\"thumbnailUrl\":\"https:\\\/\\\/hylajams.fi\\\/wp-content\\\/uploads\\\/2024\\\/10\\\/43530-Hyla-EST-etuluukku-1.jpg\",\"datePublished\":\"2021-10-18T15:47:21+00:00\",\"dateModified\":\"2026-02-27T22:31:02+00:00\",\"description\":\"Hylan etuluukku EST GST \u2013 Pid\u00e4 se p\u00e4\u00e4ll\u00e4, kun teet \\\"ilmanpesua\\\". Hyla imee p\u00f6lyt ja ep\u00e4puhtaudet pienist\u00e4 ilmanottoaukoista entist\u00e4 tehokkaammin.\",\"breadcrumb\":{\"@id\":\"https:\\\/\\\/hylajams.fi\\\/?product=hylan-etuluukku#breadcrumb\"},\"inLanguage\":\"fi\",\"potentialAction\":[{\"@type\":\"ReadAction\",\"target\":[\"https:\\\/\\\/hylajams.fi\\\/?product=hylan-etuluukku\"]}]},{\"@type\":\"ImageObject\",\"inLanguage\":\"fi\",\"@id\":\"https:\\\/\\\/hylajams.fi\\\/?product=hylan-etuluukku#primaryimage\",\"url\":\"https:\\\/\\\/hylajams.fi\\\/wp-content\\\/uploads\\\/2024\\\/10\\\/43530-Hyla-EST-etuluukku-1.jpg\",\"contentUrl\":\"https:\\\/\\\/hylajams.fi\\\/wp-content\\\/uploads\\\/2024\\\/10\\\/43530-Hyla-EST-etuluukku-1.jpg\",\"width\":1200,\"height\":675,\"caption\":\"Hyla Est ja GST etuluukku\"},{\"@type\":\"BreadcrumbList\",\"@id\":\"https:\\\/\\\/hylajams.fi\\\/?product=hylan-etuluukku#breadcrumb\",\"itemListElement\":[{\"@type\":\"ListItem\",\"position\":1,\"name\":\"Etusivu\",\"item\":\"https:\\\/\\\/hylajams.fi\\\/\"},{\"@type\":\"ListItem\",\"position\":2,\"name\":\"VERKKOKAUPPA\",\"item\":\"https:\\\/\\\/hylajams.fi\\\/?page_id=9\"},{\"@type\":\"ListItem\",\"position\":3,\"name\":\"33531 Hylan etuluukku EST GST \u2013 t\u00e4rke\u00e4 osa ilmanpesua\"}]},{\"@type\":\"WebSite\",\"@id\":\"https:\\\/\\\/hylajams.fi\\\/#website\",\"url\":\"https:\\\/\\\/hylajams.fi\\\/\",\"name\":\"Hyla Jams Verkkokauppa\",\"description\":\"Hyla ilman- ja huoneen puhdistusj\u00e4rjestelm\u00e4 Suomessa\",\"publisher\":{\"@id\":\"https:\\\/\\\/hylajams.fi\\\/#organization\"},\"potentialAction\":[{\"@type\":\"SearchAction\",\"target\":{\"@type\":\"EntryPoint\",\"urlTemplate\":\"https:\\\/\\\/hylajams.fi\\\/?s={search_term_string}\"},\"query-input\":{\"@type\":\"PropertyValueSpecification\",\"valueRequired\":true,\"valueName\":\"search_term_string\"}}],\"inLanguage\":\"fi\"},{\"@type\":\"Organization\",\"@id\":\"https:\\\/\\\/hylajams.fi\\\/#organization\",\"name\":\"Hyla Jams Verkkokauppa\",\"url\":\"https:\\\/\\\/hylajams.fi\\\/\",\"logo\":{\"@type\":\"ImageObject\",\"inLanguage\":\"fi\",\"@id\":\"https:\\\/\\\/hylajams.fi\\\/#\\\/schema\\\/logo\\\/image\\\/\",\"url\":\"https:\\\/\\\/hylajams.fi\\\/wp-content\\\/uploads\\\/2025\\\/02\\\/Logo-1-2.jpg\",\"contentUrl\":\"https:\\\/\\\/hylajams.fi\\\/wp-content\\\/uploads\\\/2025\\\/02\\\/Logo-1-2.jpg\",\"width\":500,\"height\":500,\"caption\":\"Hyla Jams Verkkokauppa\"},\"image\":{\"@id\":\"https:\\\/\\\/hylajams.fi\\\/#\\\/schema\\\/logo\\\/image\\\/\"},\"sameAs\":[\"https:\\\/\\\/www.instagram.com\\\/hylasiivous\\\/\"]}]}<\/script>\n<!-- \/ Yoast SEO plugin. -->","yoast_head_json":{"title":"Hylan etuluukku EST GST \u2013 t\u00e4rke\u00e4 osa ilmanpesua","description":"Hylan etuluukku EST GST \u2013 Pid\u00e4 se p\u00e4\u00e4ll\u00e4, kun teet \"ilmanpesua\". Hyla imee p\u00f6lyt ja ep\u00e4puhtaudet pienist\u00e4 ilmanottoaukoista entist\u00e4 tehokkaammin.","robots":{"index":"index","follow":"follow","max-snippet":"max-snippet:-1","max-image-preview":"max-image-preview:large","max-video-preview":"max-video-preview:-1"},"canonical":"https:\/\/hylajams.fi\/?product=hylan-etuluukku","og_locale":"fi_FI","og_type":"article","og_title":"Hylan etuluukku EST GST \u2013 t\u00e4rke\u00e4 osa ilmanpesua","og_description":"Hylan etuluukku EST GST \u2013 Pid\u00e4 se p\u00e4\u00e4ll\u00e4, kun teet \"ilmanpesua\". Hyla imee p\u00f6lyt ja ep\u00e4puhtaudet pienist\u00e4 ilmanottoaukoista entist\u00e4 tehokkaammin.","og_url":"https:\/\/hylajams.fi\/?product=hylan-etuluukku","og_site_name":"Hyla Jams Verkkokauppa","article_modified_time":"2026-02-27T22:31:02+00:00","og_image":[{"width":1200,"height":675,"url":"https:\/\/hylajams.fi\/wp-content\/uploads\/2024\/10\/43530-Hyla-EST-etuluukku-1.jpg","type":"image\/jpeg"}],"twitter_card":"summary_large_image","twitter_misc":{"Arvioitu lukuaika":"1 minuutti"},"schema":{"@context":"https:\/\/schema.org","@graph":[{"@type":"WebPage","@id":"https:\/\/hylajams.fi\/?product=hylan-etuluukku","url":"https:\/\/hylajams.fi\/?product=hylan-etuluukku","name":"Hylan etuluukku EST GST \u2013 t\u00e4rke\u00e4 osa ilmanpesua","isPartOf":{"@id":"https:\/\/hylajams.fi\/#website"},"primaryImageOfPage":{"@id":"https:\/\/hylajams.fi\/?product=hylan-etuluukku#primaryimage"},"image":{"@id":"https:\/\/hylajams.fi\/?product=hylan-etuluukku#primaryimage"},"thumbnailUrl":"https:\/\/hylajams.fi\/wp-content\/uploads\/2024\/10\/43530-Hyla-EST-etuluukku-1.jpg","datePublished":"2021-10-18T15:47:21+00:00","dateModified":"2026-02-27T22:31:02+00:00","description":"Hylan etuluukku EST GST \u2013 Pid\u00e4 se p\u00e4\u00e4ll\u00e4, kun teet \"ilmanpesua\". Hyla imee p\u00f6lyt ja ep\u00e4puhtaudet pienist\u00e4 ilmanottoaukoista entist\u00e4 tehokkaammin.","breadcrumb":{"@id":"https:\/\/hylajams.fi\/?product=hylan-etuluukku#breadcrumb"},"inLanguage":"fi","potentialAction":[{"@type":"ReadAction","target":["https:\/\/hylajams.fi\/?product=hylan-etuluukku"]}]},{"@type":"ImageObject","inLanguage":"fi","@id":"https:\/\/hylajams.fi\/?product=hylan-etuluukku#primaryimage","url":"https:\/\/hylajams.fi\/wp-content\/uploads\/2024\/10\/43530-Hyla-EST-etuluukku-1.jpg","contentUrl":"https:\/\/hylajams.fi\/wp-content\/uploads\/2024\/10\/43530-Hyla-EST-etuluukku-1.jpg","width":1200,"height":675,"caption":"Hyla Est ja GST etuluukku"},{"@type":"BreadcrumbList","@id":"https:\/\/hylajams.fi\/?product=hylan-etuluukku#breadcrumb","itemListElement":[{"@type":"ListItem","position":1,"name":"Etusivu","item":"https:\/\/hylajams.fi\/"},{"@type":"ListItem","position":2,"name":"VERKKOKAUPPA","item":"https:\/\/hylajams.fi\/?page_id=9"},{"@type":"ListItem","position":3,"name":"33531 Hylan etuluukku EST GST \u2013 t\u00e4rke\u00e4 osa ilmanpesua"}]},{"@type":"WebSite","@id":"https:\/\/hylajams.fi\/#website","url":"https:\/\/hylajams.fi\/","name":"Hyla Jams Verkkokauppa","description":"Hyla ilman- ja huoneen puhdistusj\u00e4rjestelm\u00e4 Suomessa","publisher":{"@id":"https:\/\/hylajams.fi\/#organization"},"potentialAction":[{"@type":"SearchAction","target":{"@type":"EntryPoint","urlTemplate":"https:\/\/hylajams.fi\/?s={search_term_string}"},"query-input":{"@type":"PropertyValueSpecification","valueRequired":true,"valueName":"search_term_string"}}],"inLanguage":"fi"},{"@type":"Organization","@id":"https:\/\/hylajams.fi\/#organization","name":"Hyla Jams Verkkokauppa","url":"https:\/\/hylajams.fi\/","logo":{"@type":"ImageObject","inLanguage":"fi","@id":"https:\/\/hylajams.fi\/#\/schema\/logo\/image\/","url":"https:\/\/hylajams.fi\/wp-content\/uploads\/2025\/02\/Logo-1-2.jpg","contentUrl":"https:\/\/hylajams.fi\/wp-content\/uploads\/2025\/02\/Logo-1-2.jpg","width":500,"height":500,"caption":"Hyla Jams Verkkokauppa"},"image":{"@id":"https:\/\/hylajams.fi\/#\/schema\/logo\/image\/"},"sameAs":["https:\/\/www.instagram.com\/hylasiivous\/"]}]}},"_links":{"self":[{"href":"https:\/\/hylajams.fi\/index.php?rest_route=\/wp\/v2\/product\/2970","targetHints":{"allow":["GET"]}}],"collection":[{"href":"https:\/\/hylajams.fi\/index.php?rest_route=\/wp\/v2\/product"}],"about":[{"href":"https:\/\/hylajams.fi\/index.php?rest_route=\/wp\/v2\/types\/product"}],"version-history":[{"count":9,"href":"https:\/\/hylajams.fi\/index.php?rest_route=\/wp\/v2\/product\/2970\/revisions"}],"predecessor-version":[{"id":11338,"href":"https:\/\/hylajams.fi\/index.php?rest_route=\/wp\/v2\/product\/2970\/revisions\/11338"}],"wp:featuredmedia":[{"embeddable":true,"href":"https:\/\/hylajams.fi\/index.php?rest_route=\/wp\/v2\/media\/8390"}],"wp:attachment":[{"href":"https:\/\/hylajams.fi\/index.php?rest_route=%2Fwp%2Fv2%2Fmedia&parent=2970"}],"wp:term":[{"taxonomy":"product_brand","embeddable":true,"href":"https:\/\/hylajams.fi\/index.php?rest_route=%2Fwp%2Fv2%2Fproduct_brand&post=2970"},{"taxonomy":"product_cat","embeddable":true,"href":"https:\/\/hylajams.fi\/index.php?rest_route=%2Fwp%2Fv2%2Fproduct_cat&post=2970"},{"taxonomy":"product_tag","embeddable":true,"href":"https:\/\/hylajams.fi\/index.php?rest_route=%2Fwp%2Fv2%2Fproduct_tag&post=2970"}],"curies":[{"name":"wp","href":"https:\/\/api.w.org\/{rel}","templated":true}]}}