{"id":2923,"date":"2021-10-18T14:02:17","date_gmt":"2021-10-18T11:02:17","guid":{"rendered":"https:\/\/hylajams.fi\/?post_type=product&#038;p=2923"},"modified":"2026-02-28T01:24:16","modified_gmt":"2026-02-27T23:24:16","slug":"hyla-sahkomoottoriharjan-rengas-2-kpl-setti","status":"publish","type":"product","link":"https:\/\/hylajams.fi\/?product=hyla-sahkomoottoriharjan-rengas-2-kpl-setti","title":{"rendered":"14805 Hyla s\u00e4hk\u00f6moottoriharjan rengas 2 kpl setti"},"content":{"rendered":"<p><strong>HYLA s\u00e4hk\u00f6moottoriharjan rengas 2 kpl setti<\/strong><\/p>\n<p>HYLA s\u00e4hk\u00f6moottoriharjan rengassetti sis\u00e4lt\u00e4\u00e4 kaksi rengasta, jotka sopivat kaikkiin Hyla-mallien s\u00e4hk\u00f6moottoriharjoihin. Rengassetti on alkuper\u00e4inen varaosa ja mahdollistaa harjan tehokkaan ja tasaisen liikkumisen lattioilla, vuoteella, kangaspinnoilla ja matoilla.<\/p>\n<p>Renkaita on helppo vaihtaa itse, ja ne palauttavat s\u00e4hk\u00f6moottoriharjan optimaalisen toiminnan. Setti varmistaa laitteen pitk\u00e4ik\u00e4isen k\u00e4yt\u00f6n ja tasaisen siivousj\u00e4ljen ilman turhia h\u00e4iri\u00f6it\u00e4.<\/p>\n<p>Varaosamyynti takaa, ett\u00e4 voit aina helposti yll\u00e4pit\u00e4\u00e4 ja huoltaa Hyla-laitettasi itse kotona.<\/p>\n<p><strong>Tuotetiedot:<\/strong><\/p>\n<ul>\n<li>Setti sis\u00e4lt\u00e4\u00e4 2 rengasta<\/li>\n<li>Sopii kaikkiin Hyla-mallien s\u00e4hk\u00f6moottoriharjoihin<\/li>\n<li>Helppo vaihtaa itse<\/li>\n<li>Alkuper\u00e4inen varaosa<\/li>\n<\/ul>\n<p><strong><a href=\"https:\/\/hylajams.fi\/?page_id=7252\">HYLA EST TUOTTEET<\/a><\/strong><\/p>\n<p><strong><a href=\"https:\/\/hylajams.fi\/?page_id=8366\">HYLA GST TUOTTEET<\/a><\/strong><\/p>\n<p><strong><a href=\"https:\/\/hylajams.fi\/?page_id=8371\">HYLA NST TUOTTEET<\/a><\/strong><\/p>\n<p><strong><a href=\"https:\/\/www.hyla.com\/products\/products\">HYLA INTERNATIONAL<\/a><\/strong><\/p>\n","protected":false},"excerpt":{"rendered":"<p><strong>HYLA s\u00e4hk\u00f6moottoriharjan rengassetti 2 kpl<\/strong>. Helppo vaihtaa, sopii kaikkiin Hyla-mallien s\u00e4hk\u00f6moottoriharjoihin.<\/p>\n","protected":false},"featured_media":2924,"template":"","meta":[],"product_brand":[],"product_cat":[951,944,773,774,775,847],"product_tag":[1827,1811,1253,1754,1826,1251,1829,1828],"class_list":{"0":"post-2923","1":"product","2":"type-product","3":"status-publish","4":"has-post-thumbnail","6":"product_cat-est-varaosat","7":"product_cat-hyla-gst-varaosat","8":"product_cat-hyla-est","9":"product_cat-hyla-gst","10":"product_cat-hyla-nst","11":"product_cat-hyla-nst-varaosat","12":"product_tag-2-kpl-setti","13":"product_tag-est-sahkomoottoriharja","14":"product_tag-gst-sahkomoottoriharja","15":"product_tag-hyla-lisaosa","16":"product_tag-hyla-sahkomoottoriharjan-rengas","17":"product_tag-nst-sahkomoottoriharja","18":"product_tag-sahkoharjan-renkaat","19":"product_tag-sahkomoottoriharja-lisavaruste","20":"product_shipping_class-posti-xxs-paketti-35x25x3-cm-2-kg","21":"_wholesalex wsx-wholesalex-product","23":"first","24":"instock","25":"featured","26":"shipping-taxable","27":"purchasable","28":"product-type-simple"},"yoast_head":"<!-- This site is optimized with the Yoast SEO plugin v27.3 - https:\/\/yoast.com\/product\/yoast-seo-wordpress\/ -->\n<title>HYLA s\u00e4hk\u00f6moottoriharjan rengas 2 kpl setti - varaosa s\u00e4hk\u00f6harja<\/title>\n<meta name=\"description\" content=\"HYLA s\u00e4hk\u00f6moottoriharjan rengas 2 kpl setti \u2013 helppo vaihtaa ja sopii kaikkiin Hyla-mallien s\u00e4hk\u00f6moottoriharjoihin. Varaosamyynti.\" \/>\n<meta name=\"robots\" content=\"index, follow, max-snippet:-1, max-image-preview:large, max-video-preview:-1\" \/>\n<link rel=\"canonical\" href=\"https:\/\/hylajams.fi\/?product=hyla-sahkomoottoriharjan-rengas-2-kpl-setti\" \/>\n<meta property=\"og:locale\" content=\"fi_FI\" \/>\n<meta property=\"og:type\" content=\"article\" \/>\n<meta property=\"og:title\" content=\"HYLA s\u00e4hk\u00f6moottoriharjan rengas 2 kpl setti - varaosa s\u00e4hk\u00f6harja\" \/>\n<meta property=\"og:description\" content=\"HYLA s\u00e4hk\u00f6moottoriharjan rengas 2 kpl setti \u2013 helppo vaihtaa ja sopii kaikkiin Hyla-mallien s\u00e4hk\u00f6moottoriharjoihin. Varaosamyynti.\" \/>\n<meta property=\"og:url\" content=\"https:\/\/hylajams.fi\/?product=hyla-sahkomoottoriharjan-rengas-2-kpl-setti\" \/>\n<meta property=\"og:site_name\" content=\"Hyla Jams Verkkokauppa\" \/>\n<meta property=\"article:modified_time\" content=\"2026-02-27T23:24:16+00:00\" \/>\n<meta property=\"og:image\" content=\"https:\/\/hylajams.fi\/wp-content\/uploads\/2021\/10\/14805-Sahkomoottoriharjan-rengas-2-kpl-setti.jpg\" \/>\n\t<meta property=\"og:image:width\" content=\"640\" \/>\n\t<meta property=\"og:image:height\" content=\"480\" \/>\n\t<meta property=\"og:image:type\" content=\"image\/jpeg\" \/>\n<meta name=\"twitter:card\" content=\"summary_large_image\" \/>\n<meta name=\"twitter:label1\" content=\"Arvioitu lukuaika\" \/>\n\t<meta name=\"twitter:data1\" content=\"1 minuutti\" \/>\n<script type=\"application\/ld+json\" class=\"yoast-schema-graph\">{\"@context\":\"https:\\\/\\\/schema.org\",\"@graph\":[{\"@type\":\"WebPage\",\"@id\":\"https:\\\/\\\/hylajams.fi\\\/?product=hyla-sahkomoottoriharjan-rengas-2-kpl-setti\",\"url\":\"https:\\\/\\\/hylajams.fi\\\/?product=hyla-sahkomoottoriharjan-rengas-2-kpl-setti\",\"name\":\"HYLA s\u00e4hk\u00f6moottoriharjan rengas 2 kpl setti - varaosa s\u00e4hk\u00f6harja\",\"isPartOf\":{\"@id\":\"https:\\\/\\\/hylajams.fi\\\/#website\"},\"primaryImageOfPage\":{\"@id\":\"https:\\\/\\\/hylajams.fi\\\/?product=hyla-sahkomoottoriharjan-rengas-2-kpl-setti#primaryimage\"},\"image\":{\"@id\":\"https:\\\/\\\/hylajams.fi\\\/?product=hyla-sahkomoottoriharjan-rengas-2-kpl-setti#primaryimage\"},\"thumbnailUrl\":\"https:\\\/\\\/hylajams.fi\\\/wp-content\\\/uploads\\\/2021\\\/10\\\/14805-Sahkomoottoriharjan-rengas-2-kpl-setti.jpg\",\"datePublished\":\"2021-10-18T11:02:17+00:00\",\"dateModified\":\"2026-02-27T23:24:16+00:00\",\"description\":\"HYLA s\u00e4hk\u00f6moottoriharjan rengas 2 kpl setti \u2013 helppo vaihtaa ja sopii kaikkiin Hyla-mallien s\u00e4hk\u00f6moottoriharjoihin. Varaosamyynti.\",\"breadcrumb\":{\"@id\":\"https:\\\/\\\/hylajams.fi\\\/?product=hyla-sahkomoottoriharjan-rengas-2-kpl-setti#breadcrumb\"},\"inLanguage\":\"fi\",\"potentialAction\":[{\"@type\":\"ReadAction\",\"target\":[\"https:\\\/\\\/hylajams.fi\\\/?product=hyla-sahkomoottoriharjan-rengas-2-kpl-setti\"]}]},{\"@type\":\"ImageObject\",\"inLanguage\":\"fi\",\"@id\":\"https:\\\/\\\/hylajams.fi\\\/?product=hyla-sahkomoottoriharjan-rengas-2-kpl-setti#primaryimage\",\"url\":\"https:\\\/\\\/hylajams.fi\\\/wp-content\\\/uploads\\\/2021\\\/10\\\/14805-Sahkomoottoriharjan-rengas-2-kpl-setti.jpg\",\"contentUrl\":\"https:\\\/\\\/hylajams.fi\\\/wp-content\\\/uploads\\\/2021\\\/10\\\/14805-Sahkomoottoriharjan-rengas-2-kpl-setti.jpg\",\"width\":640,\"height\":480,\"caption\":\"HYLA s\u00e4hk\u00f6moottoriharjan rengas 2 kpl setti\"},{\"@type\":\"BreadcrumbList\",\"@id\":\"https:\\\/\\\/hylajams.fi\\\/?product=hyla-sahkomoottoriharjan-rengas-2-kpl-setti#breadcrumb\",\"itemListElement\":[{\"@type\":\"ListItem\",\"position\":1,\"name\":\"Etusivu\",\"item\":\"https:\\\/\\\/hylajams.fi\\\/\"},{\"@type\":\"ListItem\",\"position\":2,\"name\":\"VERKKOKAUPPA\",\"item\":\"https:\\\/\\\/hylajams.fi\\\/?page_id=9\"},{\"@type\":\"ListItem\",\"position\":3,\"name\":\"14805 Hyla s\u00e4hk\u00f6moottoriharjan rengas 2 kpl setti\"}]},{\"@type\":\"WebSite\",\"@id\":\"https:\\\/\\\/hylajams.fi\\\/#website\",\"url\":\"https:\\\/\\\/hylajams.fi\\\/\",\"name\":\"Hyla Jams Verkkokauppa\",\"description\":\"Hyla ilman- ja huoneen puhdistusj\u00e4rjestelm\u00e4 Suomessa\",\"publisher\":{\"@id\":\"https:\\\/\\\/hylajams.fi\\\/#organization\"},\"potentialAction\":[{\"@type\":\"SearchAction\",\"target\":{\"@type\":\"EntryPoint\",\"urlTemplate\":\"https:\\\/\\\/hylajams.fi\\\/?s={search_term_string}\"},\"query-input\":{\"@type\":\"PropertyValueSpecification\",\"valueRequired\":true,\"valueName\":\"search_term_string\"}}],\"inLanguage\":\"fi\"},{\"@type\":\"Organization\",\"@id\":\"https:\\\/\\\/hylajams.fi\\\/#organization\",\"name\":\"Hyla Jams Verkkokauppa\",\"url\":\"https:\\\/\\\/hylajams.fi\\\/\",\"logo\":{\"@type\":\"ImageObject\",\"inLanguage\":\"fi\",\"@id\":\"https:\\\/\\\/hylajams.fi\\\/#\\\/schema\\\/logo\\\/image\\\/\",\"url\":\"https:\\\/\\\/hylajams.fi\\\/wp-content\\\/uploads\\\/2025\\\/02\\\/Logo-1-2.jpg\",\"contentUrl\":\"https:\\\/\\\/hylajams.fi\\\/wp-content\\\/uploads\\\/2025\\\/02\\\/Logo-1-2.jpg\",\"width\":500,\"height\":500,\"caption\":\"Hyla Jams Verkkokauppa\"},\"image\":{\"@id\":\"https:\\\/\\\/hylajams.fi\\\/#\\\/schema\\\/logo\\\/image\\\/\"},\"sameAs\":[\"https:\\\/\\\/www.instagram.com\\\/hylasiivous\\\/\"]}]}<\/script>\n<!-- \/ Yoast SEO plugin. -->","yoast_head_json":{"title":"HYLA s\u00e4hk\u00f6moottoriharjan rengas 2 kpl setti - varaosa s\u00e4hk\u00f6harja","description":"HYLA s\u00e4hk\u00f6moottoriharjan rengas 2 kpl setti \u2013 helppo vaihtaa ja sopii kaikkiin Hyla-mallien s\u00e4hk\u00f6moottoriharjoihin. Varaosamyynti.","robots":{"index":"index","follow":"follow","max-snippet":"max-snippet:-1","max-image-preview":"max-image-preview:large","max-video-preview":"max-video-preview:-1"},"canonical":"https:\/\/hylajams.fi\/?product=hyla-sahkomoottoriharjan-rengas-2-kpl-setti","og_locale":"fi_FI","og_type":"article","og_title":"HYLA s\u00e4hk\u00f6moottoriharjan rengas 2 kpl setti - varaosa s\u00e4hk\u00f6harja","og_description":"HYLA s\u00e4hk\u00f6moottoriharjan rengas 2 kpl setti \u2013 helppo vaihtaa ja sopii kaikkiin Hyla-mallien s\u00e4hk\u00f6moottoriharjoihin. Varaosamyynti.","og_url":"https:\/\/hylajams.fi\/?product=hyla-sahkomoottoriharjan-rengas-2-kpl-setti","og_site_name":"Hyla Jams Verkkokauppa","article_modified_time":"2026-02-27T23:24:16+00:00","og_image":[{"width":640,"height":480,"url":"https:\/\/hylajams.fi\/wp-content\/uploads\/2021\/10\/14805-Sahkomoottoriharjan-rengas-2-kpl-setti.jpg","type":"image\/jpeg"}],"twitter_card":"summary_large_image","twitter_misc":{"Arvioitu lukuaika":"1 minuutti"},"schema":{"@context":"https:\/\/schema.org","@graph":[{"@type":"WebPage","@id":"https:\/\/hylajams.fi\/?product=hyla-sahkomoottoriharjan-rengas-2-kpl-setti","url":"https:\/\/hylajams.fi\/?product=hyla-sahkomoottoriharjan-rengas-2-kpl-setti","name":"HYLA s\u00e4hk\u00f6moottoriharjan rengas 2 kpl setti - varaosa s\u00e4hk\u00f6harja","isPartOf":{"@id":"https:\/\/hylajams.fi\/#website"},"primaryImageOfPage":{"@id":"https:\/\/hylajams.fi\/?product=hyla-sahkomoottoriharjan-rengas-2-kpl-setti#primaryimage"},"image":{"@id":"https:\/\/hylajams.fi\/?product=hyla-sahkomoottoriharjan-rengas-2-kpl-setti#primaryimage"},"thumbnailUrl":"https:\/\/hylajams.fi\/wp-content\/uploads\/2021\/10\/14805-Sahkomoottoriharjan-rengas-2-kpl-setti.jpg","datePublished":"2021-10-18T11:02:17+00:00","dateModified":"2026-02-27T23:24:16+00:00","description":"HYLA s\u00e4hk\u00f6moottoriharjan rengas 2 kpl setti \u2013 helppo vaihtaa ja sopii kaikkiin Hyla-mallien s\u00e4hk\u00f6moottoriharjoihin. Varaosamyynti.","breadcrumb":{"@id":"https:\/\/hylajams.fi\/?product=hyla-sahkomoottoriharjan-rengas-2-kpl-setti#breadcrumb"},"inLanguage":"fi","potentialAction":[{"@type":"ReadAction","target":["https:\/\/hylajams.fi\/?product=hyla-sahkomoottoriharjan-rengas-2-kpl-setti"]}]},{"@type":"ImageObject","inLanguage":"fi","@id":"https:\/\/hylajams.fi\/?product=hyla-sahkomoottoriharjan-rengas-2-kpl-setti#primaryimage","url":"https:\/\/hylajams.fi\/wp-content\/uploads\/2021\/10\/14805-Sahkomoottoriharjan-rengas-2-kpl-setti.jpg","contentUrl":"https:\/\/hylajams.fi\/wp-content\/uploads\/2021\/10\/14805-Sahkomoottoriharjan-rengas-2-kpl-setti.jpg","width":640,"height":480,"caption":"HYLA s\u00e4hk\u00f6moottoriharjan rengas 2 kpl setti"},{"@type":"BreadcrumbList","@id":"https:\/\/hylajams.fi\/?product=hyla-sahkomoottoriharjan-rengas-2-kpl-setti#breadcrumb","itemListElement":[{"@type":"ListItem","position":1,"name":"Etusivu","item":"https:\/\/hylajams.fi\/"},{"@type":"ListItem","position":2,"name":"VERKKOKAUPPA","item":"https:\/\/hylajams.fi\/?page_id=9"},{"@type":"ListItem","position":3,"name":"14805 Hyla s\u00e4hk\u00f6moottoriharjan rengas 2 kpl setti"}]},{"@type":"WebSite","@id":"https:\/\/hylajams.fi\/#website","url":"https:\/\/hylajams.fi\/","name":"Hyla Jams Verkkokauppa","description":"Hyla ilman- ja huoneen puhdistusj\u00e4rjestelm\u00e4 Suomessa","publisher":{"@id":"https:\/\/hylajams.fi\/#organization"},"potentialAction":[{"@type":"SearchAction","target":{"@type":"EntryPoint","urlTemplate":"https:\/\/hylajams.fi\/?s={search_term_string}"},"query-input":{"@type":"PropertyValueSpecification","valueRequired":true,"valueName":"search_term_string"}}],"inLanguage":"fi"},{"@type":"Organization","@id":"https:\/\/hylajams.fi\/#organization","name":"Hyla Jams Verkkokauppa","url":"https:\/\/hylajams.fi\/","logo":{"@type":"ImageObject","inLanguage":"fi","@id":"https:\/\/hylajams.fi\/#\/schema\/logo\/image\/","url":"https:\/\/hylajams.fi\/wp-content\/uploads\/2025\/02\/Logo-1-2.jpg","contentUrl":"https:\/\/hylajams.fi\/wp-content\/uploads\/2025\/02\/Logo-1-2.jpg","width":500,"height":500,"caption":"Hyla Jams Verkkokauppa"},"image":{"@id":"https:\/\/hylajams.fi\/#\/schema\/logo\/image\/"},"sameAs":["https:\/\/www.instagram.com\/hylasiivous\/"]}]}},"_links":{"self":[{"href":"https:\/\/hylajams.fi\/index.php?rest_route=\/wp\/v2\/product\/2923","targetHints":{"allow":["GET"]}}],"collection":[{"href":"https:\/\/hylajams.fi\/index.php?rest_route=\/wp\/v2\/product"}],"about":[{"href":"https:\/\/hylajams.fi\/index.php?rest_route=\/wp\/v2\/types\/product"}],"version-history":[{"count":5,"href":"https:\/\/hylajams.fi\/index.php?rest_route=\/wp\/v2\/product\/2923\/revisions"}],"predecessor-version":[{"id":13183,"href":"https:\/\/hylajams.fi\/index.php?rest_route=\/wp\/v2\/product\/2923\/revisions\/13183"}],"wp:featuredmedia":[{"embeddable":true,"href":"https:\/\/hylajams.fi\/index.php?rest_route=\/wp\/v2\/media\/2924"}],"wp:attachment":[{"href":"https:\/\/hylajams.fi\/index.php?rest_route=%2Fwp%2Fv2%2Fmedia&parent=2923"}],"wp:term":[{"taxonomy":"product_brand","embeddable":true,"href":"https:\/\/hylajams.fi\/index.php?rest_route=%2Fwp%2Fv2%2Fproduct_brand&post=2923"},{"taxonomy":"product_cat","embeddable":true,"href":"https:\/\/hylajams.fi\/index.php?rest_route=%2Fwp%2Fv2%2Fproduct_cat&post=2923"},{"taxonomy":"product_tag","embeddable":true,"href":"https:\/\/hylajams.fi\/index.php?rest_route=%2Fwp%2Fv2%2Fproduct_tag&post=2923"}],"curies":[{"name":"wp","href":"https:\/\/api.w.org\/{rel}","templated":true}]}}