{"id":2551,"date":"2021-09-11T21:52:09","date_gmt":"2021-09-11T18:52:09","guid":{"rendered":"https:\/\/hylajams.fi\/?post_type=product&#038;p=2551"},"modified":"2026-03-19T22:29:26","modified_gmt":"2026-03-19T20:29:26","slug":"hyla-kauneuden-matkasetti","status":"publish","type":"product","link":"https:\/\/hylajams.fi\/?product=hyla-kauneuden-matkasetti","title":{"rendered":"21266 Hyla Kauneuden matkasetti"},"content":{"rendered":"<p><strong>Hyla Kauneuden matkasetti &#8211; <\/strong>Matkasetti, jossa mukavan pienikokoiset shampoo, hoitoaine, suihkusaippua ja vartalovoide.<\/p>\n<p>HYLA Kauneuden matkasetti on suunniteltu matkustajan tarpeisiin. Pienikokoiset pakkaukset on helppo pakata mukaan k\u00e4simatkatavaroihin tai matkalaukkuun, ja ne takaavat ihon ja hiusten hoidon my\u00f6s matkoilla.<\/p>\n<p><strong>Setti sis\u00e4lt\u00e4\u00e4:<\/strong><\/p>\n<ul>\n<li>Shampoo<\/li>\n<li>Hoitoaine<\/li>\n<li>Suihkugeeli<\/li>\n<li>Vartalovoide<\/li>\n<\/ul>\n<p>Kaikki tuotteet ovat laadukasta Hyla Natural Care -sarjaa, jotka perustuvat luonnollisiin ainesosiin ja helliv\u00e4t ihoa ja hiuksia tehokkaasti. Matkasetti on my\u00f6s loistava tapa tutustua Hyla-hoitotuotteisiin pienemmiss\u00e4 pakkauksissa.<\/p>\n<p><a href=\"https:\/\/hylajams.fi\/?product_cat=natural-care-tuoksut\"><strong>Natural Care tuotteet verkkokaupassa<\/strong><\/a><\/p>\n<p><a href=\"https:\/\/www.hyla-naturalcare.com\/en\/\"><strong><span dir=\"auto\">Hyla Natural Care<\/span><\/strong><\/a><\/p>\n","protected":false},"excerpt":{"rendered":"<p><strong>Hyla Kauneuden matkasetti. Kaikki t\u00e4rkeimm\u00e4t hoitotuotteet 30 ml pieness\u00e4 pullossa aina mukana, vartalovoide, shampoo, hoitoaine ja suihkugeeli.<\/strong><\/p>\n<p>\ud83d\udc49 <strong data-start=\"693\" data-end=\"735\">Suosittelen sinulle t\u00e4t\u00e4;<\/strong> Poimi nyt alennuksella mukaan matkalle.<\/p>\n<p>K\u00e4tev\u00e4 Hyla Kauneuden matkasetti kulkee helposti mukana matkalla. Sis\u00e4lt\u00e4\u00e4 pienikokoiset hiusten- ja vartalonhoitotuotteet.<\/p>\n<p>&nbsp;<\/p>\n","protected":false},"featured_media":11527,"template":"","meta":[],"product_brand":[],"product_cat":[1523,1038,991,1039],"product_tag":[335,331,336,1572,328,327,110,330,329,337,332],"class_list":{"0":"post-2551","1":"product","2":"type-product","3":"status-publish","4":"has-post-thumbnail","6":"product_cat-hyla-erikoiserat-ja-tarjoukset","7":"product_cat-henkilokohtainen-hygienia","8":"product_cat-natural-care-luonnonkosmetiikkaa-koko-perheelle","9":"product_cat-natural-care-tuotteet","10":"product_tag-hiukset","11":"product_tag-hoitoaine","12":"product_tag-iho","13":"product_tag-kauneuden-matkasetti","14":"product_tag-matkasetti","15":"product_tag-natural-care","16":"product_tag-pieni","17":"product_tag-shampoo","18":"product_tag-suihkugeeli","19":"product_tag-vartalo","20":"product_tag-vartalovoide","21":"product_shipping_class-posti-s-paketti-11x32x3-cm-35-kg","22":"_wholesalex wsx-wholesalex-product","24":"first","25":"instock","26":"sale","27":"featured","28":"shipping-taxable","29":"purchasable","30":"product-type-simple"},"yoast_head":"<!-- This site is optimized with the Yoast SEO plugin v27.3 - https:\/\/yoast.com\/product\/yoast-seo-wordpress\/ -->\n<title>Hyla Kauneuden matkasetti - matkakokoiset kauneus tuotteet<\/title>\n<meta name=\"description\" content=\"Hyla Kauneuden matkasetti - Ota matkalle mukaan matkasetti, jossa mukana pienikokoiset shampoo, hoitoaine, suihkusaippua ja vartalovoide.\" \/>\n<meta name=\"robots\" content=\"index, follow, max-snippet:-1, max-image-preview:large, max-video-preview:-1\" \/>\n<link rel=\"canonical\" href=\"https:\/\/hylajams.fi\/?product=hyla-kauneuden-matkasetti\" \/>\n<meta property=\"og:locale\" content=\"fi_FI\" \/>\n<meta property=\"og:type\" content=\"article\" \/>\n<meta property=\"og:title\" content=\"Hyla Kauneuden matkasetti - matkakokoiset kauneus tuotteet\" \/>\n<meta property=\"og:description\" content=\"Hyla Kauneuden matkasetti - Ota matkalle mukaan matkasetti, jossa mukana pienikokoiset shampoo, hoitoaine, suihkusaippua ja vartalovoide.\" \/>\n<meta property=\"og:url\" content=\"https:\/\/hylajams.fi\/?product=hyla-kauneuden-matkasetti\" \/>\n<meta property=\"og:site_name\" content=\"Hyla Jams Verkkokauppa\" \/>\n<meta property=\"article:modified_time\" content=\"2026-03-19T20:29:26+00:00\" \/>\n<meta property=\"og:image\" content=\"https:\/\/hylajams.fi\/wp-content\/uploads\/2021\/09\/21266-Kauneuden-matkasetti010.jpg\" \/>\n\t<meta property=\"og:image:width\" content=\"983\" \/>\n\t<meta property=\"og:image:height\" content=\"675\" \/>\n\t<meta property=\"og:image:type\" content=\"image\/jpeg\" \/>\n<meta name=\"twitter:card\" content=\"summary_large_image\" \/>\n<meta name=\"twitter:label1\" content=\"Arvioitu lukuaika\" \/>\n\t<meta name=\"twitter:data1\" content=\"1 minuutti\" \/>\n<script type=\"application\/ld+json\" class=\"yoast-schema-graph\">{\"@context\":\"https:\\\/\\\/schema.org\",\"@graph\":[{\"@type\":\"WebPage\",\"@id\":\"https:\\\/\\\/hylajams.fi\\\/?product=hyla-kauneuden-matkasetti\",\"url\":\"https:\\\/\\\/hylajams.fi\\\/?product=hyla-kauneuden-matkasetti\",\"name\":\"Hyla Kauneuden matkasetti - matkakokoiset kauneus tuotteet\",\"isPartOf\":{\"@id\":\"https:\\\/\\\/hylajams.fi\\\/#website\"},\"primaryImageOfPage\":{\"@id\":\"https:\\\/\\\/hylajams.fi\\\/?product=hyla-kauneuden-matkasetti#primaryimage\"},\"image\":{\"@id\":\"https:\\\/\\\/hylajams.fi\\\/?product=hyla-kauneuden-matkasetti#primaryimage\"},\"thumbnailUrl\":\"https:\\\/\\\/hylajams.fi\\\/wp-content\\\/uploads\\\/2021\\\/09\\\/21266-Kauneuden-matkasetti010.jpg\",\"datePublished\":\"2021-09-11T18:52:09+00:00\",\"dateModified\":\"2026-03-19T20:29:26+00:00\",\"description\":\"Hyla Kauneuden matkasetti - Ota matkalle mukaan matkasetti, jossa mukana pienikokoiset shampoo, hoitoaine, suihkusaippua ja vartalovoide.\",\"breadcrumb\":{\"@id\":\"https:\\\/\\\/hylajams.fi\\\/?product=hyla-kauneuden-matkasetti#breadcrumb\"},\"inLanguage\":\"fi\",\"potentialAction\":[{\"@type\":\"ReadAction\",\"target\":[\"https:\\\/\\\/hylajams.fi\\\/?product=hyla-kauneuden-matkasetti\"]}]},{\"@type\":\"ImageObject\",\"inLanguage\":\"fi\",\"@id\":\"https:\\\/\\\/hylajams.fi\\\/?product=hyla-kauneuden-matkasetti#primaryimage\",\"url\":\"https:\\\/\\\/hylajams.fi\\\/wp-content\\\/uploads\\\/2021\\\/09\\\/21266-Kauneuden-matkasetti010.jpg\",\"contentUrl\":\"https:\\\/\\\/hylajams.fi\\\/wp-content\\\/uploads\\\/2021\\\/09\\\/21266-Kauneuden-matkasetti010.jpg\",\"width\":983,\"height\":675,\"caption\":\"Hyla Kauneuden matkasetti\"},{\"@type\":\"BreadcrumbList\",\"@id\":\"https:\\\/\\\/hylajams.fi\\\/?product=hyla-kauneuden-matkasetti#breadcrumb\",\"itemListElement\":[{\"@type\":\"ListItem\",\"position\":1,\"name\":\"Etusivu\",\"item\":\"https:\\\/\\\/hylajams.fi\\\/\"},{\"@type\":\"ListItem\",\"position\":2,\"name\":\"VERKKOKAUPPA\",\"item\":\"https:\\\/\\\/hylajams.fi\\\/?page_id=9\"},{\"@type\":\"ListItem\",\"position\":3,\"name\":\"21266 Hyla Kauneuden matkasetti\"}]},{\"@type\":\"WebSite\",\"@id\":\"https:\\\/\\\/hylajams.fi\\\/#website\",\"url\":\"https:\\\/\\\/hylajams.fi\\\/\",\"name\":\"Hyla Jams Verkkokauppa\",\"description\":\"Hyla ilman- ja huoneen puhdistusj\u00e4rjestelm\u00e4 Suomessa\",\"publisher\":{\"@id\":\"https:\\\/\\\/hylajams.fi\\\/#organization\"},\"potentialAction\":[{\"@type\":\"SearchAction\",\"target\":{\"@type\":\"EntryPoint\",\"urlTemplate\":\"https:\\\/\\\/hylajams.fi\\\/?s={search_term_string}\"},\"query-input\":{\"@type\":\"PropertyValueSpecification\",\"valueRequired\":true,\"valueName\":\"search_term_string\"}}],\"inLanguage\":\"fi\"},{\"@type\":\"Organization\",\"@id\":\"https:\\\/\\\/hylajams.fi\\\/#organization\",\"name\":\"Hyla Jams Verkkokauppa\",\"url\":\"https:\\\/\\\/hylajams.fi\\\/\",\"logo\":{\"@type\":\"ImageObject\",\"inLanguage\":\"fi\",\"@id\":\"https:\\\/\\\/hylajams.fi\\\/#\\\/schema\\\/logo\\\/image\\\/\",\"url\":\"https:\\\/\\\/hylajams.fi\\\/wp-content\\\/uploads\\\/2025\\\/02\\\/Logo-1-2.jpg\",\"contentUrl\":\"https:\\\/\\\/hylajams.fi\\\/wp-content\\\/uploads\\\/2025\\\/02\\\/Logo-1-2.jpg\",\"width\":500,\"height\":500,\"caption\":\"Hyla Jams Verkkokauppa\"},\"image\":{\"@id\":\"https:\\\/\\\/hylajams.fi\\\/#\\\/schema\\\/logo\\\/image\\\/\"},\"sameAs\":[\"https:\\\/\\\/www.instagram.com\\\/hylasiivous\\\/\"]}]}<\/script>\n<!-- \/ Yoast SEO plugin. -->","yoast_head_json":{"title":"Hyla Kauneuden matkasetti - matkakokoiset kauneus tuotteet","description":"Hyla Kauneuden matkasetti - Ota matkalle mukaan matkasetti, jossa mukana pienikokoiset shampoo, hoitoaine, suihkusaippua ja vartalovoide.","robots":{"index":"index","follow":"follow","max-snippet":"max-snippet:-1","max-image-preview":"max-image-preview:large","max-video-preview":"max-video-preview:-1"},"canonical":"https:\/\/hylajams.fi\/?product=hyla-kauneuden-matkasetti","og_locale":"fi_FI","og_type":"article","og_title":"Hyla Kauneuden matkasetti - matkakokoiset kauneus tuotteet","og_description":"Hyla Kauneuden matkasetti - Ota matkalle mukaan matkasetti, jossa mukana pienikokoiset shampoo, hoitoaine, suihkusaippua ja vartalovoide.","og_url":"https:\/\/hylajams.fi\/?product=hyla-kauneuden-matkasetti","og_site_name":"Hyla Jams Verkkokauppa","article_modified_time":"2026-03-19T20:29:26+00:00","og_image":[{"width":983,"height":675,"url":"https:\/\/hylajams.fi\/wp-content\/uploads\/2021\/09\/21266-Kauneuden-matkasetti010.jpg","type":"image\/jpeg"}],"twitter_card":"summary_large_image","twitter_misc":{"Arvioitu lukuaika":"1 minuutti"},"schema":{"@context":"https:\/\/schema.org","@graph":[{"@type":"WebPage","@id":"https:\/\/hylajams.fi\/?product=hyla-kauneuden-matkasetti","url":"https:\/\/hylajams.fi\/?product=hyla-kauneuden-matkasetti","name":"Hyla Kauneuden matkasetti - matkakokoiset kauneus tuotteet","isPartOf":{"@id":"https:\/\/hylajams.fi\/#website"},"primaryImageOfPage":{"@id":"https:\/\/hylajams.fi\/?product=hyla-kauneuden-matkasetti#primaryimage"},"image":{"@id":"https:\/\/hylajams.fi\/?product=hyla-kauneuden-matkasetti#primaryimage"},"thumbnailUrl":"https:\/\/hylajams.fi\/wp-content\/uploads\/2021\/09\/21266-Kauneuden-matkasetti010.jpg","datePublished":"2021-09-11T18:52:09+00:00","dateModified":"2026-03-19T20:29:26+00:00","description":"Hyla Kauneuden matkasetti - Ota matkalle mukaan matkasetti, jossa mukana pienikokoiset shampoo, hoitoaine, suihkusaippua ja vartalovoide.","breadcrumb":{"@id":"https:\/\/hylajams.fi\/?product=hyla-kauneuden-matkasetti#breadcrumb"},"inLanguage":"fi","potentialAction":[{"@type":"ReadAction","target":["https:\/\/hylajams.fi\/?product=hyla-kauneuden-matkasetti"]}]},{"@type":"ImageObject","inLanguage":"fi","@id":"https:\/\/hylajams.fi\/?product=hyla-kauneuden-matkasetti#primaryimage","url":"https:\/\/hylajams.fi\/wp-content\/uploads\/2021\/09\/21266-Kauneuden-matkasetti010.jpg","contentUrl":"https:\/\/hylajams.fi\/wp-content\/uploads\/2021\/09\/21266-Kauneuden-matkasetti010.jpg","width":983,"height":675,"caption":"Hyla Kauneuden matkasetti"},{"@type":"BreadcrumbList","@id":"https:\/\/hylajams.fi\/?product=hyla-kauneuden-matkasetti#breadcrumb","itemListElement":[{"@type":"ListItem","position":1,"name":"Etusivu","item":"https:\/\/hylajams.fi\/"},{"@type":"ListItem","position":2,"name":"VERKKOKAUPPA","item":"https:\/\/hylajams.fi\/?page_id=9"},{"@type":"ListItem","position":3,"name":"21266 Hyla Kauneuden matkasetti"}]},{"@type":"WebSite","@id":"https:\/\/hylajams.fi\/#website","url":"https:\/\/hylajams.fi\/","name":"Hyla Jams Verkkokauppa","description":"Hyla ilman- ja huoneen puhdistusj\u00e4rjestelm\u00e4 Suomessa","publisher":{"@id":"https:\/\/hylajams.fi\/#organization"},"potentialAction":[{"@type":"SearchAction","target":{"@type":"EntryPoint","urlTemplate":"https:\/\/hylajams.fi\/?s={search_term_string}"},"query-input":{"@type":"PropertyValueSpecification","valueRequired":true,"valueName":"search_term_string"}}],"inLanguage":"fi"},{"@type":"Organization","@id":"https:\/\/hylajams.fi\/#organization","name":"Hyla Jams Verkkokauppa","url":"https:\/\/hylajams.fi\/","logo":{"@type":"ImageObject","inLanguage":"fi","@id":"https:\/\/hylajams.fi\/#\/schema\/logo\/image\/","url":"https:\/\/hylajams.fi\/wp-content\/uploads\/2025\/02\/Logo-1-2.jpg","contentUrl":"https:\/\/hylajams.fi\/wp-content\/uploads\/2025\/02\/Logo-1-2.jpg","width":500,"height":500,"caption":"Hyla Jams Verkkokauppa"},"image":{"@id":"https:\/\/hylajams.fi\/#\/schema\/logo\/image\/"},"sameAs":["https:\/\/www.instagram.com\/hylasiivous\/"]}]}},"_links":{"self":[{"href":"https:\/\/hylajams.fi\/index.php?rest_route=\/wp\/v2\/product\/2551","targetHints":{"allow":["GET"]}}],"collection":[{"href":"https:\/\/hylajams.fi\/index.php?rest_route=\/wp\/v2\/product"}],"about":[{"href":"https:\/\/hylajams.fi\/index.php?rest_route=\/wp\/v2\/types\/product"}],"version-history":[{"count":4,"href":"https:\/\/hylajams.fi\/index.php?rest_route=\/wp\/v2\/product\/2551\/revisions"}],"predecessor-version":[{"id":11475,"href":"https:\/\/hylajams.fi\/index.php?rest_route=\/wp\/v2\/product\/2551\/revisions\/11475"}],"wp:featuredmedia":[{"embeddable":true,"href":"https:\/\/hylajams.fi\/index.php?rest_route=\/wp\/v2\/media\/11527"}],"wp:attachment":[{"href":"https:\/\/hylajams.fi\/index.php?rest_route=%2Fwp%2Fv2%2Fmedia&parent=2551"}],"wp:term":[{"taxonomy":"product_brand","embeddable":true,"href":"https:\/\/hylajams.fi\/index.php?rest_route=%2Fwp%2Fv2%2Fproduct_brand&post=2551"},{"taxonomy":"product_cat","embeddable":true,"href":"https:\/\/hylajams.fi\/index.php?rest_route=%2Fwp%2Fv2%2Fproduct_cat&post=2551"},{"taxonomy":"product_tag","embeddable":true,"href":"https:\/\/hylajams.fi\/index.php?rest_route=%2Fwp%2Fv2%2Fproduct_tag&post=2551"}],"curies":[{"name":"wp","href":"https:\/\/api.w.org\/{rel}","templated":true}]}}