{"id":1481,"date":"2021-08-03T23:45:10","date_gmt":"2021-08-03T20:45:10","guid":{"rendered":"https:\/\/hylajams.fi\/?post_type=product&#038;p=1481"},"modified":"2026-02-27T20:21:04","modified_gmt":"2026-02-27T18:21:04","slug":"hyla-verhosuulake-setti","status":"publish","type":"product","link":"https:\/\/hylajams.fi\/?product=hyla-verhosuulake-setti","title":{"rendered":"46069 Hyla verhosuulake setti"},"content":{"rendered":"<p>Hyla verhosuulake setti \u2013 tekstiilien ja verhojen hell\u00e4varainen puhdistus.<\/p>\n<p data-start=\"494\" data-end=\"836\">Hyla verhosuulake setti on suunniteltu tekstiilien hell\u00e4varaiseen ja tehokkaaseen puhdistukseen. Olipa kyseess\u00e4 paksut, ohuet, pitk\u00e4t tai lyhyet verhot, t\u00e4m\u00e4 suulake yhdess\u00e4 verhoritil\u00e4n kanssa puhdistaa verhot taidokkaasti niin, ettei ime samalla verhokangasta mukanaan.<\/p>\n<p data-start=\"494\" data-end=\"836\"><img decoding=\"async\" class=\"alignnone  wp-image-10537\" src=\"https:\/\/hylajams.fi\/wp-content\/uploads\/2025\/05\/46069-verho2.jpg\" alt=\"Verhosuulake\" width=\"145\" height=\"193\" \/>\u00a0 \u00a0\u00a0<img decoding=\"async\" class=\"alignnone  wp-image-7206\" src=\"https:\/\/hylajams.fi\/wp-content\/uploads\/2021\/08\/14071-Verhoritila-295x300.png\" alt=\"verhoritil\u00e4\" width=\"185\" height=\"188\" srcset=\"https:\/\/hylajams.fi\/wp-content\/uploads\/2021\/08\/14071-Verhoritila-295x300.png 295w, https:\/\/hylajams.fi\/wp-content\/uploads\/2021\/08\/14071-Verhoritila.png 545w\" sizes=\"(max-width: 185px) 100vw, 185px\" \/><\/p>\n<p data-start=\"494\" data-end=\"836\">Mukana on my\u00f6s kangasharjaosa, jolla voit puhdistaa p\u00f6lyn erilaisista tekstiileist\u00e4, verhoista ja kangasmateriaaleista, joka nappaa roskat, hiukset ja karvat, vahingoittamatta kankaan pintaa. Saat helposti ja nopeasti puhtaaksi sohvatyynyt, oleskelusohvan, vuoteen, kangaspintaiset tuolit, auton istuimet.<\/p>\n<p data-start=\"494\" data-end=\"836\"><img decoding=\"async\" class=\"alignnone wp-image-11271\" src=\"https:\/\/hylajams.fi\/wp-content\/uploads\/2021\/08\/14072-harjaosa-1-295x300.png\" alt=\"Hyla verhosuulake setti, harjaosa\" width=\"198\" height=\"201\" srcset=\"https:\/\/hylajams.fi\/wp-content\/uploads\/2021\/08\/14072-harjaosa-1-295x300.png 295w, https:\/\/hylajams.fi\/wp-content\/uploads\/2021\/08\/14072-harjaosa-1.png 590w\" sizes=\"(max-width: 198px) 100vw, 198px\" \/><\/p>\n<p data-start=\"494\" data-end=\"836\">L\u00e4pin\u00e4kyv\u00e4ll\u00e4 kirkkaalla sopivan pienell\u00e4 vesisuulakkeella voit ime\u00e4 vett\u00e4, ja poistaa matolle kaatuneet viinit, mahdolliset lemmikin oksentelut, autoon valuneet sulama vedet ja ihan mit\u00e4 vain nestett\u00e4. N\u00e4it\u00e4 kaikkia<\/p>\n<p data-start=\"494\" data-end=\"836\"><img loading=\"lazy\" decoding=\"async\" class=\"alignnone wp-image-11269\" src=\"https:\/\/hylajams.fi\/wp-content\/uploads\/2021\/08\/46074-oksennus-168x300.png\" alt=\"Hyla verhosuulake setti, vahinko matolla\" width=\"110\" height=\"196\" srcset=\"https:\/\/hylajams.fi\/wp-content\/uploads\/2021\/08\/46074-oksennus-168x300.png 168w, https:\/\/hylajams.fi\/wp-content\/uploads\/2021\/08\/46074-oksennus.png 443w\" sizes=\"(max-width: 110px) 100vw, 110px\" \/>\u00a0 \u00a0 \u00a0 \u00a0 \u00a0 \u00a0 \u00a0\u00a0<img loading=\"lazy\" decoding=\"async\" class=\"alignnone wp-image-11270\" src=\"https:\/\/hylajams.fi\/wp-content\/uploads\/2021\/08\/46074-Kirkas-suulake6-263x300.png\" alt=\"Hyla verhosuulake setti, imee vett\u00e4\" width=\"171\" height=\"195\" srcset=\"https:\/\/hylajams.fi\/wp-content\/uploads\/2021\/08\/46074-Kirkas-suulake6-263x300.png 263w, https:\/\/hylajams.fi\/wp-content\/uploads\/2021\/08\/46074-Kirkas-suulake6.png 404w\" sizes=\"(max-width: 171px) 100vw, 171px\" \/>\u00a0 \u00a0 \u00a0 \u00a0 \u00a0 \u00a0 \u00a0<img loading=\"lazy\" decoding=\"async\" class=\"alignnone wp-image-5589\" src=\"https:\/\/hylajams.fi\/wp-content\/uploads\/2023\/07\/vesisuulake-300x143.png\" alt=\"Hyla verhosuulake setti\" width=\"415\" height=\"198\" srcset=\"https:\/\/hylajams.fi\/wp-content\/uploads\/2023\/07\/vesisuulake-300x143.png 300w, https:\/\/hylajams.fi\/wp-content\/uploads\/2023\/07\/vesisuulake-1024x487.png 1024w, https:\/\/hylajams.fi\/wp-content\/uploads\/2023\/07\/vesisuulake-768x365.png 768w, https:\/\/hylajams.fi\/wp-content\/uploads\/2023\/07\/vesisuulake-1536x731.png 1536w, https:\/\/hylajams.fi\/wp-content\/uploads\/2023\/07\/vesisuulake-600x286.png 600w, https:\/\/hylajams.fi\/wp-content\/uploads\/2023\/07\/vesisuulake.png 1805w\" sizes=\"(max-width: 415px) 100vw, 415px\" \/><\/p>\n<p data-start=\"838\" data-end=\"1083\">Hyla verhosuulake settiin kuuluu l\u00e4pin\u00e4kyv\u00e4 kirkas vesisuulake, johon voi liitt\u00e4\u00e4 tekstiiliharjan tai verhoritil\u00e4n tarpeen mukaan. Kaikki osat (3 kpl) voidaan irrottaa kirkassuulakkeesta, jota voidaan k\u00e4ytt\u00e4\u00e4 my\u00f6s veden imemiseen. Varaosia on saatavilla erikseen. Kaikki kolme osaa (3 kpl) voidaan irrottaa irrottaa toisistaan erilleen.<\/p>\n<p data-start=\"838\" data-end=\"1083\"><strong>Hyla verhosuulake setti: Kirkas vesisuulake, suulakkeen harjaosa, verhosuulake<\/strong><\/p>\n<p data-start=\"838\" data-end=\"1083\">\ud83d\udc49 Tilaa HYLA verhosuulake setti nyt \u2013 helpoin ja hell\u00e4varaisin ratkaisu verhojen ja tekstiilien puhdistukseen!<\/p>\n<h3 data-start=\"1085\" data-end=\"1103\">Ominaisuudet<\/h3>\n<ul>\n<li data-start=\"1106\" data-end=\"1155\">Sopii kaikkiin HYLA-malleihin (EST, GST ja NST)<\/li>\n<li data-start=\"1158\" data-end=\"1221\">Tekstiilien hell\u00e4varainen puhdistus ilman kankaan imeytymist\u00e4 suulakkeeseen<\/li>\n<li data-start=\"1224\" data-end=\"1281\">L\u00e4pin\u00e4kyv\u00e4 kirkas vesisuulake + tekstiiliharja + verhoritil\u00e4<\/li>\n<li data-start=\"1284\" data-end=\"1360\">Soveltuu verhoille, sohvatyynyille, kangassohville ja muille tekstiileille<\/li>\n<li data-start=\"1363\" data-end=\"1422\">Irrotettavat osat (3 kpl), joita voi tilata my\u00f6s erikseen<\/li>\n<li data-start=\"1425\" data-end=\"1473\">Kirkassuulake soveltuu lis\u00e4ksi eritt\u00e4in hyvin veden imemiseen<\/li>\n<\/ul>\n<h3 data-start=\"1475\" data-end=\"1495\">K\u00e4ytt\u00f6kohteita<\/h3>\n<ul>\n<li data-start=\"1498\" data-end=\"1589\"><strong data-start=\"1498\" data-end=\"1519\">Verhot ja kankaat<\/strong> \u2013 ohuiden ja paksujen verhojen p\u00f6lyjen poisto ilman kangasvaurioita<\/li>\n<li data-start=\"1592\" data-end=\"1677\"><strong data-start=\"1592\" data-end=\"1612\">Sohvat ja tyynyt<\/strong> \u2013 roskien, hiusten ja karvojen poistaminen pehmeilt\u00e4 pinnoilta<\/li>\n<li data-start=\"1680\" data-end=\"1761\"><strong data-start=\"1680\" data-end=\"1699\">Tekstiilipinnat<\/strong> \u2013 oleskelusohvat, tuolit, istuintyynyt ja muut kangaspinnat<\/li>\n<li data-start=\"1764\" data-end=\"1828\"><strong data-start=\"1764\" data-end=\"1782\">Veden imeminen<\/strong> \u2013 kirkassuulakkeella voi ime\u00e4 my\u00f6s nestett\u00e4<\/li>\n<\/ul>\n<p>&nbsp;<\/p>\n<p><strong><a href=\"https:\/\/hylajams.fi\/?page_id=7252\">HYLA EST TUOTTEET<\/a><\/strong><\/p>\n<p><strong><a href=\"https:\/\/hylajams.fi\/?page_id=8366\">HYLA GST TUOTTEET<\/a><\/strong><\/p>\n<p><strong><a href=\"https:\/\/hylajams.fi\/?page_id=8371\">HYLA NST TUOTTEET<\/a><\/strong><\/p>\n<p><strong><a href=\"https:\/\/www.hyla.com\/products\/products\"><span dir=\"auto\" style=\"vertical-align: inherit;\"><span dir=\"auto\" style=\"vertical-align: inherit;\">HYLA INTERNATIONAL<\/span><\/span><\/a><\/strong><\/p>\n","protected":false},"excerpt":{"rendered":"<p><strong>Hyla verhosuulake setti: Kirkas vesisuulake, suulakkeen harjaosa, verhosuulake<\/strong><\/p>\n<p>Monipuolinen HYLA-verhosuulake setti sopii kaikkiin malleihin. Imee nesteit\u00e4, puhdistaa verhot ja tekstiilit p\u00f6lyst\u00e4 ilman, ett\u00e4 kangas imeytyy suulakkeeseen. Mukana kirkas vesisuulake, tekstiiliharja ja verhoritil\u00e4.<\/p>\n","protected":false},"featured_media":5987,"template":"","meta":[],"product_brand":[],"product_cat":[952,950,946,945,773,774,775,942,941],"product_tag":[1628,1219,1131,1220,1225,918,1639,1641,1640,178,901],"class_list":{"0":"post-1481","1":"product","2":"type-product","3":"status-publish","4":"has-post-thumbnail","6":"product_cat-est-lisatarvikkeet","7":"product_cat-est-suulakkeet-ja-harjat","8":"product_cat-hyla-gst-lisatarvikkeet","9":"product_cat-hyla-gst-suulakkeet-ja-harjat","10":"product_cat-hyla-est","11":"product_cat-hyla-gst","12":"product_cat-hyla-nst","13":"product_cat-hyla-nst-lisatarvikkeet","14":"product_cat-hyla-nst-suulakkeet","15":"product_tag-hyla-est-lisavaruste","16":"product_tag-hyla-gst-lisavaruste","17":"product_tag-hyla-lisavaruste","18":"product_tag-hyla-nst-lisavaruste","19":"product_tag-hyla-verhosuulake-setti","20":"product_tag-marka-suulake","21":"product_tag-pieni-kirkas-vesisuulake","22":"product_tag-tekstiilien-puhdistus","23":"product_tag-tekstiiliharja","24":"product_tag-verhosuulake","25":"product_tag-vesi","26":"product_shipping_class-posti-s-paketti-11x32x3-cm-35-kg","27":"_wholesalex wsx-wholesalex-product","29":"first","30":"instock","31":"featured","32":"shipping-taxable","33":"purchasable","34":"product-type-simple"},"yoast_head":"<!-- This site is optimized with the Yoast SEO plugin v27.3 - https:\/\/yoast.com\/product\/yoast-seo-wordpress\/ -->\n<title>Hyla verhosuulake setti - sopii kaikkiin malleihin<\/title>\n<meta name=\"description\" content=\"Hyla verhosuulake setti - sopii kaikkiin malleihin. Hell\u00e4varainen ja tehokas veden, verhojen ja tekstiilien puhdistus. Kirkas vesisuulake, harja ja ritil\u00e4.\" \/>\n<meta name=\"robots\" content=\"index, follow, max-snippet:-1, max-image-preview:large, max-video-preview:-1\" \/>\n<link rel=\"canonical\" href=\"https:\/\/hylajams.fi\/?product=hyla-verhosuulake-setti\" \/>\n<meta property=\"og:locale\" content=\"fi_FI\" \/>\n<meta property=\"og:type\" content=\"article\" \/>\n<meta property=\"og:title\" content=\"Hyla verhosuulake setti - sopii kaikkiin malleihin\" \/>\n<meta property=\"og:description\" content=\"Hyla verhosuulake setti - sopii kaikkiin malleihin. Hell\u00e4varainen ja tehokas veden, verhojen ja tekstiilien puhdistus. Kirkas vesisuulake, harja ja ritil\u00e4.\" \/>\n<meta property=\"og:url\" content=\"https:\/\/hylajams.fi\/?product=hyla-verhosuulake-setti\" \/>\n<meta property=\"og:site_name\" content=\"Hyla Jams Verkkokauppa\" \/>\n<meta property=\"article:modified_time\" content=\"2026-02-27T18:21:04+00:00\" \/>\n<meta property=\"og:image\" content=\"https:\/\/hylajams.fi\/wp-content\/uploads\/2021\/08\/46069-Verho1.png\" \/>\n\t<meta property=\"og:image:width\" content=\"600\" \/>\n\t<meta property=\"og:image:height\" content=\"600\" \/>\n\t<meta property=\"og:image:type\" content=\"image\/png\" \/>\n<meta name=\"twitter:card\" content=\"summary_large_image\" \/>\n<meta name=\"twitter:label1\" content=\"Arvioitu lukuaika\" \/>\n\t<meta name=\"twitter:data1\" content=\"3 minuuttia\" \/>\n<script type=\"application\/ld+json\" class=\"yoast-schema-graph\">{\"@context\":\"https:\\\/\\\/schema.org\",\"@graph\":[{\"@type\":\"WebPage\",\"@id\":\"https:\\\/\\\/hylajams.fi\\\/?product=hyla-verhosuulake-setti\",\"url\":\"https:\\\/\\\/hylajams.fi\\\/?product=hyla-verhosuulake-setti\",\"name\":\"Hyla verhosuulake setti - sopii kaikkiin malleihin\",\"isPartOf\":{\"@id\":\"https:\\\/\\\/hylajams.fi\\\/#website\"},\"primaryImageOfPage\":{\"@id\":\"https:\\\/\\\/hylajams.fi\\\/?product=hyla-verhosuulake-setti#primaryimage\"},\"image\":{\"@id\":\"https:\\\/\\\/hylajams.fi\\\/?product=hyla-verhosuulake-setti#primaryimage\"},\"thumbnailUrl\":\"https:\\\/\\\/hylajams.fi\\\/wp-content\\\/uploads\\\/2021\\\/08\\\/46069-Verho1.png\",\"datePublished\":\"2021-08-03T20:45:10+00:00\",\"dateModified\":\"2026-02-27T18:21:04+00:00\",\"description\":\"Hyla verhosuulake setti - sopii kaikkiin malleihin. Hell\u00e4varainen ja tehokas veden, verhojen ja tekstiilien puhdistus. Kirkas vesisuulake, harja ja ritil\u00e4.\",\"breadcrumb\":{\"@id\":\"https:\\\/\\\/hylajams.fi\\\/?product=hyla-verhosuulake-setti#breadcrumb\"},\"inLanguage\":\"fi\",\"potentialAction\":[{\"@type\":\"ReadAction\",\"target\":[\"https:\\\/\\\/hylajams.fi\\\/?product=hyla-verhosuulake-setti\"]}]},{\"@type\":\"ImageObject\",\"inLanguage\":\"fi\",\"@id\":\"https:\\\/\\\/hylajams.fi\\\/?product=hyla-verhosuulake-setti#primaryimage\",\"url\":\"https:\\\/\\\/hylajams.fi\\\/wp-content\\\/uploads\\\/2021\\\/08\\\/46069-Verho1.png\",\"contentUrl\":\"https:\\\/\\\/hylajams.fi\\\/wp-content\\\/uploads\\\/2021\\\/08\\\/46069-Verho1.png\",\"width\":600,\"height\":600,\"caption\":\"Hyla verhosuulake setti\"},{\"@type\":\"BreadcrumbList\",\"@id\":\"https:\\\/\\\/hylajams.fi\\\/?product=hyla-verhosuulake-setti#breadcrumb\",\"itemListElement\":[{\"@type\":\"ListItem\",\"position\":1,\"name\":\"Etusivu\",\"item\":\"https:\\\/\\\/hylajams.fi\\\/\"},{\"@type\":\"ListItem\",\"position\":2,\"name\":\"VERKKOKAUPPA\",\"item\":\"https:\\\/\\\/hylajams.fi\\\/?page_id=9\"},{\"@type\":\"ListItem\",\"position\":3,\"name\":\"46069 Hyla verhosuulake setti\"}]},{\"@type\":\"WebSite\",\"@id\":\"https:\\\/\\\/hylajams.fi\\\/#website\",\"url\":\"https:\\\/\\\/hylajams.fi\\\/\",\"name\":\"Hyla Jams Verkkokauppa\",\"description\":\"Hyla ilman- ja huoneen puhdistusj\u00e4rjestelm\u00e4 Suomessa\",\"publisher\":{\"@id\":\"https:\\\/\\\/hylajams.fi\\\/#organization\"},\"potentialAction\":[{\"@type\":\"SearchAction\",\"target\":{\"@type\":\"EntryPoint\",\"urlTemplate\":\"https:\\\/\\\/hylajams.fi\\\/?s={search_term_string}\"},\"query-input\":{\"@type\":\"PropertyValueSpecification\",\"valueRequired\":true,\"valueName\":\"search_term_string\"}}],\"inLanguage\":\"fi\"},{\"@type\":\"Organization\",\"@id\":\"https:\\\/\\\/hylajams.fi\\\/#organization\",\"name\":\"Hyla Jams Verkkokauppa\",\"url\":\"https:\\\/\\\/hylajams.fi\\\/\",\"logo\":{\"@type\":\"ImageObject\",\"inLanguage\":\"fi\",\"@id\":\"https:\\\/\\\/hylajams.fi\\\/#\\\/schema\\\/logo\\\/image\\\/\",\"url\":\"https:\\\/\\\/hylajams.fi\\\/wp-content\\\/uploads\\\/2025\\\/02\\\/Logo-1-2.jpg\",\"contentUrl\":\"https:\\\/\\\/hylajams.fi\\\/wp-content\\\/uploads\\\/2025\\\/02\\\/Logo-1-2.jpg\",\"width\":500,\"height\":500,\"caption\":\"Hyla Jams Verkkokauppa\"},\"image\":{\"@id\":\"https:\\\/\\\/hylajams.fi\\\/#\\\/schema\\\/logo\\\/image\\\/\"},\"sameAs\":[\"https:\\\/\\\/www.instagram.com\\\/hylasiivous\\\/\"]}]}<\/script>\n<!-- \/ Yoast SEO plugin. -->","yoast_head_json":{"title":"Hyla verhosuulake setti - sopii kaikkiin malleihin","description":"Hyla verhosuulake setti - sopii kaikkiin malleihin. Hell\u00e4varainen ja tehokas veden, verhojen ja tekstiilien puhdistus. Kirkas vesisuulake, harja ja ritil\u00e4.","robots":{"index":"index","follow":"follow","max-snippet":"max-snippet:-1","max-image-preview":"max-image-preview:large","max-video-preview":"max-video-preview:-1"},"canonical":"https:\/\/hylajams.fi\/?product=hyla-verhosuulake-setti","og_locale":"fi_FI","og_type":"article","og_title":"Hyla verhosuulake setti - sopii kaikkiin malleihin","og_description":"Hyla verhosuulake setti - sopii kaikkiin malleihin. Hell\u00e4varainen ja tehokas veden, verhojen ja tekstiilien puhdistus. Kirkas vesisuulake, harja ja ritil\u00e4.","og_url":"https:\/\/hylajams.fi\/?product=hyla-verhosuulake-setti","og_site_name":"Hyla Jams Verkkokauppa","article_modified_time":"2026-02-27T18:21:04+00:00","og_image":[{"width":600,"height":600,"url":"https:\/\/hylajams.fi\/wp-content\/uploads\/2021\/08\/46069-Verho1.png","type":"image\/png"}],"twitter_card":"summary_large_image","twitter_misc":{"Arvioitu lukuaika":"3 minuuttia"},"schema":{"@context":"https:\/\/schema.org","@graph":[{"@type":"WebPage","@id":"https:\/\/hylajams.fi\/?product=hyla-verhosuulake-setti","url":"https:\/\/hylajams.fi\/?product=hyla-verhosuulake-setti","name":"Hyla verhosuulake setti - sopii kaikkiin malleihin","isPartOf":{"@id":"https:\/\/hylajams.fi\/#website"},"primaryImageOfPage":{"@id":"https:\/\/hylajams.fi\/?product=hyla-verhosuulake-setti#primaryimage"},"image":{"@id":"https:\/\/hylajams.fi\/?product=hyla-verhosuulake-setti#primaryimage"},"thumbnailUrl":"https:\/\/hylajams.fi\/wp-content\/uploads\/2021\/08\/46069-Verho1.png","datePublished":"2021-08-03T20:45:10+00:00","dateModified":"2026-02-27T18:21:04+00:00","description":"Hyla verhosuulake setti - sopii kaikkiin malleihin. Hell\u00e4varainen ja tehokas veden, verhojen ja tekstiilien puhdistus. Kirkas vesisuulake, harja ja ritil\u00e4.","breadcrumb":{"@id":"https:\/\/hylajams.fi\/?product=hyla-verhosuulake-setti#breadcrumb"},"inLanguage":"fi","potentialAction":[{"@type":"ReadAction","target":["https:\/\/hylajams.fi\/?product=hyla-verhosuulake-setti"]}]},{"@type":"ImageObject","inLanguage":"fi","@id":"https:\/\/hylajams.fi\/?product=hyla-verhosuulake-setti#primaryimage","url":"https:\/\/hylajams.fi\/wp-content\/uploads\/2021\/08\/46069-Verho1.png","contentUrl":"https:\/\/hylajams.fi\/wp-content\/uploads\/2021\/08\/46069-Verho1.png","width":600,"height":600,"caption":"Hyla verhosuulake setti"},{"@type":"BreadcrumbList","@id":"https:\/\/hylajams.fi\/?product=hyla-verhosuulake-setti#breadcrumb","itemListElement":[{"@type":"ListItem","position":1,"name":"Etusivu","item":"https:\/\/hylajams.fi\/"},{"@type":"ListItem","position":2,"name":"VERKKOKAUPPA","item":"https:\/\/hylajams.fi\/?page_id=9"},{"@type":"ListItem","position":3,"name":"46069 Hyla verhosuulake setti"}]},{"@type":"WebSite","@id":"https:\/\/hylajams.fi\/#website","url":"https:\/\/hylajams.fi\/","name":"Hyla Jams Verkkokauppa","description":"Hyla ilman- ja huoneen puhdistusj\u00e4rjestelm\u00e4 Suomessa","publisher":{"@id":"https:\/\/hylajams.fi\/#organization"},"potentialAction":[{"@type":"SearchAction","target":{"@type":"EntryPoint","urlTemplate":"https:\/\/hylajams.fi\/?s={search_term_string}"},"query-input":{"@type":"PropertyValueSpecification","valueRequired":true,"valueName":"search_term_string"}}],"inLanguage":"fi"},{"@type":"Organization","@id":"https:\/\/hylajams.fi\/#organization","name":"Hyla Jams Verkkokauppa","url":"https:\/\/hylajams.fi\/","logo":{"@type":"ImageObject","inLanguage":"fi","@id":"https:\/\/hylajams.fi\/#\/schema\/logo\/image\/","url":"https:\/\/hylajams.fi\/wp-content\/uploads\/2025\/02\/Logo-1-2.jpg","contentUrl":"https:\/\/hylajams.fi\/wp-content\/uploads\/2025\/02\/Logo-1-2.jpg","width":500,"height":500,"caption":"Hyla Jams Verkkokauppa"},"image":{"@id":"https:\/\/hylajams.fi\/#\/schema\/logo\/image\/"},"sameAs":["https:\/\/www.instagram.com\/hylasiivous\/"]}]}},"_links":{"self":[{"href":"https:\/\/hylajams.fi\/index.php?rest_route=\/wp\/v2\/product\/1481","targetHints":{"allow":["GET"]}}],"collection":[{"href":"https:\/\/hylajams.fi\/index.php?rest_route=\/wp\/v2\/product"}],"about":[{"href":"https:\/\/hylajams.fi\/index.php?rest_route=\/wp\/v2\/types\/product"}],"version-history":[{"count":7,"href":"https:\/\/hylajams.fi\/index.php?rest_route=\/wp\/v2\/product\/1481\/revisions"}],"predecessor-version":[{"id":13156,"href":"https:\/\/hylajams.fi\/index.php?rest_route=\/wp\/v2\/product\/1481\/revisions\/13156"}],"wp:featuredmedia":[{"embeddable":true,"href":"https:\/\/hylajams.fi\/index.php?rest_route=\/wp\/v2\/media\/5987"}],"wp:attachment":[{"href":"https:\/\/hylajams.fi\/index.php?rest_route=%2Fwp%2Fv2%2Fmedia&parent=1481"}],"wp:term":[{"taxonomy":"product_brand","embeddable":true,"href":"https:\/\/hylajams.fi\/index.php?rest_route=%2Fwp%2Fv2%2Fproduct_brand&post=1481"},{"taxonomy":"product_cat","embeddable":true,"href":"https:\/\/hylajams.fi\/index.php?rest_route=%2Fwp%2Fv2%2Fproduct_cat&post=1481"},{"taxonomy":"product_tag","embeddable":true,"href":"https:\/\/hylajams.fi\/index.php?rest_route=%2Fwp%2Fv2%2Fproduct_tag&post=1481"}],"curies":[{"name":"wp","href":"https:\/\/api.w.org\/{rel}","templated":true}]}}