{"id":1449,"date":"2021-08-03T22:52:43","date_gmt":"2021-08-03T19:52:43","guid":{"rendered":"https:\/\/hylajams.fi\/?post_type=product&#038;p=1449"},"modified":"2026-02-27T20:27:49","modified_gmt":"2026-02-27T18:27:49","slug":"hyla-synteettinen-suulake-gst-nst","status":"publish","type":"product","link":"https:\/\/hylajams.fi\/?product=hyla-synteettinen-suulake-gst-nst","title":{"rendered":"14021 Hyla synteettinen harja (GST &#038; NST)"},"content":{"rendered":"<p data-start=\"463\" data-end=\"761\"><strong>Hyla synteettinen suulake GST NST<\/strong> on suunniteltu erityisesti HYLA GST- ja NST-mallien k\u00e4ytt\u00e4jille. Sen k\u00e4\u00e4ntyv\u00e4 nivel takaa helpon ohjattavuuden ja tekee siivouksesta joustavaa my\u00f6s hankalissa paikoissa. Kompakti ja kevyt muotoilu tekee t\u00e4st\u00e4 suulakkeesta erinomaisen valinnan jokap\u00e4iv\u00e4iseen siivoukseen.<\/p>\n<h3 data-start=\"763\" data-end=\"781\"><span dir=\"auto\" style=\"vertical-align: inherit;\"><span dir=\"auto\" style=\"vertical-align: inherit;\">Ominaisuudet<\/span><\/span><\/h3>\n<ul>\n<li data-start=\"784\" data-end=\"818\">Sopii HYLA GST- ja NST-malleihin<\/li>\n<li data-start=\"821\" data-end=\"851\">Kest\u00e4v\u00e4 synteettinen rakenne<\/li>\n<li data-start=\"854\" data-end=\"889\">K\u00e4\u00e4ntyv\u00e4 nivel helpottaa ohjausta<\/li>\n<li data-start=\"892\" data-end=\"926\">Kompakti ja ergonominen muotoilu<\/li>\n<li data-start=\"929\" data-end=\"955\">Soveltuu kovaan k\u00e4ytt\u00f6\u00f6n<\/li>\n<\/ul>\n<h3 data-start=\"957\" data-end=\"977\">K\u00e4ytt\u00f6kohteita<\/h3>\n<p data-start=\"978\" data-end=\"1060\">Hyla synteettinen suulake GST NST soveltuu hyvin monipuoliseen kodin siivoukseen, kuten:<\/p>\n<ul>\n<li data-start=\"1063\" data-end=\"1125\"><strong data-start=\"1063\" data-end=\"1082\">Tekstiilipinnat<\/strong>: sohvat, tuolit ja muut kankaiset pinnat<\/li>\n<li data-start=\"1128\" data-end=\"1185\"><strong data-start=\"1128\" data-end=\"1143\">Kodinpinnat<\/strong>: ovenkarmit, hyllyt, tasot ja kaapistot<\/li>\n<li data-start=\"1188\" data-end=\"1243\"><strong data-start=\"1188\" data-end=\"1207\">Auton sis\u00e4tilat<\/strong>: penkit, lattiamatot ja verhoilut<\/li>\n<li data-start=\"1246\" data-end=\"1310\"><strong data-start=\"1246\" data-end=\"1265\">El\u00e4inten karvat<\/strong>: poistaminen kankailta ja muilta pinnoilta<\/li>\n<\/ul>\n<p><strong><a href=\"https:\/\/hylajams.fi\/?page_id=7252\">HYLA EST TUOTTEET<\/a><\/strong><\/p>\n<p><strong><a href=\"https:\/\/hylajams.fi\/?page_id=8366\">HYLA GST TUOTTEET<\/a><\/strong><\/p>\n<p><strong><a href=\"https:\/\/hylajams.fi\/?page_id=8371\">HYLA NST TUOTTEET<\/a><\/strong><\/p>\n<p><strong><a href=\"https:\/\/www.hyla.com\/products\/products\"><span dir=\"auto\" style=\"vertical-align: inherit;\"><span dir=\"auto\" style=\"vertical-align: inherit;\">HYLA INTERNATIONAL<\/span><\/span><\/a><\/strong><\/p>\n","protected":false},"excerpt":{"rendered":"<div class=\"grid-block shrink layout4-content\">\n<div class=\"product-image\">\n<div><strong>HYLA synteettinen suulake GST NST \u2013 monipuolinen yleissuulake<\/strong><\/div>\n<div><\/div>\n<div class=\"images-inner\">Kest\u00e4v\u00e4 synteettinen HYLA-suulake p\u00e4ivitt\u00e4iseen siivoukseen. Sopii HYLA GST- ja NST-malleihin. K\u00e4\u00e4ntyv\u00e4 nivel helpottaa ahtaiden kohteiden ja pintojen puhdistusta.<\/div>\n<\/div>\n<\/div>\n","protected":false},"featured_media":10373,"template":"","meta":[],"product_brand":[],"product_cat":[945,774,775,941],"product_tag":[1646,1219,1131,1220,1645,1217,1647,1648,175,1640],"class_list":{"0":"post-1449","1":"product","2":"type-product","3":"status-publish","4":"has-post-thumbnail","6":"product_cat-hyla-gst-suulakkeet-ja-harjat","7":"product_cat-hyla-gst","8":"product_cat-hyla-nst","9":"product_cat-hyla-nst-suulakkeet","10":"product_tag-gst-harja","11":"product_tag-hyla-gst-lisavaruste","12":"product_tag-hyla-lisavaruste","13":"product_tag-hyla-nst-lisavaruste","14":"product_tag-hyla-synteettinen-harja-gst-nst","15":"product_tag-hyla-synteettinen-suulake","16":"product_tag-nst-harja","17":"product_tag-puhdistusharja","18":"product_tag-synteettinen-harja","19":"product_tag-tekstiiliharja","20":"product_shipping_class-posti-s-paketti-11x32x3-cm-35-kg","21":"_wholesalex wsx-wholesalex-product","23":"first","24":"instock","25":"featured","26":"shipping-taxable","27":"purchasable","28":"product-type-simple"},"yoast_head":"<!-- This site is optimized with the Yoast SEO plugin v27.3 - https:\/\/yoast.com\/product\/yoast-seo-wordpress\/ -->\n<title>Hyla synteettinen suulake GST NST \u2013 sopii n\u00e4ihin malleihin<\/title>\n<meta name=\"description\" content=\"Hyla synteettinen suulake GST NST - k\u00e4\u00e4ntyv\u00e4ll\u00e4 nivelell\u00e4. Sopii GST- ja NST-malleihin. K\u00e4yt\u00e4nn\u00f6llinen ja kest\u00e4v\u00e4 yleissuulake kodin ja auton siivoukseen.\" \/>\n<meta name=\"robots\" content=\"index, follow, max-snippet:-1, max-image-preview:large, max-video-preview:-1\" \/>\n<link rel=\"canonical\" href=\"https:\/\/hylajams.fi\/?product=hyla-synteettinen-suulake-gst-nst\" \/>\n<meta property=\"og:locale\" content=\"fi_FI\" \/>\n<meta property=\"og:type\" content=\"article\" \/>\n<meta property=\"og:title\" content=\"Hyla synteettinen suulake GST NST \u2013 sopii n\u00e4ihin malleihin\" \/>\n<meta property=\"og:description\" content=\"Hyla synteettinen suulake GST NST - k\u00e4\u00e4ntyv\u00e4ll\u00e4 nivelell\u00e4. Sopii GST- ja NST-malleihin. K\u00e4yt\u00e4nn\u00f6llinen ja kest\u00e4v\u00e4 yleissuulake kodin ja auton siivoukseen.\" \/>\n<meta property=\"og:url\" content=\"https:\/\/hylajams.fi\/?product=hyla-synteettinen-suulake-gst-nst\" \/>\n<meta property=\"og:site_name\" content=\"Hyla Jams Verkkokauppa\" \/>\n<meta property=\"article:modified_time\" content=\"2026-02-27T18:27:49+00:00\" \/>\n<meta property=\"og:image\" content=\"https:\/\/hylajams.fi\/wp-content\/uploads\/2025\/05\/9-1.jpg\" \/>\n\t<meta property=\"og:image:width\" content=\"960\" \/>\n\t<meta property=\"og:image:height\" content=\"540\" \/>\n\t<meta property=\"og:image:type\" content=\"image\/jpeg\" \/>\n<meta name=\"twitter:card\" content=\"summary_large_image\" \/>\n<meta name=\"twitter:label1\" content=\"Arvioitu lukuaika\" \/>\n\t<meta name=\"twitter:data1\" content=\"1 minuutti\" \/>\n<script type=\"application\/ld+json\" class=\"yoast-schema-graph\">{\"@context\":\"https:\\\/\\\/schema.org\",\"@graph\":[{\"@type\":\"WebPage\",\"@id\":\"https:\\\/\\\/hylajams.fi\\\/?product=hyla-synteettinen-suulake-gst-nst\",\"url\":\"https:\\\/\\\/hylajams.fi\\\/?product=hyla-synteettinen-suulake-gst-nst\",\"name\":\"Hyla synteettinen suulake GST NST \u2013 sopii n\u00e4ihin malleihin\",\"isPartOf\":{\"@id\":\"https:\\\/\\\/hylajams.fi\\\/#website\"},\"primaryImageOfPage\":{\"@id\":\"https:\\\/\\\/hylajams.fi\\\/?product=hyla-synteettinen-suulake-gst-nst#primaryimage\"},\"image\":{\"@id\":\"https:\\\/\\\/hylajams.fi\\\/?product=hyla-synteettinen-suulake-gst-nst#primaryimage\"},\"thumbnailUrl\":\"https:\\\/\\\/hylajams.fi\\\/wp-content\\\/uploads\\\/2025\\\/05\\\/9-1.jpg\",\"datePublished\":\"2021-08-03T19:52:43+00:00\",\"dateModified\":\"2026-02-27T18:27:49+00:00\",\"description\":\"Hyla synteettinen suulake GST NST - k\u00e4\u00e4ntyv\u00e4ll\u00e4 nivelell\u00e4. Sopii GST- ja NST-malleihin. K\u00e4yt\u00e4nn\u00f6llinen ja kest\u00e4v\u00e4 yleissuulake kodin ja auton siivoukseen.\",\"breadcrumb\":{\"@id\":\"https:\\\/\\\/hylajams.fi\\\/?product=hyla-synteettinen-suulake-gst-nst#breadcrumb\"},\"inLanguage\":\"fi\",\"potentialAction\":[{\"@type\":\"ReadAction\",\"target\":[\"https:\\\/\\\/hylajams.fi\\\/?product=hyla-synteettinen-suulake-gst-nst\"]}]},{\"@type\":\"ImageObject\",\"inLanguage\":\"fi\",\"@id\":\"https:\\\/\\\/hylajams.fi\\\/?product=hyla-synteettinen-suulake-gst-nst#primaryimage\",\"url\":\"https:\\\/\\\/hylajams.fi\\\/wp-content\\\/uploads\\\/2025\\\/05\\\/9-1.jpg\",\"contentUrl\":\"https:\\\/\\\/hylajams.fi\\\/wp-content\\\/uploads\\\/2025\\\/05\\\/9-1.jpg\",\"width\":960,\"height\":540,\"caption\":\"HYLA synteettinen suulake GST- ja NST-malleihin\"},{\"@type\":\"BreadcrumbList\",\"@id\":\"https:\\\/\\\/hylajams.fi\\\/?product=hyla-synteettinen-suulake-gst-nst#breadcrumb\",\"itemListElement\":[{\"@type\":\"ListItem\",\"position\":1,\"name\":\"Etusivu\",\"item\":\"https:\\\/\\\/hylajams.fi\\\/\"},{\"@type\":\"ListItem\",\"position\":2,\"name\":\"VERKKOKAUPPA\",\"item\":\"https:\\\/\\\/hylajams.fi\\\/?page_id=9\"},{\"@type\":\"ListItem\",\"position\":3,\"name\":\"14021 Hyla synteettinen harja (GST &#038; NST)\"}]},{\"@type\":\"WebSite\",\"@id\":\"https:\\\/\\\/hylajams.fi\\\/#website\",\"url\":\"https:\\\/\\\/hylajams.fi\\\/\",\"name\":\"Hyla Jams Verkkokauppa\",\"description\":\"Hyla ilman- ja huoneen puhdistusj\u00e4rjestelm\u00e4 Suomessa\",\"publisher\":{\"@id\":\"https:\\\/\\\/hylajams.fi\\\/#organization\"},\"potentialAction\":[{\"@type\":\"SearchAction\",\"target\":{\"@type\":\"EntryPoint\",\"urlTemplate\":\"https:\\\/\\\/hylajams.fi\\\/?s={search_term_string}\"},\"query-input\":{\"@type\":\"PropertyValueSpecification\",\"valueRequired\":true,\"valueName\":\"search_term_string\"}}],\"inLanguage\":\"fi\"},{\"@type\":\"Organization\",\"@id\":\"https:\\\/\\\/hylajams.fi\\\/#organization\",\"name\":\"Hyla Jams Verkkokauppa\",\"url\":\"https:\\\/\\\/hylajams.fi\\\/\",\"logo\":{\"@type\":\"ImageObject\",\"inLanguage\":\"fi\",\"@id\":\"https:\\\/\\\/hylajams.fi\\\/#\\\/schema\\\/logo\\\/image\\\/\",\"url\":\"https:\\\/\\\/hylajams.fi\\\/wp-content\\\/uploads\\\/2025\\\/02\\\/Logo-1-2.jpg\",\"contentUrl\":\"https:\\\/\\\/hylajams.fi\\\/wp-content\\\/uploads\\\/2025\\\/02\\\/Logo-1-2.jpg\",\"width\":500,\"height\":500,\"caption\":\"Hyla Jams Verkkokauppa\"},\"image\":{\"@id\":\"https:\\\/\\\/hylajams.fi\\\/#\\\/schema\\\/logo\\\/image\\\/\"},\"sameAs\":[\"https:\\\/\\\/www.instagram.com\\\/hylasiivous\\\/\"]}]}<\/script>\n<!-- \/ Yoast SEO plugin. -->","yoast_head_json":{"title":"Hyla synteettinen suulake GST NST \u2013 sopii n\u00e4ihin malleihin","description":"Hyla synteettinen suulake GST NST - k\u00e4\u00e4ntyv\u00e4ll\u00e4 nivelell\u00e4. Sopii GST- ja NST-malleihin. K\u00e4yt\u00e4nn\u00f6llinen ja kest\u00e4v\u00e4 yleissuulake kodin ja auton siivoukseen.","robots":{"index":"index","follow":"follow","max-snippet":"max-snippet:-1","max-image-preview":"max-image-preview:large","max-video-preview":"max-video-preview:-1"},"canonical":"https:\/\/hylajams.fi\/?product=hyla-synteettinen-suulake-gst-nst","og_locale":"fi_FI","og_type":"article","og_title":"Hyla synteettinen suulake GST NST \u2013 sopii n\u00e4ihin malleihin","og_description":"Hyla synteettinen suulake GST NST - k\u00e4\u00e4ntyv\u00e4ll\u00e4 nivelell\u00e4. Sopii GST- ja NST-malleihin. K\u00e4yt\u00e4nn\u00f6llinen ja kest\u00e4v\u00e4 yleissuulake kodin ja auton siivoukseen.","og_url":"https:\/\/hylajams.fi\/?product=hyla-synteettinen-suulake-gst-nst","og_site_name":"Hyla Jams Verkkokauppa","article_modified_time":"2026-02-27T18:27:49+00:00","og_image":[{"width":960,"height":540,"url":"https:\/\/hylajams.fi\/wp-content\/uploads\/2025\/05\/9-1.jpg","type":"image\/jpeg"}],"twitter_card":"summary_large_image","twitter_misc":{"Arvioitu lukuaika":"1 minuutti"},"schema":{"@context":"https:\/\/schema.org","@graph":[{"@type":"WebPage","@id":"https:\/\/hylajams.fi\/?product=hyla-synteettinen-suulake-gst-nst","url":"https:\/\/hylajams.fi\/?product=hyla-synteettinen-suulake-gst-nst","name":"Hyla synteettinen suulake GST NST \u2013 sopii n\u00e4ihin malleihin","isPartOf":{"@id":"https:\/\/hylajams.fi\/#website"},"primaryImageOfPage":{"@id":"https:\/\/hylajams.fi\/?product=hyla-synteettinen-suulake-gst-nst#primaryimage"},"image":{"@id":"https:\/\/hylajams.fi\/?product=hyla-synteettinen-suulake-gst-nst#primaryimage"},"thumbnailUrl":"https:\/\/hylajams.fi\/wp-content\/uploads\/2025\/05\/9-1.jpg","datePublished":"2021-08-03T19:52:43+00:00","dateModified":"2026-02-27T18:27:49+00:00","description":"Hyla synteettinen suulake GST NST - k\u00e4\u00e4ntyv\u00e4ll\u00e4 nivelell\u00e4. Sopii GST- ja NST-malleihin. K\u00e4yt\u00e4nn\u00f6llinen ja kest\u00e4v\u00e4 yleissuulake kodin ja auton siivoukseen.","breadcrumb":{"@id":"https:\/\/hylajams.fi\/?product=hyla-synteettinen-suulake-gst-nst#breadcrumb"},"inLanguage":"fi","potentialAction":[{"@type":"ReadAction","target":["https:\/\/hylajams.fi\/?product=hyla-synteettinen-suulake-gst-nst"]}]},{"@type":"ImageObject","inLanguage":"fi","@id":"https:\/\/hylajams.fi\/?product=hyla-synteettinen-suulake-gst-nst#primaryimage","url":"https:\/\/hylajams.fi\/wp-content\/uploads\/2025\/05\/9-1.jpg","contentUrl":"https:\/\/hylajams.fi\/wp-content\/uploads\/2025\/05\/9-1.jpg","width":960,"height":540,"caption":"HYLA synteettinen suulake GST- ja NST-malleihin"},{"@type":"BreadcrumbList","@id":"https:\/\/hylajams.fi\/?product=hyla-synteettinen-suulake-gst-nst#breadcrumb","itemListElement":[{"@type":"ListItem","position":1,"name":"Etusivu","item":"https:\/\/hylajams.fi\/"},{"@type":"ListItem","position":2,"name":"VERKKOKAUPPA","item":"https:\/\/hylajams.fi\/?page_id=9"},{"@type":"ListItem","position":3,"name":"14021 Hyla synteettinen harja (GST &#038; NST)"}]},{"@type":"WebSite","@id":"https:\/\/hylajams.fi\/#website","url":"https:\/\/hylajams.fi\/","name":"Hyla Jams Verkkokauppa","description":"Hyla ilman- ja huoneen puhdistusj\u00e4rjestelm\u00e4 Suomessa","publisher":{"@id":"https:\/\/hylajams.fi\/#organization"},"potentialAction":[{"@type":"SearchAction","target":{"@type":"EntryPoint","urlTemplate":"https:\/\/hylajams.fi\/?s={search_term_string}"},"query-input":{"@type":"PropertyValueSpecification","valueRequired":true,"valueName":"search_term_string"}}],"inLanguage":"fi"},{"@type":"Organization","@id":"https:\/\/hylajams.fi\/#organization","name":"Hyla Jams Verkkokauppa","url":"https:\/\/hylajams.fi\/","logo":{"@type":"ImageObject","inLanguage":"fi","@id":"https:\/\/hylajams.fi\/#\/schema\/logo\/image\/","url":"https:\/\/hylajams.fi\/wp-content\/uploads\/2025\/02\/Logo-1-2.jpg","contentUrl":"https:\/\/hylajams.fi\/wp-content\/uploads\/2025\/02\/Logo-1-2.jpg","width":500,"height":500,"caption":"Hyla Jams Verkkokauppa"},"image":{"@id":"https:\/\/hylajams.fi\/#\/schema\/logo\/image\/"},"sameAs":["https:\/\/www.instagram.com\/hylasiivous\/"]}]}},"_links":{"self":[{"href":"https:\/\/hylajams.fi\/index.php?rest_route=\/wp\/v2\/product\/1449","targetHints":{"allow":["GET"]}}],"collection":[{"href":"https:\/\/hylajams.fi\/index.php?rest_route=\/wp\/v2\/product"}],"about":[{"href":"https:\/\/hylajams.fi\/index.php?rest_route=\/wp\/v2\/types\/product"}],"version-history":[{"count":5,"href":"https:\/\/hylajams.fi\/index.php?rest_route=\/wp\/v2\/product\/1449\/revisions"}],"predecessor-version":[{"id":13158,"href":"https:\/\/hylajams.fi\/index.php?rest_route=\/wp\/v2\/product\/1449\/revisions\/13158"}],"wp:featuredmedia":[{"embeddable":true,"href":"https:\/\/hylajams.fi\/index.php?rest_route=\/wp\/v2\/media\/10373"}],"wp:attachment":[{"href":"https:\/\/hylajams.fi\/index.php?rest_route=%2Fwp%2Fv2%2Fmedia&parent=1449"}],"wp:term":[{"taxonomy":"product_brand","embeddable":true,"href":"https:\/\/hylajams.fi\/index.php?rest_route=%2Fwp%2Fv2%2Fproduct_brand&post=1449"},{"taxonomy":"product_cat","embeddable":true,"href":"https:\/\/hylajams.fi\/index.php?rest_route=%2Fwp%2Fv2%2Fproduct_cat&post=1449"},{"taxonomy":"product_tag","embeddable":true,"href":"https:\/\/hylajams.fi\/index.php?rest_route=%2Fwp%2Fv2%2Fproduct_tag&post=1449"}],"curies":[{"name":"wp","href":"https:\/\/api.w.org\/{rel}","templated":true}]}}