{"id":1350,"date":"2021-07-28T16:23:19","date_gmt":"2021-07-28T13:23:19","guid":{"rendered":"https:\/\/hylajams.fi\/?post_type=product&#038;p=1350"},"modified":"2026-02-28T00:10:09","modified_gmt":"2026-02-27T22:10:09","slug":"hyla-markapesurin-teleskooppivarsi","status":"publish","type":"product","link":"https:\/\/hylajams.fi\/?product=hyla-markapesurin-teleskooppivarsi","title":{"rendered":"35304 Hyla m\u00e4rk\u00e4pesurin teleskooppivarsi (GST\/NST)"},"content":{"rendered":"<p data-start=\"304\" data-end=\"596\">Hyla m\u00e4rk\u00e4pesurin teleskooppivarsi (35304) on suunniteltu tekem\u00e4\u00e4n siivouksesta ergonomisempaa ja tehokkaampaa. Sen jatkettava teleskooppirakenne mahdollistaa pituuden s\u00e4\u00e4t\u00e4misen k\u00e4ytt\u00e4j\u00e4n koon ja ty\u00f6skentelyolosuhteiden mukaan. N\u00e4in ty\u00f6skentely sujuu mukavammin ja v\u00e4hemm\u00e4ll\u00e4 rasituksella.<\/p>\n<p data-start=\"598\" data-end=\"922\">Hyla m\u00e4rk\u00e4pesurin teleskooppivarsi sopii HYLA GST- ja NST-malleihin ja on t\u00e4ydellinen lis\u00e4varuste m\u00e4rk\u00e4pesuriin, kun haluat paremman ulottuvuuden ja joustavan siivousasennon. Laadukas materiaali takaa kest\u00e4vyyden ja pitk\u00e4n k\u00e4ytt\u00f6i\u00e4n, ja s\u00e4\u00e4dett\u00e4v\u00e4 varsi mukautuu helposti eri tilanteisiin \u2013 olipa kyse lattioiden, mattojen tai muiden pintojen pesusta.<\/p>\n<p data-start=\"924\" data-end=\"943\"><strong data-start=\"924\" data-end=\"941\">Ominaisuudet:<\/strong><\/p>\n<p><span style=\"color: #0000ff;\">\u2714<\/span> Sopii HYLA GST- ja NST-malleihin<\/p>\n<p><span style=\"color: #0000ff;\">\u2714<\/span> Jatkettava teleskooppiputki \u2013 s\u00e4\u00e4d\u00e4 pituus tarpeen mukaan<\/p>\n<p><span style=\"color: #0000ff;\">\u2714<\/span> Lis\u00e4\u00e4 ty\u00f6skentelymukavuutta ja v\u00e4hent\u00e4\u00e4 kurottelua<\/p>\n<p><span style=\"color: #0000ff;\">\u2714<\/span> Kest\u00e4v\u00e4 ja pitk\u00e4ik\u00e4inen rakenne<\/p>\n<p><span style=\"color: #0000ff;\">\u2714<\/span> Ihanteellinen m\u00e4rk\u00e4pesurin k\u00e4ytt\u00f6\u00f6n eri pinnoilla<\/p>\n<h5 data-start=\"4289\" data-end=\"4347\"><a href=\"https:\/\/hylajams.fi\/?page_id=8366\"><strong>HYLA GST TUOTTEET<\/strong><\/a><\/h5>\n<h5 data-start=\"4289\" data-end=\"4347\"><a href=\"https:\/\/hylajams.fi\/?page_id=8371\"><strong>HYLA NST TUOTTEET<\/strong><\/a><\/h5>\n<h5><strong><a href=\"https:\/\/www.hyla.com\/products\/products\"><span dir=\"auto\">HYLA INTERNATIONAL<\/span><\/a><\/strong><\/h5>\n","protected":false},"excerpt":{"rendered":"<p>S\u00e4\u00e4dett\u00e4v\u00e4 teleskooppiputki HYLA m\u00e4rk\u00e4pesuriin. Sopii GST- ja NST-malleihin, lis\u00e4\u00e4 ty\u00f6skentelymukavuutta s\u00e4\u00e4dett\u00e4v\u00e4n pituuden ansiosta.<\/p>\n","protected":false},"featured_media":11188,"template":"","meta":[],"product_brand":[],"product_cat":[914,947,774,775,940,948],"product_tag":[1755,1219,1193,1220,1758,1757,1756],"class_list":{"0":"post-1350","1":"product","2":"type-product","3":"status-publish","4":"has-post-thumbnail","6":"product_cat-hyla-gst-letkut-ja-putket","7":"product_cat-hyla-gst-markapesuri","8":"product_cat-hyla-gst","9":"product_cat-hyla-nst","10":"product_cat-hyla-nst-letkut-ja-putket","11":"product_cat-hyla-nst-markapesuri","12":"product_tag-gst-teleskooppivarsi","13":"product_tag-hyla-gst-lisavaruste","14":"product_tag-hyla-markapesurin-teleskooppivarsi","15":"product_tag-hyla-nst-lisavaruste","16":"product_tag-hyla-teleskooppivarsi","17":"product_tag-markapesurin-varsi","18":"product_tag-nst-teleskooppivarsi","19":"product_shipping_class-posti-m-paketti-19x36x60-cm-35-kg","20":"_wholesalex wsx-wholesalex-product","22":"first","23":"instock","24":"featured","25":"shipping-taxable","26":"purchasable","27":"product-type-simple"},"yoast_head":"<!-- This site is optimized with the Yoast SEO plugin v27.3 - https:\/\/yoast.com\/product\/yoast-seo-wordpress\/ -->\n<title>Hyla m\u00e4rk\u00e4pesurin teleskooppivarsi - sopii NST ja GST<\/title>\n<meta name=\"description\" content=\"Hyla m\u00e4rk\u00e4pesurin teleskooppivarsi - sopii HYLA GST- ja NST-malleihin ja on t\u00e4ydellinen n\u00e4iden m\u00e4rk\u00e4pesureiden ty\u00f6skentelyyn.\" \/>\n<meta name=\"robots\" content=\"index, follow, max-snippet:-1, max-image-preview:large, max-video-preview:-1\" \/>\n<link rel=\"canonical\" href=\"https:\/\/hylajams.fi\/?product=hyla-markapesurin-teleskooppivarsi\" \/>\n<meta property=\"og:locale\" content=\"fi_FI\" \/>\n<meta property=\"og:type\" content=\"article\" \/>\n<meta property=\"og:title\" content=\"Hyla m\u00e4rk\u00e4pesurin teleskooppivarsi - sopii NST ja GST\" \/>\n<meta property=\"og:description\" content=\"Hyla m\u00e4rk\u00e4pesurin teleskooppivarsi - sopii HYLA GST- ja NST-malleihin ja on t\u00e4ydellinen n\u00e4iden m\u00e4rk\u00e4pesureiden ty\u00f6skentelyyn.\" \/>\n<meta property=\"og:url\" content=\"https:\/\/hylajams.fi\/?product=hyla-markapesurin-teleskooppivarsi\" \/>\n<meta property=\"og:site_name\" content=\"Hyla Jams Verkkokauppa\" \/>\n<meta property=\"article:modified_time\" content=\"2026-02-27T22:10:09+00:00\" \/>\n<meta property=\"og:image\" content=\"https:\/\/hylajams.fi\/wp-content\/uploads\/2021\/07\/Hyla-NST-ja-GST-markapesurin-varsi.jpg\" \/>\n\t<meta property=\"og:image:width\" content=\"960\" \/>\n\t<meta property=\"og:image:height\" content=\"540\" \/>\n\t<meta property=\"og:image:type\" content=\"image\/jpeg\" \/>\n<meta name=\"twitter:card\" content=\"summary_large_image\" \/>\n<meta name=\"twitter:label1\" content=\"Arvioitu lukuaika\" \/>\n\t<meta name=\"twitter:data1\" content=\"1 minuutti\" \/>\n<script type=\"application\/ld+json\" class=\"yoast-schema-graph\">{\"@context\":\"https:\\\/\\\/schema.org\",\"@graph\":[{\"@type\":\"WebPage\",\"@id\":\"https:\\\/\\\/hylajams.fi\\\/?product=hyla-markapesurin-teleskooppivarsi\",\"url\":\"https:\\\/\\\/hylajams.fi\\\/?product=hyla-markapesurin-teleskooppivarsi\",\"name\":\"Hyla m\u00e4rk\u00e4pesurin teleskooppivarsi - sopii NST ja GST\",\"isPartOf\":{\"@id\":\"https:\\\/\\\/hylajams.fi\\\/#website\"},\"primaryImageOfPage\":{\"@id\":\"https:\\\/\\\/hylajams.fi\\\/?product=hyla-markapesurin-teleskooppivarsi#primaryimage\"},\"image\":{\"@id\":\"https:\\\/\\\/hylajams.fi\\\/?product=hyla-markapesurin-teleskooppivarsi#primaryimage\"},\"thumbnailUrl\":\"https:\\\/\\\/hylajams.fi\\\/wp-content\\\/uploads\\\/2021\\\/07\\\/Hyla-NST-ja-GST-markapesurin-varsi.jpg\",\"datePublished\":\"2021-07-28T13:23:19+00:00\",\"dateModified\":\"2026-02-27T22:10:09+00:00\",\"description\":\"Hyla m\u00e4rk\u00e4pesurin teleskooppivarsi - sopii HYLA GST- ja NST-malleihin ja on t\u00e4ydellinen n\u00e4iden m\u00e4rk\u00e4pesureiden ty\u00f6skentelyyn.\",\"breadcrumb\":{\"@id\":\"https:\\\/\\\/hylajams.fi\\\/?product=hyla-markapesurin-teleskooppivarsi#breadcrumb\"},\"inLanguage\":\"fi\",\"potentialAction\":[{\"@type\":\"ReadAction\",\"target\":[\"https:\\\/\\\/hylajams.fi\\\/?product=hyla-markapesurin-teleskooppivarsi\"]}]},{\"@type\":\"ImageObject\",\"inLanguage\":\"fi\",\"@id\":\"https:\\\/\\\/hylajams.fi\\\/?product=hyla-markapesurin-teleskooppivarsi#primaryimage\",\"url\":\"https:\\\/\\\/hylajams.fi\\\/wp-content\\\/uploads\\\/2021\\\/07\\\/Hyla-NST-ja-GST-markapesurin-varsi.jpg\",\"contentUrl\":\"https:\\\/\\\/hylajams.fi\\\/wp-content\\\/uploads\\\/2021\\\/07\\\/Hyla-NST-ja-GST-markapesurin-varsi.jpg\",\"width\":960,\"height\":540,\"caption\":\"Hyla m\u00e4rk\u00e4pesurin teleskooppivarsi\"},{\"@type\":\"BreadcrumbList\",\"@id\":\"https:\\\/\\\/hylajams.fi\\\/?product=hyla-markapesurin-teleskooppivarsi#breadcrumb\",\"itemListElement\":[{\"@type\":\"ListItem\",\"position\":1,\"name\":\"Etusivu\",\"item\":\"https:\\\/\\\/hylajams.fi\\\/\"},{\"@type\":\"ListItem\",\"position\":2,\"name\":\"VERKKOKAUPPA\",\"item\":\"https:\\\/\\\/hylajams.fi\\\/?page_id=9\"},{\"@type\":\"ListItem\",\"position\":3,\"name\":\"35304 Hyla m\u00e4rk\u00e4pesurin teleskooppivarsi (GST\\\/NST)\"}]},{\"@type\":\"WebSite\",\"@id\":\"https:\\\/\\\/hylajams.fi\\\/#website\",\"url\":\"https:\\\/\\\/hylajams.fi\\\/\",\"name\":\"Hyla Jams Verkkokauppa\",\"description\":\"Hyla ilman- ja huoneen puhdistusj\u00e4rjestelm\u00e4 Suomessa\",\"publisher\":{\"@id\":\"https:\\\/\\\/hylajams.fi\\\/#organization\"},\"potentialAction\":[{\"@type\":\"SearchAction\",\"target\":{\"@type\":\"EntryPoint\",\"urlTemplate\":\"https:\\\/\\\/hylajams.fi\\\/?s={search_term_string}\"},\"query-input\":{\"@type\":\"PropertyValueSpecification\",\"valueRequired\":true,\"valueName\":\"search_term_string\"}}],\"inLanguage\":\"fi\"},{\"@type\":\"Organization\",\"@id\":\"https:\\\/\\\/hylajams.fi\\\/#organization\",\"name\":\"Hyla Jams Verkkokauppa\",\"url\":\"https:\\\/\\\/hylajams.fi\\\/\",\"logo\":{\"@type\":\"ImageObject\",\"inLanguage\":\"fi\",\"@id\":\"https:\\\/\\\/hylajams.fi\\\/#\\\/schema\\\/logo\\\/image\\\/\",\"url\":\"https:\\\/\\\/hylajams.fi\\\/wp-content\\\/uploads\\\/2025\\\/02\\\/Logo-1-2.jpg\",\"contentUrl\":\"https:\\\/\\\/hylajams.fi\\\/wp-content\\\/uploads\\\/2025\\\/02\\\/Logo-1-2.jpg\",\"width\":500,\"height\":500,\"caption\":\"Hyla Jams Verkkokauppa\"},\"image\":{\"@id\":\"https:\\\/\\\/hylajams.fi\\\/#\\\/schema\\\/logo\\\/image\\\/\"},\"sameAs\":[\"https:\\\/\\\/www.instagram.com\\\/hylasiivous\\\/\"]}]}<\/script>\n<!-- \/ Yoast SEO plugin. -->","yoast_head_json":{"title":"Hyla m\u00e4rk\u00e4pesurin teleskooppivarsi - sopii NST ja GST","description":"Hyla m\u00e4rk\u00e4pesurin teleskooppivarsi - sopii HYLA GST- ja NST-malleihin ja on t\u00e4ydellinen n\u00e4iden m\u00e4rk\u00e4pesureiden ty\u00f6skentelyyn.","robots":{"index":"index","follow":"follow","max-snippet":"max-snippet:-1","max-image-preview":"max-image-preview:large","max-video-preview":"max-video-preview:-1"},"canonical":"https:\/\/hylajams.fi\/?product=hyla-markapesurin-teleskooppivarsi","og_locale":"fi_FI","og_type":"article","og_title":"Hyla m\u00e4rk\u00e4pesurin teleskooppivarsi - sopii NST ja GST","og_description":"Hyla m\u00e4rk\u00e4pesurin teleskooppivarsi - sopii HYLA GST- ja NST-malleihin ja on t\u00e4ydellinen n\u00e4iden m\u00e4rk\u00e4pesureiden ty\u00f6skentelyyn.","og_url":"https:\/\/hylajams.fi\/?product=hyla-markapesurin-teleskooppivarsi","og_site_name":"Hyla Jams Verkkokauppa","article_modified_time":"2026-02-27T22:10:09+00:00","og_image":[{"width":960,"height":540,"url":"https:\/\/hylajams.fi\/wp-content\/uploads\/2021\/07\/Hyla-NST-ja-GST-markapesurin-varsi.jpg","type":"image\/jpeg"}],"twitter_card":"summary_large_image","twitter_misc":{"Arvioitu lukuaika":"1 minuutti"},"schema":{"@context":"https:\/\/schema.org","@graph":[{"@type":"WebPage","@id":"https:\/\/hylajams.fi\/?product=hyla-markapesurin-teleskooppivarsi","url":"https:\/\/hylajams.fi\/?product=hyla-markapesurin-teleskooppivarsi","name":"Hyla m\u00e4rk\u00e4pesurin teleskooppivarsi - sopii NST ja GST","isPartOf":{"@id":"https:\/\/hylajams.fi\/#website"},"primaryImageOfPage":{"@id":"https:\/\/hylajams.fi\/?product=hyla-markapesurin-teleskooppivarsi#primaryimage"},"image":{"@id":"https:\/\/hylajams.fi\/?product=hyla-markapesurin-teleskooppivarsi#primaryimage"},"thumbnailUrl":"https:\/\/hylajams.fi\/wp-content\/uploads\/2021\/07\/Hyla-NST-ja-GST-markapesurin-varsi.jpg","datePublished":"2021-07-28T13:23:19+00:00","dateModified":"2026-02-27T22:10:09+00:00","description":"Hyla m\u00e4rk\u00e4pesurin teleskooppivarsi - sopii HYLA GST- ja NST-malleihin ja on t\u00e4ydellinen n\u00e4iden m\u00e4rk\u00e4pesureiden ty\u00f6skentelyyn.","breadcrumb":{"@id":"https:\/\/hylajams.fi\/?product=hyla-markapesurin-teleskooppivarsi#breadcrumb"},"inLanguage":"fi","potentialAction":[{"@type":"ReadAction","target":["https:\/\/hylajams.fi\/?product=hyla-markapesurin-teleskooppivarsi"]}]},{"@type":"ImageObject","inLanguage":"fi","@id":"https:\/\/hylajams.fi\/?product=hyla-markapesurin-teleskooppivarsi#primaryimage","url":"https:\/\/hylajams.fi\/wp-content\/uploads\/2021\/07\/Hyla-NST-ja-GST-markapesurin-varsi.jpg","contentUrl":"https:\/\/hylajams.fi\/wp-content\/uploads\/2021\/07\/Hyla-NST-ja-GST-markapesurin-varsi.jpg","width":960,"height":540,"caption":"Hyla m\u00e4rk\u00e4pesurin teleskooppivarsi"},{"@type":"BreadcrumbList","@id":"https:\/\/hylajams.fi\/?product=hyla-markapesurin-teleskooppivarsi#breadcrumb","itemListElement":[{"@type":"ListItem","position":1,"name":"Etusivu","item":"https:\/\/hylajams.fi\/"},{"@type":"ListItem","position":2,"name":"VERKKOKAUPPA","item":"https:\/\/hylajams.fi\/?page_id=9"},{"@type":"ListItem","position":3,"name":"35304 Hyla m\u00e4rk\u00e4pesurin teleskooppivarsi (GST\/NST)"}]},{"@type":"WebSite","@id":"https:\/\/hylajams.fi\/#website","url":"https:\/\/hylajams.fi\/","name":"Hyla Jams Verkkokauppa","description":"Hyla ilman- ja huoneen puhdistusj\u00e4rjestelm\u00e4 Suomessa","publisher":{"@id":"https:\/\/hylajams.fi\/#organization"},"potentialAction":[{"@type":"SearchAction","target":{"@type":"EntryPoint","urlTemplate":"https:\/\/hylajams.fi\/?s={search_term_string}"},"query-input":{"@type":"PropertyValueSpecification","valueRequired":true,"valueName":"search_term_string"}}],"inLanguage":"fi"},{"@type":"Organization","@id":"https:\/\/hylajams.fi\/#organization","name":"Hyla Jams Verkkokauppa","url":"https:\/\/hylajams.fi\/","logo":{"@type":"ImageObject","inLanguage":"fi","@id":"https:\/\/hylajams.fi\/#\/schema\/logo\/image\/","url":"https:\/\/hylajams.fi\/wp-content\/uploads\/2025\/02\/Logo-1-2.jpg","contentUrl":"https:\/\/hylajams.fi\/wp-content\/uploads\/2025\/02\/Logo-1-2.jpg","width":500,"height":500,"caption":"Hyla Jams Verkkokauppa"},"image":{"@id":"https:\/\/hylajams.fi\/#\/schema\/logo\/image\/"},"sameAs":["https:\/\/www.instagram.com\/hylasiivous\/"]}]}},"_links":{"self":[{"href":"https:\/\/hylajams.fi\/index.php?rest_route=\/wp\/v2\/product\/1350","targetHints":{"allow":["GET"]}}],"collection":[{"href":"https:\/\/hylajams.fi\/index.php?rest_route=\/wp\/v2\/product"}],"about":[{"href":"https:\/\/hylajams.fi\/index.php?rest_route=\/wp\/v2\/types\/product"}],"version-history":[{"count":5,"href":"https:\/\/hylajams.fi\/index.php?rest_route=\/wp\/v2\/product\/1350\/revisions"}],"predecessor-version":[{"id":1353,"href":"https:\/\/hylajams.fi\/index.php?rest_route=\/wp\/v2\/product\/1350\/revisions\/1353"}],"wp:featuredmedia":[{"embeddable":true,"href":"https:\/\/hylajams.fi\/index.php?rest_route=\/wp\/v2\/media\/11188"}],"wp:attachment":[{"href":"https:\/\/hylajams.fi\/index.php?rest_route=%2Fwp%2Fv2%2Fmedia&parent=1350"}],"wp:term":[{"taxonomy":"product_brand","embeddable":true,"href":"https:\/\/hylajams.fi\/index.php?rest_route=%2Fwp%2Fv2%2Fproduct_brand&post=1350"},{"taxonomy":"product_cat","embeddable":true,"href":"https:\/\/hylajams.fi\/index.php?rest_route=%2Fwp%2Fv2%2Fproduct_cat&post=1350"},{"taxonomy":"product_tag","embeddable":true,"href":"https:\/\/hylajams.fi\/index.php?rest_route=%2Fwp%2Fv2%2Fproduct_tag&post=1350"}],"curies":[{"name":"wp","href":"https:\/\/api.w.org\/{rel}","templated":true}]}}