{"id":1279,"date":"2021-07-27T09:26:23","date_gmt":"2021-07-27T06:26:23","guid":{"rendered":"https:\/\/hylajams.fi\/?post_type=product&#038;p=1279"},"modified":"2026-02-27T18:56:04","modified_gmt":"2026-02-27T16:56:04","slug":"hyla-nst-imuletku-6m","status":"publish","type":"product","link":"https:\/\/hylajams.fi\/?product=hyla-nst-imuletku-6m","title":{"rendered":"14102 Hyla NST letku 6 m"},"content":{"rendered":"<p data-start=\"3826\" data-end=\"3924\"><a href=\"https:\/\/hylajams.fi\/?product_cat=hyla-nst-letkut\"><img fetchpriority=\"high\" decoding=\"async\" class=\"alignnone wp-image-4596 size-medium\" src=\"https:\/\/hylajams.fi\/wp-content\/uploads\/2021\/07\/14100-NST-pitka-letku--300x300.png\" alt=\"* Hyla NST imuletku 6 m extra pitk\u00e4 * Pitk\u00e4 Hyla imuletku suuriin tiloihin ja pitkiin k\u00e4yt\u00e4viin\" width=\"300\" height=\"300\" srcset=\"https:\/\/hylajams.fi\/wp-content\/uploads\/2021\/07\/14100-NST-pitka-letku--300x300.png 300w, https:\/\/hylajams.fi\/wp-content\/uploads\/2021\/07\/14100-NST-pitka-letku--150x150.png 150w, https:\/\/hylajams.fi\/wp-content\/uploads\/2021\/07\/14100-NST-pitka-letku--100x100.png 100w, https:\/\/hylajams.fi\/wp-content\/uploads\/2021\/07\/14100-NST-pitka-letku-.png 600w\" sizes=\"(max-width: 300px) 100vw, 300px\" \/><\/a><\/p>\n<p data-start=\"3826\" data-end=\"3924\">Hyla NST 6 m taipuisa imuletku \u2013 laajempi ulottuvuus ja tehokas ty\u00f6skentely.<\/p>\n<p data-start=\"3926\" data-end=\"4197\"><strong data-start=\"3926\" data-end=\"3943\">Pitk\u00e4 kuvaus:<\/strong><br data-start=\"3943\" data-end=\"3946\" \/>Hyla NST 6 metrin taipuisa imuletku sopii k\u00e4ytt\u00e4j\u00e4lle, joka haluaa hoitaa siivouksen suuremmissa tiloissa ilman jatkuvaa laitteen siirtely\u00e4.<\/p>\n<p data-start=\"153\" data-end=\"414\">Imuletku on valmistettu vahvasta ter\u00e4snailonista ja p\u00e4\u00e4llystetty kest\u00e4v\u00e4ll\u00e4 PVC-muovipinnoitteella. Uusissa letkumalleissa kaaren ja letkun liitoskohtaan on lis\u00e4tty <strong data-start=\"742\" data-end=\"765\">joustava muovijousi<\/strong>, joka est\u00e4\u00e4 liitoksen rikkoontumisen ja tekee k\u00e4yt\u00f6st\u00e4 entist\u00e4 huolettomampaa.<\/p>\n<p data-start=\"416\" data-end=\"656\">T\u00e4m\u00e4 tekee k\u00e4yt\u00f6st\u00e4 entist\u00e4 mukavampaa ja varmistaa, ett\u00e4 letku s\u00e4ilyy kunnossa pitk\u00e4\u00e4n. Imuletkulla voidaan imuroida turvallisesti my\u00f6s vett\u00e4 ja nesteit\u00e4. K\u00e4yt\u00f6n j\u00e4lkeen letku on helppo kuivata hy\u00f6dynt\u00e4m\u00e4ll\u00e4 Hylan imu- ja puhalluspuolta.<\/p>\n<p data-start=\"658\" data-end=\"780\">Joustava ja pitk\u00e4 letku antaa runsaasti liikkumavaraa siivouksen aikana, jolloin ty\u00f6skentely on tehokasta ja vaivatonta.<\/p>\n<p data-start=\"4289\" data-end=\"4347\">\ud83d\udc49 <a href=\"https:\/\/hylajams.fi\/?product_cat=hyla-nst-letkut\">Letkuja on tarjolla my\u00f6s 1,8 m, 3 m, 4 m, ja 5 m.<\/a><\/p>\n<h5 data-start=\"4289\" data-end=\"4347\"><strong><a href=\"https:\/\/hylajams.fi\/?page_id=8371\">HYLA NST TUOTTEET<\/a><\/strong><\/h5>\n<h5><strong><a href=\"https:\/\/www.hyla.com\/products\/products\"><span dir=\"auto\">HYLA INTERNATIONAL<\/span><\/a><\/strong><\/h5>\n","protected":false},"excerpt":{"rendered":"<p>\ud83d\udfe2 14106 HYLA NST letku 6 m<\/p>\n<p>Hyla NST 6 m taipuisa imuletku \u2013 laajempi ulottuvuus ja tehokas ty\u00f6skentely.<\/p>\n","protected":false},"featured_media":4596,"template":"","meta":[],"product_brand":[],"product_cat":[775,940],"product_tag":[39,1613,1016,30],"class_list":{"0":"post-1279","1":"product","2":"type-product","3":"status-publish","4":"has-post-thumbnail","6":"product_cat-hyla-nst","7":"product_cat-hyla-nst-letkut-ja-putket","8":"product_tag-hyla-nst","9":"product_tag-hyla-nst-letku-6-m","10":"product_tag-hyla-pitka-letku","11":"product_tag-letkut","12":"product_shipping_class-posti-m-paketti-19x36x60-cm-35-kg","13":"_wholesalex wsx-wholesalex-product","15":"first","16":"instock","17":"featured","18":"shipping-taxable","19":"purchasable","20":"product-type-simple"},"yoast_head":"<!-- This site is optimized with the Yoast SEO plugin v27.3 - https:\/\/yoast.com\/product\/yoast-seo-wordpress\/ -->\n<title>HYLA NST imuletku 6 m \u2013 Extra pitk\u00e4 letku isoihin tiloihin<\/title>\n<meta name=\"description\" content=\"Hyla NST 6 m imuletku tarjoaa laajemman ulottuvuuden. Erinomainen suurien tilojen siivoukseen. Tilaa alkuper\u00e4inen Hyla-letku verkkokaupasta!\" \/>\n<meta name=\"robots\" content=\"index, follow, max-snippet:-1, max-image-preview:large, max-video-preview:-1\" \/>\n<link rel=\"canonical\" href=\"https:\/\/hylajams.fi\/?product=hyla-nst-imuletku-6m\" \/>\n<meta property=\"og:locale\" content=\"fi_FI\" \/>\n<meta property=\"og:type\" content=\"article\" \/>\n<meta property=\"og:title\" content=\"HYLA NST imuletku 6 m \u2013 Extra pitk\u00e4 letku isoihin tiloihin\" \/>\n<meta property=\"og:description\" content=\"Hyla NST 6 m imuletku tarjoaa laajemman ulottuvuuden. Erinomainen suurien tilojen siivoukseen. Tilaa alkuper\u00e4inen Hyla-letku verkkokaupasta!\" \/>\n<meta property=\"og:url\" content=\"https:\/\/hylajams.fi\/?product=hyla-nst-imuletku-6m\" \/>\n<meta property=\"og:site_name\" content=\"Hyla Jams Verkkokauppa\" \/>\n<meta property=\"article:modified_time\" content=\"2026-02-27T16:56:04+00:00\" \/>\n<meta property=\"og:image\" content=\"https:\/\/hylajams.fi\/wp-content\/uploads\/2021\/07\/14100-NST-pitka-letku-.png\" \/>\n\t<meta property=\"og:image:width\" content=\"600\" \/>\n\t<meta property=\"og:image:height\" content=\"600\" \/>\n\t<meta property=\"og:image:type\" content=\"image\/png\" \/>\n<meta name=\"twitter:card\" content=\"summary_large_image\" \/>\n<meta name=\"twitter:label1\" content=\"Arvioitu lukuaika\" \/>\n\t<meta name=\"twitter:data1\" content=\"2 minuuttia\" \/>\n<script type=\"application\/ld+json\" class=\"yoast-schema-graph\">{\"@context\":\"https:\\\/\\\/schema.org\",\"@graph\":[{\"@type\":\"WebPage\",\"@id\":\"https:\\\/\\\/hylajams.fi\\\/?product=hyla-nst-imuletku-6m\",\"url\":\"https:\\\/\\\/hylajams.fi\\\/?product=hyla-nst-imuletku-6m\",\"name\":\"HYLA NST imuletku 6 m \u2013 Extra pitk\u00e4 letku isoihin tiloihin\",\"isPartOf\":{\"@id\":\"https:\\\/\\\/hylajams.fi\\\/#website\"},\"primaryImageOfPage\":{\"@id\":\"https:\\\/\\\/hylajams.fi\\\/?product=hyla-nst-imuletku-6m#primaryimage\"},\"image\":{\"@id\":\"https:\\\/\\\/hylajams.fi\\\/?product=hyla-nst-imuletku-6m#primaryimage\"},\"thumbnailUrl\":\"https:\\\/\\\/hylajams.fi\\\/wp-content\\\/uploads\\\/2021\\\/07\\\/14100-NST-pitka-letku-.png\",\"datePublished\":\"2021-07-27T06:26:23+00:00\",\"dateModified\":\"2026-02-27T16:56:04+00:00\",\"description\":\"Hyla NST 6 m imuletku tarjoaa laajemman ulottuvuuden. Erinomainen suurien tilojen siivoukseen. Tilaa alkuper\u00e4inen Hyla-letku verkkokaupasta!\",\"breadcrumb\":{\"@id\":\"https:\\\/\\\/hylajams.fi\\\/?product=hyla-nst-imuletku-6m#breadcrumb\"},\"inLanguage\":\"fi\",\"potentialAction\":[{\"@type\":\"ReadAction\",\"target\":[\"https:\\\/\\\/hylajams.fi\\\/?product=hyla-nst-imuletku-6m\"]}]},{\"@type\":\"ImageObject\",\"inLanguage\":\"fi\",\"@id\":\"https:\\\/\\\/hylajams.fi\\\/?product=hyla-nst-imuletku-6m#primaryimage\",\"url\":\"https:\\\/\\\/hylajams.fi\\\/wp-content\\\/uploads\\\/2021\\\/07\\\/14100-NST-pitka-letku-.png\",\"contentUrl\":\"https:\\\/\\\/hylajams.fi\\\/wp-content\\\/uploads\\\/2021\\\/07\\\/14100-NST-pitka-letku-.png\",\"width\":600,\"height\":600,\"caption\":\"* Hyla NST imuletku extra pitk\u00e4 * Pitk\u00e4 Hyla imuletku suuriin tiloihin ja pitkiin k\u00e4yt\u00e4viin\"},{\"@type\":\"BreadcrumbList\",\"@id\":\"https:\\\/\\\/hylajams.fi\\\/?product=hyla-nst-imuletku-6m#breadcrumb\",\"itemListElement\":[{\"@type\":\"ListItem\",\"position\":1,\"name\":\"Etusivu\",\"item\":\"https:\\\/\\\/hylajams.fi\\\/\"},{\"@type\":\"ListItem\",\"position\":2,\"name\":\"VERKKOKAUPPA\",\"item\":\"https:\\\/\\\/hylajams.fi\\\/?page_id=9\"},{\"@type\":\"ListItem\",\"position\":3,\"name\":\"14102 Hyla NST letku 6 m\"}]},{\"@type\":\"WebSite\",\"@id\":\"https:\\\/\\\/hylajams.fi\\\/#website\",\"url\":\"https:\\\/\\\/hylajams.fi\\\/\",\"name\":\"Hyla Jams Verkkokauppa\",\"description\":\"Hyla ilman- ja huoneen puhdistusj\u00e4rjestelm\u00e4 Suomessa\",\"publisher\":{\"@id\":\"https:\\\/\\\/hylajams.fi\\\/#organization\"},\"potentialAction\":[{\"@type\":\"SearchAction\",\"target\":{\"@type\":\"EntryPoint\",\"urlTemplate\":\"https:\\\/\\\/hylajams.fi\\\/?s={search_term_string}\"},\"query-input\":{\"@type\":\"PropertyValueSpecification\",\"valueRequired\":true,\"valueName\":\"search_term_string\"}}],\"inLanguage\":\"fi\"},{\"@type\":\"Organization\",\"@id\":\"https:\\\/\\\/hylajams.fi\\\/#organization\",\"name\":\"Hyla Jams Verkkokauppa\",\"url\":\"https:\\\/\\\/hylajams.fi\\\/\",\"logo\":{\"@type\":\"ImageObject\",\"inLanguage\":\"fi\",\"@id\":\"https:\\\/\\\/hylajams.fi\\\/#\\\/schema\\\/logo\\\/image\\\/\",\"url\":\"https:\\\/\\\/hylajams.fi\\\/wp-content\\\/uploads\\\/2025\\\/02\\\/Logo-1-2.jpg\",\"contentUrl\":\"https:\\\/\\\/hylajams.fi\\\/wp-content\\\/uploads\\\/2025\\\/02\\\/Logo-1-2.jpg\",\"width\":500,\"height\":500,\"caption\":\"Hyla Jams Verkkokauppa\"},\"image\":{\"@id\":\"https:\\\/\\\/hylajams.fi\\\/#\\\/schema\\\/logo\\\/image\\\/\"},\"sameAs\":[\"https:\\\/\\\/www.instagram.com\\\/hylasiivous\\\/\"]}]}<\/script>\n<!-- \/ Yoast SEO plugin. -->","yoast_head_json":{"title":"HYLA NST imuletku 6 m \u2013 Extra pitk\u00e4 letku isoihin tiloihin","description":"Hyla NST 6 m imuletku tarjoaa laajemman ulottuvuuden. Erinomainen suurien tilojen siivoukseen. Tilaa alkuper\u00e4inen Hyla-letku verkkokaupasta!","robots":{"index":"index","follow":"follow","max-snippet":"max-snippet:-1","max-image-preview":"max-image-preview:large","max-video-preview":"max-video-preview:-1"},"canonical":"https:\/\/hylajams.fi\/?product=hyla-nst-imuletku-6m","og_locale":"fi_FI","og_type":"article","og_title":"HYLA NST imuletku 6 m \u2013 Extra pitk\u00e4 letku isoihin tiloihin","og_description":"Hyla NST 6 m imuletku tarjoaa laajemman ulottuvuuden. Erinomainen suurien tilojen siivoukseen. Tilaa alkuper\u00e4inen Hyla-letku verkkokaupasta!","og_url":"https:\/\/hylajams.fi\/?product=hyla-nst-imuletku-6m","og_site_name":"Hyla Jams Verkkokauppa","article_modified_time":"2026-02-27T16:56:04+00:00","og_image":[{"width":600,"height":600,"url":"https:\/\/hylajams.fi\/wp-content\/uploads\/2021\/07\/14100-NST-pitka-letku-.png","type":"image\/png"}],"twitter_card":"summary_large_image","twitter_misc":{"Arvioitu lukuaika":"2 minuuttia"},"schema":{"@context":"https:\/\/schema.org","@graph":[{"@type":"WebPage","@id":"https:\/\/hylajams.fi\/?product=hyla-nst-imuletku-6m","url":"https:\/\/hylajams.fi\/?product=hyla-nst-imuletku-6m","name":"HYLA NST imuletku 6 m \u2013 Extra pitk\u00e4 letku isoihin tiloihin","isPartOf":{"@id":"https:\/\/hylajams.fi\/#website"},"primaryImageOfPage":{"@id":"https:\/\/hylajams.fi\/?product=hyla-nst-imuletku-6m#primaryimage"},"image":{"@id":"https:\/\/hylajams.fi\/?product=hyla-nst-imuletku-6m#primaryimage"},"thumbnailUrl":"https:\/\/hylajams.fi\/wp-content\/uploads\/2021\/07\/14100-NST-pitka-letku-.png","datePublished":"2021-07-27T06:26:23+00:00","dateModified":"2026-02-27T16:56:04+00:00","description":"Hyla NST 6 m imuletku tarjoaa laajemman ulottuvuuden. Erinomainen suurien tilojen siivoukseen. Tilaa alkuper\u00e4inen Hyla-letku verkkokaupasta!","breadcrumb":{"@id":"https:\/\/hylajams.fi\/?product=hyla-nst-imuletku-6m#breadcrumb"},"inLanguage":"fi","potentialAction":[{"@type":"ReadAction","target":["https:\/\/hylajams.fi\/?product=hyla-nst-imuletku-6m"]}]},{"@type":"ImageObject","inLanguage":"fi","@id":"https:\/\/hylajams.fi\/?product=hyla-nst-imuletku-6m#primaryimage","url":"https:\/\/hylajams.fi\/wp-content\/uploads\/2021\/07\/14100-NST-pitka-letku-.png","contentUrl":"https:\/\/hylajams.fi\/wp-content\/uploads\/2021\/07\/14100-NST-pitka-letku-.png","width":600,"height":600,"caption":"* Hyla NST imuletku extra pitk\u00e4 * Pitk\u00e4 Hyla imuletku suuriin tiloihin ja pitkiin k\u00e4yt\u00e4viin"},{"@type":"BreadcrumbList","@id":"https:\/\/hylajams.fi\/?product=hyla-nst-imuletku-6m#breadcrumb","itemListElement":[{"@type":"ListItem","position":1,"name":"Etusivu","item":"https:\/\/hylajams.fi\/"},{"@type":"ListItem","position":2,"name":"VERKKOKAUPPA","item":"https:\/\/hylajams.fi\/?page_id=9"},{"@type":"ListItem","position":3,"name":"14102 Hyla NST letku 6 m"}]},{"@type":"WebSite","@id":"https:\/\/hylajams.fi\/#website","url":"https:\/\/hylajams.fi\/","name":"Hyla Jams Verkkokauppa","description":"Hyla ilman- ja huoneen puhdistusj\u00e4rjestelm\u00e4 Suomessa","publisher":{"@id":"https:\/\/hylajams.fi\/#organization"},"potentialAction":[{"@type":"SearchAction","target":{"@type":"EntryPoint","urlTemplate":"https:\/\/hylajams.fi\/?s={search_term_string}"},"query-input":{"@type":"PropertyValueSpecification","valueRequired":true,"valueName":"search_term_string"}}],"inLanguage":"fi"},{"@type":"Organization","@id":"https:\/\/hylajams.fi\/#organization","name":"Hyla Jams Verkkokauppa","url":"https:\/\/hylajams.fi\/","logo":{"@type":"ImageObject","inLanguage":"fi","@id":"https:\/\/hylajams.fi\/#\/schema\/logo\/image\/","url":"https:\/\/hylajams.fi\/wp-content\/uploads\/2025\/02\/Logo-1-2.jpg","contentUrl":"https:\/\/hylajams.fi\/wp-content\/uploads\/2025\/02\/Logo-1-2.jpg","width":500,"height":500,"caption":"Hyla Jams Verkkokauppa"},"image":{"@id":"https:\/\/hylajams.fi\/#\/schema\/logo\/image\/"},"sameAs":["https:\/\/www.instagram.com\/hylasiivous\/"]}]}},"_links":{"self":[{"href":"https:\/\/hylajams.fi\/index.php?rest_route=\/wp\/v2\/product\/1279","targetHints":{"allow":["GET"]}}],"collection":[{"href":"https:\/\/hylajams.fi\/index.php?rest_route=\/wp\/v2\/product"}],"about":[{"href":"https:\/\/hylajams.fi\/index.php?rest_route=\/wp\/v2\/types\/product"}],"version-history":[{"count":11,"href":"https:\/\/hylajams.fi\/index.php?rest_route=\/wp\/v2\/product\/1279\/revisions"}],"predecessor-version":[{"id":13137,"href":"https:\/\/hylajams.fi\/index.php?rest_route=\/wp\/v2\/product\/1279\/revisions\/13137"}],"wp:featuredmedia":[{"embeddable":true,"href":"https:\/\/hylajams.fi\/index.php?rest_route=\/wp\/v2\/media\/4596"}],"wp:attachment":[{"href":"https:\/\/hylajams.fi\/index.php?rest_route=%2Fwp%2Fv2%2Fmedia&parent=1279"}],"wp:term":[{"taxonomy":"product_brand","embeddable":true,"href":"https:\/\/hylajams.fi\/index.php?rest_route=%2Fwp%2Fv2%2Fproduct_brand&post=1279"},{"taxonomy":"product_cat","embeddable":true,"href":"https:\/\/hylajams.fi\/index.php?rest_route=%2Fwp%2Fv2%2Fproduct_cat&post=1279"},{"taxonomy":"product_tag","embeddable":true,"href":"https:\/\/hylajams.fi\/index.php?rest_route=%2Fwp%2Fv2%2Fproduct_tag&post=1279"}],"curies":[{"name":"wp","href":"https:\/\/api.w.org\/{rel}","templated":true}]}}