{"id":1240,"date":"2021-07-26T22:57:34","date_gmt":"2021-07-26T19:57:34","guid":{"rendered":"https:\/\/hylajams.fi\/?post_type=product&#038;p=1240"},"modified":"2026-02-28T01:34:33","modified_gmt":"2026-02-27T23:34:33","slug":"nst-sahkomoottoriharja","status":"publish","type":"product","link":"https:\/\/hylajams.fi\/?product=nst-sahkomoottoriharja","title":{"rendered":"14200 Hyla NST s\u00e4hk\u00f6moottoriharja -setti"},"content":{"rendered":"<h5 data-start=\"995\" data-end=\"1257\">T\u00e4m\u00e4 <strong>NST S\u00e4hk\u00f6moottoriharja kokonaisuus<\/strong>, nimelt\u00e4\u00e4n VENTUS, tarjoaa k\u00e4ytt\u00e4j\u00e4lle tehokkaan ja monipuolisen ty\u00f6kalun puhdistusteht\u00e4viin. Settiin kuuluu useita olennaisia osia, jotka yhdess\u00e4 muodostavat t\u00e4ydellisen kokonaisuuden. S\u00e4hk\u00f6moottoriharjaa ei ole tarkoitettu k\u00e4ytett\u00e4v\u00e4n nesteiden imemiseen, johon tarkoitukseen on muut ty\u00f6v\u00e4lineet.<\/h5>\n<p data-start=\"1259\" data-end=\"1495\">S\u00e4hk\u00f6moottoriharja poistaa p\u00f6lyn, lian ja ep\u00e4puhtaudet syv\u00e4lt\u00e4 matoista, vuoteista ja sohvakuiduista ilman pintojen vahingoittamista. Voit unohtaa raskaat mattojen ulkoiluttamiset tai patjojen siirtelyt \u2013 <strong>NST S\u00e4hk\u00f6moottoriharja<\/strong> tekee ty\u00f6n puolestasi.<\/p>\n<p data-start=\"1259\" data-end=\"1495\"><strong>Settiin kuuluu: Harjaosa, s\u00e4hk\u00f6letku ja teleskooppivarsi &#8211; joita voidaan tilata erikseen varaosana<\/strong><\/p>\n<p data-start=\"1259\" data-end=\"1495\"><strong>Harjan toiminta:<\/strong><\/p>\n<ul>\n<li><strong data-start=\"229\" data-end=\"250\">Pys\u00e4k\u00f6intiasento:<\/strong><br data-start=\"250\" data-end=\"253\" \/>Kun teleskooppiputki on pystyasennossa, harja pys\u00e4htyy automaattisesti ja pysyy pystyss\u00e4. T\u00e4m\u00e4 helpottaa huonekalujen siirt\u00e4mist\u00e4 siivouksen tielt\u00e4 ja mahdollistaa turvallisen tauon puhdistuksen aikana.<\/li>\n<li><strong data-start=\"459\" data-end=\"474\">K\u00e4ynnistys:<\/strong><br data-start=\"474\" data-end=\"477\" \/>Harjan saa k\u00e4yntiin painamalla vasemmalla puolella olevaa poljinta samalla, kun siirr\u00e4t teleskooppiputkea taaksep\u00e4in. Harja ei sammu t\u00e4m\u00e4n aikana, vaan puhdistaa ilmaa jatkuvasti, joten siivous voi jatkua heti tauon j\u00e4lkeen.<\/li>\n<li>\n<p data-start=\"1342\" data-end=\"1576\"><strong data-start=\"1342\" data-end=\"1385\">Turvallisuus ja tukkeumien poistaminen:<\/strong><br data-start=\"1385\" data-end=\"1388\" \/>Jos pehme\u00e4 esine, paperi tai kuten maton reuna tai kankaan pala, tarttuu harjaan, se pys\u00e4htyy automaattisesti ja oikealle puolelle <strong>syttyy <span style=\"color: #ff0000;\">punainen<\/span> varoitusvalo<\/strong>. Tukkeuman poistaminen tapahtuu n\u00e4in<\/p>\n<ul>\n<li>Poista este harjasta.<\/li>\n<li>Paina punaista nappia.<\/li>\n<li>Paina vasemmalla puolella poljinta ja siirr\u00e4 teleskooppivartta taaksep\u00e4in.<\/li>\n<li>Harja k\u00e4ynnistyy uudelleen.<\/li>\n<\/ul>\n<\/li>\n<li><strong data-start=\"705\" data-end=\"718\">LED-valo:<\/strong><br data-start=\"718\" data-end=\"721\" \/>Harjan etuosassa oleva LED-valo valaisee puhdistettavan pinnan, mik\u00e4 auttaa havaitsemaan p\u00f6lyn, karvat ja pienet roskat my\u00f6s pime\u00e4mmiss\u00e4 nurkissa, esimerkiksi sohvien v\u00e4liss\u00e4, maton reunoilla tai auton lattialla.<\/li>\n<li><strong data-start=\"1746\" data-end=\"1769\">Imeytymisen est\u00e4j\u00e4:<\/strong><br data-start=\"1769\" data-end=\"1772\" \/>Hyla on kehitt\u00e4nyt kevytmattojen, maton nurkkien tai reunojen tarttumisen est\u00e4miseksi erillisen harjaan kiinnitett\u00e4v\u00e4n <a href=\"https:\/\/hylajams.fi\/?p=3494\">imeytymisen est\u00e4j\u00e4n<\/a>. T\u00e4m\u00e4 suojaa mattoja ja tekee puhdistuksesta sujuvampaa.\u00a0Suosittelemme hankkimaan harjaan kiinnitett\u00e4v\u00e4n <a href=\"https:\/\/hylajams.fi\/?product=46910-patjan-sovitin-tampparin-harjaan\"><strong>imeytymisen est\u00e4j\u00e4n<\/strong><\/a>, joka est\u00e4\u00e4 kevytmattojen, maton nurkkien ja reunojen tarttumista voimakkaasti imev\u00e4\u00e4n harjaan.<\/li>\n<\/ul>\n<p data-start=\"1497\" data-end=\"1527\">\ud83d\udd39 <strong data-start=\"1500\" data-end=\"1524\">Ominaisuudet ja edut<\/strong>:<\/p>\n<ul>\n<li data-start=\"1530\" data-end=\"1589\"><strong data-start=\"1530\" data-end=\"1544\">150 W teho<\/strong> \u2013 syv\u00e4puhdistus tekstiileist\u00e4 ja matoista.<\/li>\n<li data-start=\"1592\" data-end=\"1686\"><strong data-start=\"1592\" data-end=\"1604\">LED-valo<\/strong> \u2013 Harjassa oleva valo valaisee puhdistettavan pinnan, jolloin lika erottuu paremmin my\u00f6s h\u00e4m\u00e4r\u00e4ss\u00e4.<\/li>\n<li data-start=\"1689\" data-end=\"1781\"><strong data-start=\"1689\" data-end=\"1709\">Pys\u00e4k\u00f6intiasento<\/strong> \u2013 harja pys\u00e4htyy automaattisesti ja pysyy pystyss\u00e4, kun teleskooppiputki on pystyasennossa.<\/li>\n<li data-start=\"1784\" data-end=\"1896\"><strong data-start=\"1784\" data-end=\"1800\">Turvallisuus<\/strong> \u2013 harja pys\u00e4htyy automaattisesti, jos se kohtaa esteen, ja jatkaa helposti nappia painamalla.<\/li>\n<li data-start=\"1899\" data-end=\"2027\"><strong data-start=\"1899\" data-end=\"1929\">Kest\u00e4v\u00e4 s\u00e4hk\u00f6letku (1,8 m)<\/strong> \u2013 valmistettu joustavasta ter\u00e4snailonista, integroitu s\u00e4hk\u00f6johto kulkee suojattuna s\u00e4hk\u00f6urassa.<\/li>\n<li data-start=\"2030\" data-end=\"2126\"><strong data-start=\"2030\" data-end=\"2061\">S\u00e4\u00e4dett\u00e4v\u00e4 teleskooppivarsi<\/strong> \u2013 ter\u00e4ksinen, kest\u00e4v\u00e4 ja mukautettavissa k\u00e4ytt\u00e4j\u00e4n tarpeisiin.<\/li>\n<\/ul>\n<p data-start=\"2128\" data-end=\"2245\"><strong>NST S\u00e4hk\u00f6moottoriharja<\/strong> ei ole tarkoitettu nesteiden imemiseen \u2013 nesteisiin on omat Hyla-suulakkeet ja varusteet.<\/p>\n<p><strong>Settiin kuuluu: Harjaosa, s\u00e4hk\u00f6letku ja teleskooppivarsi<\/strong><\/p>\n<h5><strong>S\u00e4hk\u00f6moottoriharja:<\/strong><\/h5>\n<p><img fetchpriority=\"high\" decoding=\"async\" class=\"alignnone wp-image-11226 size-medium\" title=\"https:\/\/hylajams.fi\/?product=hyla-gst-nst-sahkomoottoriharja\" src=\"https:\/\/hylajams.fi\/wp-content\/uploads\/2021\/07\/34323-HYLA-NST-GST-Sahkomoottoriharja-uusi-1-300x169.jpg\" alt=\"HYLA GST s\u00e4hk\u00f6moottoriharja\" width=\"300\" height=\"169\" srcset=\"https:\/\/hylajams.fi\/wp-content\/uploads\/2021\/07\/34323-HYLA-NST-GST-Sahkomoottoriharja-uusi-1-300x169.jpg 300w, https:\/\/hylajams.fi\/wp-content\/uploads\/2021\/07\/34323-HYLA-NST-GST-Sahkomoottoriharja-uusi-1-768x432.jpg 768w, https:\/\/hylajams.fi\/wp-content\/uploads\/2021\/07\/34323-HYLA-NST-GST-Sahkomoottoriharja-uusi-1-600x338.jpg 600w, https:\/\/hylajams.fi\/wp-content\/uploads\/2021\/07\/34323-HYLA-NST-GST-Sahkomoottoriharja-uusi-1.jpg 960w\" sizes=\"(max-width: 300px) 100vw, 300px\" \/><\/p>\n<p>S\u00e4hk\u00f6moottoriharja on ratkaisu tehokkaaseen ja hell\u00e4varaiseen mattojen, vuoteiden,\u00a0 sohvia sek\u00e4 muiden erilaisten pintojen, my\u00f6s lattiapintojen puhtaanapidon. Sen avulla puhdistat syv\u00e4lt\u00e4 tekstiilien ja mattojen kuiduista ep\u00e4puhtaudet ilman pintojen vahingoittamista. T\u00e4m\u00e4 mahdollistaa puhtaanapidon ilman tarvetta kantaa raskaita mattoja ja patjoja ulkoilmaan tai parvekkeelle tai siirrell\u00e4 huonekaluja.<\/p>\n<h5><strong>S\u00e4hk\u00f6moottoriharjan letku:\u00a0<\/strong><\/h5>\n<p><img decoding=\"async\" class=\"alignnone wp-image-11030 size-medium\" title=\"https:\/\/hylajams.fi\/?product=hyla-nst-sahkomoottoriharjan-letku\" src=\"https:\/\/hylajams.fi\/wp-content\/uploads\/2021\/07\/14160-Hyla-NST-sahkomoottoriharjan-letku-300x169.jpg\" alt=\"Hyla NST s\u00e4hk\u00f6moottoriharjan letku\" width=\"300\" height=\"169\" srcset=\"https:\/\/hylajams.fi\/wp-content\/uploads\/2021\/07\/14160-Hyla-NST-sahkomoottoriharjan-letku-300x169.jpg 300w, https:\/\/hylajams.fi\/wp-content\/uploads\/2021\/07\/14160-Hyla-NST-sahkomoottoriharjan-letku-768x432.jpg 768w, https:\/\/hylajams.fi\/wp-content\/uploads\/2021\/07\/14160-Hyla-NST-sahkomoottoriharjan-letku-600x338.jpg 600w, https:\/\/hylajams.fi\/wp-content\/uploads\/2021\/07\/14160-Hyla-NST-sahkomoottoriharjan-letku.jpg 960w\" sizes=\"(max-width: 300px) 100vw, 300px\" \/><\/p>\n<p>S\u00e4hk\u00f6moottoriharjan letku on valmistettu taipuisasta, murtumattomasta ja joustavasta ter\u00e4snailonista, joka kest\u00e4\u00e4 vuodesta toiseen. (1,8 m).\u00a0Letku, jossa putken ulkopuolella s\u00e4hk\u00f6urassa kulkeva s\u00e4hk\u00f6johto on integroitu letkun ja s\u00e4hk\u00f6moottoriharjan v\u00e4lill\u00e4. S\u00e4hk\u00f6urassa kulkeva s\u00e4hk\u00f6johto est\u00e4\u00e4 johdon tarttumista tai irtoamista putkesta sek\u00e4 letkusta, ja joka est\u00e4\u00e4 s\u00e4hk\u00f6johdon rikkoontumisen. T\u00e4m\u00e4 mahdollistaa huomaamattoman ja turvallisen k\u00e4yt\u00f6n.<\/p>\n<h5><strong>Teleskooppivarsi:<\/strong><\/h5>\n<p><img decoding=\"async\" class=\"alignnone wp-image-11185 size-medium\" title=\"https:\/\/hylajams.fi\/?product=hyla-teleskooppivarsi-sahkomoottoriharjaan\" src=\"https:\/\/hylajams.fi\/wp-content\/uploads\/2021\/07\/14260-Hyla-NST-ja-GST-teleskooppi-varsi-uralla-sahkomoottoriharjaan-300x169.jpg\" alt=\"Hyla teleskooppivarsi s\u00e4hk\u00f6moottoriharjaan\" width=\"300\" height=\"169\" srcset=\"https:\/\/hylajams.fi\/wp-content\/uploads\/2021\/07\/14260-Hyla-NST-ja-GST-teleskooppi-varsi-uralla-sahkomoottoriharjaan-300x169.jpg 300w, https:\/\/hylajams.fi\/wp-content\/uploads\/2021\/07\/14260-Hyla-NST-ja-GST-teleskooppi-varsi-uralla-sahkomoottoriharjaan-768x432.jpg 768w, https:\/\/hylajams.fi\/wp-content\/uploads\/2021\/07\/14260-Hyla-NST-ja-GST-teleskooppi-varsi-uralla-sahkomoottoriharjaan-600x338.jpg 600w, https:\/\/hylajams.fi\/wp-content\/uploads\/2021\/07\/14260-Hyla-NST-ja-GST-teleskooppi-varsi-uralla-sahkomoottoriharjaan.jpg 960w\" sizes=\"(max-width: 300px) 100vw, 300px\" \/><\/p>\n<p>S\u00e4hk\u00f6moottoriharjan teleskooppivarressa on musta urasyvyys s\u00e4hk\u00f6johdolle turvallista ty\u00f6skentely\u00e4 varten. Teleskooppivarren pituutta voidaan s\u00e4\u00e4t\u00e4\u00e4 oman ty\u00f6skentely mukavuuden mukaiseksi, ja joka helpottaa korkeiden tai pitk\u00e4lle kurotettujen paikkojen tavoittamista. Teleskooppivarsi on valmistettu ter\u00e4ksest\u00e4, joka kest\u00e4\u00e4 vuodesta vuoteen.<\/p>\n<p><strong>T\u00e4m\u00e4 s\u00e4hk\u00f6moottoriharja <\/strong><strong>setti tarjoaa kokonaisvaltaisen ratkaisun puhdistustarpeisiisi HYLA NST -mallin kanssa. Se on suunniteltu helpottamaan ja tehostamaan erilaisia puhdistusteht\u00e4vi\u00e4 kodissasi.<\/strong><\/p>\n<p><strong><a href=\"https:\/\/hylajams.fi\/?page_id=8371\">HYLA NST TUOTTEET<\/a><\/strong><\/p>\n<p><strong><a href=\"https:\/\/www.hyla.com\/products\/products\"><span dir=\"auto\" style=\"vertical-align: inherit;\"><span dir=\"auto\" style=\"vertical-align: inherit;\"><span dir=\"auto\" style=\"vertical-align: inherit;\"><span dir=\"auto\" style=\"vertical-align: inherit;\">HYLA INTERNATIONAL<\/span><\/span><\/span><\/span><\/a><\/strong><\/p>\n","protected":false},"excerpt":{"rendered":"<p><strong>Hyla NST S\u00e4hk\u00f6moottoriharja kokonaisuus<\/strong>\u00a0on kattava setti mattojen, vuoteiden ja sohvien syv\u00e4puhdistukseen. Sis\u00e4lt\u00e4\u00e4 s\u00e4hk\u00f6moottoriharjan, s\u00e4hk\u00f6letkun ja teleskooppivarren. Tehokas 150 W harja LED-valolla helpottaa lian havaitsemista ja pys\u00e4k\u00f6intiasento tekee k\u00e4yt\u00f6st\u00e4 turvallista ja helppoa.<\/p>\n<p>&nbsp;<\/p>\n","protected":false},"featured_media":6699,"template":"","meta":[],"product_brand":[],"product_cat":[775,290,942],"product_tag":[1754,1243,1919,1918,1859,1828],"class_list":{"0":"post-1240","1":"product","2":"type-product","3":"status-publish","4":"has-post-thumbnail","6":"product_cat-hyla-nst","7":"product_cat-hylan-lisatarvikkeet","8":"product_cat-hyla-nst-lisatarvikkeet","9":"product_tag-hyla-lisaosa","10":"product_tag-hyla-nst-sahkomoottoriharja","11":"product_tag-nst-lisaosa","12":"product_tag-nst-sahkomoottoriharja-setti","13":"product_tag-sahkoharja-setti","14":"product_tag-sahkomoottoriharja-lisavaruste","15":"product_shipping_class-posti-m-paketti-19x36x60-cm-35-kg","16":"_wholesalex wsx-wholesalex-product","18":"first","19":"instock","20":"featured","21":"shipping-taxable","22":"purchasable","23":"product-type-simple"},"yoast_head":"<!-- This site is optimized with the Yoast SEO plugin v27.3 - https:\/\/yoast.com\/product\/yoast-seo-wordpress\/ -->\n<title>NST S\u00e4hk\u00f6moottoriharja - Tehokas kokonaisuus syv\u00e4puhtauteen.<\/title>\n<meta name=\"description\" content=\"NST S\u00e4hk\u00f6moottoriharja - on tehokas puhdistaja mattojen, vuoteiden ja sohvien syv\u00e4puhdistukseen. Setiss\u00e4: s\u00e4hk\u00f6moottoriharja ja -letku ja teleskooppivarsi.\" \/>\n<meta name=\"robots\" content=\"index, follow, max-snippet:-1, max-image-preview:large, max-video-preview:-1\" \/>\n<link rel=\"canonical\" href=\"https:\/\/hylajams.fi\/?product=nst-sahkomoottoriharja\" \/>\n<meta property=\"og:locale\" content=\"fi_FI\" \/>\n<meta property=\"og:type\" content=\"article\" \/>\n<meta property=\"og:title\" content=\"NST S\u00e4hk\u00f6moottoriharja - Tehokas kokonaisuus syv\u00e4puhtauteen.\" \/>\n<meta property=\"og:description\" content=\"NST S\u00e4hk\u00f6moottoriharja - on tehokas puhdistaja mattojen, vuoteiden ja sohvien syv\u00e4puhdistukseen. Setiss\u00e4: s\u00e4hk\u00f6moottoriharja ja -letku ja teleskooppivarsi.\" \/>\n<meta property=\"og:url\" content=\"https:\/\/hylajams.fi\/?product=nst-sahkomoottoriharja\" \/>\n<meta property=\"og:site_name\" content=\"Hyla Jams Verkkokauppa\" \/>\n<meta property=\"article:modified_time\" content=\"2026-02-27T23:34:33+00:00\" \/>\n<meta property=\"og:image\" content=\"https:\/\/hylajams.fi\/wp-content\/uploads\/2021\/07\/14200-tamppari.png\" \/>\n\t<meta property=\"og:image:width\" content=\"608\" \/>\n\t<meta property=\"og:image:height\" content=\"596\" \/>\n\t<meta property=\"og:image:type\" content=\"image\/png\" \/>\n<meta name=\"twitter:card\" content=\"summary_large_image\" \/>\n<meta name=\"twitter:label1\" content=\"Arvioitu lukuaika\" \/>\n\t<meta name=\"twitter:data1\" content=\"4 minuuttia\" \/>\n<script type=\"application\/ld+json\" class=\"yoast-schema-graph\">{\"@context\":\"https:\\\/\\\/schema.org\",\"@graph\":[{\"@type\":\"WebPage\",\"@id\":\"https:\\\/\\\/hylajams.fi\\\/?product=nst-sahkomoottoriharja\",\"url\":\"https:\\\/\\\/hylajams.fi\\\/?product=nst-sahkomoottoriharja\",\"name\":\"NST S\u00e4hk\u00f6moottoriharja - Tehokas kokonaisuus syv\u00e4puhtauteen.\",\"isPartOf\":{\"@id\":\"https:\\\/\\\/hylajams.fi\\\/#website\"},\"primaryImageOfPage\":{\"@id\":\"https:\\\/\\\/hylajams.fi\\\/?product=nst-sahkomoottoriharja#primaryimage\"},\"image\":{\"@id\":\"https:\\\/\\\/hylajams.fi\\\/?product=nst-sahkomoottoriharja#primaryimage\"},\"thumbnailUrl\":\"https:\\\/\\\/hylajams.fi\\\/wp-content\\\/uploads\\\/2021\\\/07\\\/14200-tamppari.png\",\"datePublished\":\"2021-07-26T19:57:34+00:00\",\"dateModified\":\"2026-02-27T23:34:33+00:00\",\"description\":\"NST S\u00e4hk\u00f6moottoriharja - on tehokas puhdistaja mattojen, vuoteiden ja sohvien syv\u00e4puhdistukseen. Setiss\u00e4: s\u00e4hk\u00f6moottoriharja ja -letku ja teleskooppivarsi.\",\"breadcrumb\":{\"@id\":\"https:\\\/\\\/hylajams.fi\\\/?product=nst-sahkomoottoriharja#breadcrumb\"},\"inLanguage\":\"fi\",\"potentialAction\":[{\"@type\":\"ReadAction\",\"target\":[\"https:\\\/\\\/hylajams.fi\\\/?product=nst-sahkomoottoriharja\"]}]},{\"@type\":\"ImageObject\",\"inLanguage\":\"fi\",\"@id\":\"https:\\\/\\\/hylajams.fi\\\/?product=nst-sahkomoottoriharja#primaryimage\",\"url\":\"https:\\\/\\\/hylajams.fi\\\/wp-content\\\/uploads\\\/2021\\\/07\\\/14200-tamppari.png\",\"contentUrl\":\"https:\\\/\\\/hylajams.fi\\\/wp-content\\\/uploads\\\/2021\\\/07\\\/14200-tamppari.png\",\"width\":608,\"height\":596,\"caption\":\"NST S\u00e4hk\u00f6moottoriharja setti\"},{\"@type\":\"BreadcrumbList\",\"@id\":\"https:\\\/\\\/hylajams.fi\\\/?product=nst-sahkomoottoriharja#breadcrumb\",\"itemListElement\":[{\"@type\":\"ListItem\",\"position\":1,\"name\":\"Etusivu\",\"item\":\"https:\\\/\\\/hylajams.fi\\\/\"},{\"@type\":\"ListItem\",\"position\":2,\"name\":\"VERKKOKAUPPA\",\"item\":\"https:\\\/\\\/hylajams.fi\\\/?page_id=9\"},{\"@type\":\"ListItem\",\"position\":3,\"name\":\"14200 Hyla NST s\u00e4hk\u00f6moottoriharja -setti\"}]},{\"@type\":\"WebSite\",\"@id\":\"https:\\\/\\\/hylajams.fi\\\/#website\",\"url\":\"https:\\\/\\\/hylajams.fi\\\/\",\"name\":\"Hyla Jams Verkkokauppa\",\"description\":\"Hyla ilman- ja huoneen puhdistusj\u00e4rjestelm\u00e4 Suomessa\",\"publisher\":{\"@id\":\"https:\\\/\\\/hylajams.fi\\\/#organization\"},\"potentialAction\":[{\"@type\":\"SearchAction\",\"target\":{\"@type\":\"EntryPoint\",\"urlTemplate\":\"https:\\\/\\\/hylajams.fi\\\/?s={search_term_string}\"},\"query-input\":{\"@type\":\"PropertyValueSpecification\",\"valueRequired\":true,\"valueName\":\"search_term_string\"}}],\"inLanguage\":\"fi\"},{\"@type\":\"Organization\",\"@id\":\"https:\\\/\\\/hylajams.fi\\\/#organization\",\"name\":\"Hyla Jams Verkkokauppa\",\"url\":\"https:\\\/\\\/hylajams.fi\\\/\",\"logo\":{\"@type\":\"ImageObject\",\"inLanguage\":\"fi\",\"@id\":\"https:\\\/\\\/hylajams.fi\\\/#\\\/schema\\\/logo\\\/image\\\/\",\"url\":\"https:\\\/\\\/hylajams.fi\\\/wp-content\\\/uploads\\\/2025\\\/02\\\/Logo-1-2.jpg\",\"contentUrl\":\"https:\\\/\\\/hylajams.fi\\\/wp-content\\\/uploads\\\/2025\\\/02\\\/Logo-1-2.jpg\",\"width\":500,\"height\":500,\"caption\":\"Hyla Jams Verkkokauppa\"},\"image\":{\"@id\":\"https:\\\/\\\/hylajams.fi\\\/#\\\/schema\\\/logo\\\/image\\\/\"},\"sameAs\":[\"https:\\\/\\\/www.instagram.com\\\/hylasiivous\\\/\"]}]}<\/script>\n<!-- \/ Yoast SEO plugin. -->","yoast_head_json":{"title":"NST S\u00e4hk\u00f6moottoriharja - Tehokas kokonaisuus syv\u00e4puhtauteen.","description":"NST S\u00e4hk\u00f6moottoriharja - on tehokas puhdistaja mattojen, vuoteiden ja sohvien syv\u00e4puhdistukseen. Setiss\u00e4: s\u00e4hk\u00f6moottoriharja ja -letku ja teleskooppivarsi.","robots":{"index":"index","follow":"follow","max-snippet":"max-snippet:-1","max-image-preview":"max-image-preview:large","max-video-preview":"max-video-preview:-1"},"canonical":"https:\/\/hylajams.fi\/?product=nst-sahkomoottoriharja","og_locale":"fi_FI","og_type":"article","og_title":"NST S\u00e4hk\u00f6moottoriharja - Tehokas kokonaisuus syv\u00e4puhtauteen.","og_description":"NST S\u00e4hk\u00f6moottoriharja - on tehokas puhdistaja mattojen, vuoteiden ja sohvien syv\u00e4puhdistukseen. Setiss\u00e4: s\u00e4hk\u00f6moottoriharja ja -letku ja teleskooppivarsi.","og_url":"https:\/\/hylajams.fi\/?product=nst-sahkomoottoriharja","og_site_name":"Hyla Jams Verkkokauppa","article_modified_time":"2026-02-27T23:34:33+00:00","og_image":[{"width":608,"height":596,"url":"https:\/\/hylajams.fi\/wp-content\/uploads\/2021\/07\/14200-tamppari.png","type":"image\/png"}],"twitter_card":"summary_large_image","twitter_misc":{"Arvioitu lukuaika":"4 minuuttia"},"schema":{"@context":"https:\/\/schema.org","@graph":[{"@type":"WebPage","@id":"https:\/\/hylajams.fi\/?product=nst-sahkomoottoriharja","url":"https:\/\/hylajams.fi\/?product=nst-sahkomoottoriharja","name":"NST S\u00e4hk\u00f6moottoriharja - Tehokas kokonaisuus syv\u00e4puhtauteen.","isPartOf":{"@id":"https:\/\/hylajams.fi\/#website"},"primaryImageOfPage":{"@id":"https:\/\/hylajams.fi\/?product=nst-sahkomoottoriharja#primaryimage"},"image":{"@id":"https:\/\/hylajams.fi\/?product=nst-sahkomoottoriharja#primaryimage"},"thumbnailUrl":"https:\/\/hylajams.fi\/wp-content\/uploads\/2021\/07\/14200-tamppari.png","datePublished":"2021-07-26T19:57:34+00:00","dateModified":"2026-02-27T23:34:33+00:00","description":"NST S\u00e4hk\u00f6moottoriharja - on tehokas puhdistaja mattojen, vuoteiden ja sohvien syv\u00e4puhdistukseen. Setiss\u00e4: s\u00e4hk\u00f6moottoriharja ja -letku ja teleskooppivarsi.","breadcrumb":{"@id":"https:\/\/hylajams.fi\/?product=nst-sahkomoottoriharja#breadcrumb"},"inLanguage":"fi","potentialAction":[{"@type":"ReadAction","target":["https:\/\/hylajams.fi\/?product=nst-sahkomoottoriharja"]}]},{"@type":"ImageObject","inLanguage":"fi","@id":"https:\/\/hylajams.fi\/?product=nst-sahkomoottoriharja#primaryimage","url":"https:\/\/hylajams.fi\/wp-content\/uploads\/2021\/07\/14200-tamppari.png","contentUrl":"https:\/\/hylajams.fi\/wp-content\/uploads\/2021\/07\/14200-tamppari.png","width":608,"height":596,"caption":"NST S\u00e4hk\u00f6moottoriharja setti"},{"@type":"BreadcrumbList","@id":"https:\/\/hylajams.fi\/?product=nst-sahkomoottoriharja#breadcrumb","itemListElement":[{"@type":"ListItem","position":1,"name":"Etusivu","item":"https:\/\/hylajams.fi\/"},{"@type":"ListItem","position":2,"name":"VERKKOKAUPPA","item":"https:\/\/hylajams.fi\/?page_id=9"},{"@type":"ListItem","position":3,"name":"14200 Hyla NST s\u00e4hk\u00f6moottoriharja -setti"}]},{"@type":"WebSite","@id":"https:\/\/hylajams.fi\/#website","url":"https:\/\/hylajams.fi\/","name":"Hyla Jams Verkkokauppa","description":"Hyla ilman- ja huoneen puhdistusj\u00e4rjestelm\u00e4 Suomessa","publisher":{"@id":"https:\/\/hylajams.fi\/#organization"},"potentialAction":[{"@type":"SearchAction","target":{"@type":"EntryPoint","urlTemplate":"https:\/\/hylajams.fi\/?s={search_term_string}"},"query-input":{"@type":"PropertyValueSpecification","valueRequired":true,"valueName":"search_term_string"}}],"inLanguage":"fi"},{"@type":"Organization","@id":"https:\/\/hylajams.fi\/#organization","name":"Hyla Jams Verkkokauppa","url":"https:\/\/hylajams.fi\/","logo":{"@type":"ImageObject","inLanguage":"fi","@id":"https:\/\/hylajams.fi\/#\/schema\/logo\/image\/","url":"https:\/\/hylajams.fi\/wp-content\/uploads\/2025\/02\/Logo-1-2.jpg","contentUrl":"https:\/\/hylajams.fi\/wp-content\/uploads\/2025\/02\/Logo-1-2.jpg","width":500,"height":500,"caption":"Hyla Jams Verkkokauppa"},"image":{"@id":"https:\/\/hylajams.fi\/#\/schema\/logo\/image\/"},"sameAs":["https:\/\/www.instagram.com\/hylasiivous\/"]}]}},"_links":{"self":[{"href":"https:\/\/hylajams.fi\/index.php?rest_route=\/wp\/v2\/product\/1240","targetHints":{"allow":["GET"]}}],"collection":[{"href":"https:\/\/hylajams.fi\/index.php?rest_route=\/wp\/v2\/product"}],"about":[{"href":"https:\/\/hylajams.fi\/index.php?rest_route=\/wp\/v2\/types\/product"}],"version-history":[{"count":15,"href":"https:\/\/hylajams.fi\/index.php?rest_route=\/wp\/v2\/product\/1240\/revisions"}],"predecessor-version":[{"id":13208,"href":"https:\/\/hylajams.fi\/index.php?rest_route=\/wp\/v2\/product\/1240\/revisions\/13208"}],"wp:featuredmedia":[{"embeddable":true,"href":"https:\/\/hylajams.fi\/index.php?rest_route=\/wp\/v2\/media\/6699"}],"wp:attachment":[{"href":"https:\/\/hylajams.fi\/index.php?rest_route=%2Fwp%2Fv2%2Fmedia&parent=1240"}],"wp:term":[{"taxonomy":"product_brand","embeddable":true,"href":"https:\/\/hylajams.fi\/index.php?rest_route=%2Fwp%2Fv2%2Fproduct_brand&post=1240"},{"taxonomy":"product_cat","embeddable":true,"href":"https:\/\/hylajams.fi\/index.php?rest_route=%2Fwp%2Fv2%2Fproduct_cat&post=1240"},{"taxonomy":"product_tag","embeddable":true,"href":"https:\/\/hylajams.fi\/index.php?rest_route=%2Fwp%2Fv2%2Fproduct_tag&post=1240"}],"curies":[{"name":"wp","href":"https:\/\/api.w.org\/{rel}","templated":true}]}}