{"id":9559,"date":"2025-02-13T19:55:00","date_gmt":"2025-02-13T17:55:00","guid":{"rendered":"https:\/\/hylajams.fi\/?page_id=9559"},"modified":"2026-02-25T22:27:48","modified_gmt":"2026-02-25T20:27:48","slug":"hyla-uutiskirje","status":"publish","type":"page","link":"https:\/\/hylajams.fi\/?page_id=9559","title":{"rendered":"Tilaa uutiskirje"},"content":{"rendered":"\n<p><\/p>\n\n\n\n<h2 class=\"wp-block-heading has-text-color has-link-color wp-elements-1e367fec8ca8dc244e63bce2b5623473\" style=\"color:#2f6f73\"><strong>Tervetuloa Hyla Jamsin uutiskirjeen tilauslistalle.<\/strong><\/h2>\n\n\n\n<p class=\"has-background\" style=\"background-color:#e6f7f9\">Hyla uutiskirjeess\u00e4 jaetaan ajankohtaisia vinkkej\u00e4, uutuuksia, tarjouksia sek\u00e4 Hyla-tuotteisiin liittyv\u00e4\u00e4 hy\u00f6dyllist\u00e4 tietoa.<br><br>Tilaa uutiskirje alla olevalla lomakkeella.<\/p>\n\n\n\n<p><\/p>\n\n\n\n<h2 class=\"wp-block-heading has-white-background-color has-text-color has-background has-link-color wp-elements-661cf150e465aab2e1920a397113f530\" style=\"color:#2f6f73\"><strong>Miten Hyla uutiskirje toimii?<\/strong><\/h2>\n\n\n\n<div class=\"wp-block-media-text is-stacked-on-mobile has-background\" style=\"background-color:#e6f7f9\"><figure class=\"wp-block-media-text__media\"><img fetchpriority=\"high\" decoding=\"async\" width=\"879\" height=\"660\" src=\"https:\/\/hylajams.fi\/wp-content\/uploads\/2025\/02\/Kirjekuori-Postia-sinulle8a.jpg\" alt=\"Hyla uutiskirje\" class=\"wp-image-9587 size-full\" srcset=\"https:\/\/hylajams.fi\/wp-content\/uploads\/2025\/02\/Kirjekuori-Postia-sinulle8a.jpg 879w, https:\/\/hylajams.fi\/wp-content\/uploads\/2025\/02\/Kirjekuori-Postia-sinulle8a-300x225.jpg 300w, https:\/\/hylajams.fi\/wp-content\/uploads\/2025\/02\/Kirjekuori-Postia-sinulle8a-768x577.jpg 768w, https:\/\/hylajams.fi\/wp-content\/uploads\/2025\/02\/Kirjekuori-Postia-sinulle8a-600x451.jpg 600w\" sizes=\"(max-width: 879px) 100vw, 879px\" \/><\/figure><div class=\"wp-block-media-text__content\">\n<p><\/p>\n\n\n\n<h2 class=\"wp-block-heading has-text-color has-link-color wp-elements-abbb9927659c861ceb6dda01053a9213\" style=\"color:#2f6f73\"><strong>POSTIA SINULLE \u2013 silloin kun on oikeasti asiaa!<\/strong><\/h2>\n\n\n\n<p><\/p>\n\n\n\n<p>Hyla uutiskirjeemme toimitetaan suoraan s\u00e4hk\u00f6postiisi, ja voit peruuttaa tilauksen milloin tahansa l\u00e4hett\u00e4m\u00e4ll\u00e4 meille viestin t\u00e4m\u00e4n tilauksen tai muiden yhteystietojemme kautta.<\/p>\n\n\n\n<p>Uutiskirjeess\u00e4 jaetaan ajankohtaisia vinkkej\u00e4, tarjouksia ja uutuuksia Hyla-tuotteisiin liittyen. Viestej\u00e4 l\u00e4hetet\u00e4\u00e4n maltillisesti \u2013 ei turhaan, eik\u00e4 liian usein. <br><br>Hyla uutiskirje toimii tiedotuskanavana asiakkaan ja Hyla Jamsin v\u00e4lill\u00e4. Tilaaminen ei velvoita ostoksiin \u2013 p\u00e4\u00e4t\u00f6kset tehd\u00e4\u00e4n aina omassa tahdissa.<br><br>Jos haluat liitty\u00e4 mukaan, t\u00e4yt\u00e4 alapuolella oleva lomake ja l\u00e4het\u00e4 tilaus<br><br>Kiitos, ett\u00e4 olet kiinnostunut pysym\u00e4\u00e4n mukana \ud83d\udca7<\/p>\n\n\n\n<p><\/p>\n\n\n\n<p><\/p>\n<\/div><\/div>\n\n\n\n<p><\/p>\n\n\n\n<p><\/p>\n\n\n\n<div class=\"wpcf7 no-js\" id=\"wpcf7-f9582-o1\" lang=\"fi\" dir=\"ltr\" data-wpcf7-id=\"9582\">\n<div class=\"screen-reader-response\"><p role=\"status\" aria-live=\"polite\" aria-atomic=\"true\"><\/p> <ul><\/ul><\/div>\n<form action=\"\/index.php?rest_route=%2Fwp%2Fv2%2Fpages%2F9559#wpcf7-f9582-o1\" method=\"post\" class=\"wpcf7-form init\" aria-label=\"Yhteydenottolomake\" novalidate=\"novalidate\" data-status=\"init\">\n<fieldset class=\"hidden-fields-container\"><input type=\"hidden\" name=\"_wpcf7\" value=\"9582\" \/><input type=\"hidden\" name=\"_wpcf7_version\" value=\"6.1.5\" \/><input type=\"hidden\" name=\"_wpcf7_locale\" value=\"fi\" \/><input type=\"hidden\" name=\"_wpcf7_unit_tag\" value=\"wpcf7-f9582-o1\" \/><input type=\"hidden\" name=\"_wpcf7_container_post\" value=\"0\" \/><input type=\"hidden\" name=\"_wpcf7_posted_data_hash\" value=\"\" \/><input type=\"hidden\" name=\"honeypot_field_name\" value=\"honeypot_b49259fb_4dd2_436a_84f1_84e64674271b\" \/><input type=\"hidden\" name=\"honeypot_b49259fb_4dd2_436a_84f1_84e64674271b\" value=\"\" \/><input type=\"hidden\" name=\"cf7_honeypot_timestamp\" value=\"1775621561\" \/><input type=\"hidden\" name=\"_wpcf7_recaptcha_response\" value=\"\" \/>\n<\/fieldset>\n<input class=\"wpcf7-form-control wpcf7-hidden\" value=\"UUTISKIRJE\" type=\"hidden\" name=\"form-type\" \/>\n<p><label> Etu- ja sukunimi *<br \/>\n<span class=\"wpcf7-form-control-wrap\" data-name=\"your-name\"><input size=\"40\" maxlength=\"400\" class=\"wpcf7-form-control wpcf7-text wpcf7-validates-as-required\" aria-required=\"true\" aria-invalid=\"false\" value=\"\" type=\"text\" name=\"your-name\" \/><\/span><br \/>\n<\/label>\n<\/p>\n<p><label> S\u00e4hk\u00f6posti *<br \/>\n<span class=\"wpcf7-form-control-wrap\" data-name=\"your-email\"><input size=\"40\" maxlength=\"400\" class=\"wpcf7-form-control wpcf7-email wpcf7-validates-as-required wpcf7-text wpcf7-validates-as-email\" aria-required=\"true\" aria-invalid=\"false\" value=\"\" type=\"email\" name=\"your-email\" \/><\/span><br \/>\n<\/label>\n<\/p>\n<p><label> Viesti \/ kiinnostuksen kohteet (valinnainen)<br \/>\n<span class=\"wpcf7-form-control-wrap\" data-name=\"your-message\"><textarea cols=\"40\" rows=\"10\" maxlength=\"2000\" class=\"wpcf7-form-control wpcf7-textarea\" aria-invalid=\"false\" placeholder=\"Esim. lemmikit, tuoksut, uutuudet, ilmanpuhdistus, allergiat\u2026\" name=\"your-message\"><\/textarea><\/span><br \/>\n<\/label>\n<\/p>\n<p><input class=\"wpcf7-form-control wpcf7-submit has-spinner\" type=\"submit\" value=\"Tilaa uutiskirje\" \/>\n<\/p><div class=\"wpcf7-response-output\" aria-hidden=\"true\"><\/div>\n<\/form>\n<\/div>\n\n\n\n\n<p><\/p>\n\n\n\n<p>&#8221;UUTISKIRJEET&#8221;<\/p>\n\n\n\n<p><\/p>\n\n\n\n<p><\/p>\n","protected":false},"excerpt":{"rendered":"<p>Tervetuloa Hyla Jamsin uutiskirjeen tilauslistalle. Hyla uutiskirjeess\u00e4 jaetaan ajankohtaisia vinkkej\u00e4, uutuuksia, tarjouksia sek\u00e4 Hyla-tuotteisiin liittyv\u00e4\u00e4 hy\u00f6dyllist\u00e4 tietoa. Tilaa uutiskirje alla olevalla lomakkeella. Miten Hyla uutiskirje toimii? POSTIA SINULLE \u2013 silloin<a href=\"https:\/\/hylajams.fi\/?page_id=9559\" class=\"d-block breadmore\">Lue lis\u00e4\u00e4<\/a><\/p>\n","protected":false},"author":2,"featured_media":9586,"parent":0,"menu_order":0,"comment_status":"closed","ping_status":"closed","template":"","meta":{"footnotes":""},"class_list":["post-9559","page","type-page","status-publish","has-post-thumbnail","hentry","_wholesalex wsx-wholesalex-product"],"yoast_head":"<!-- This site is optimized with the Yoast SEO plugin v27.3 - https:\/\/yoast.com\/product\/yoast-seo-wordpress\/ -->\n<title>Hyla uutiskirje | Hyla Jams Verkkokauppa<\/title>\n<meta name=\"description\" content=\"Hyla uutiskirje ja saat vinkit, tarjoukset ja uutiset suoraan s\u00e4hk\u00f6postiisi. Pysy ajan tasalla Hyla-tuotteista ja puhtaasta sis\u00e4ilmasta.\" \/>\n<meta name=\"robots\" content=\"index, follow, max-snippet:-1, max-image-preview:large, max-video-preview:-1\" \/>\n<link rel=\"canonical\" href=\"https:\/\/hylajams.fi\/?page_id=9559\" \/>\n<meta property=\"og:locale\" content=\"fi_FI\" \/>\n<meta property=\"og:type\" content=\"article\" \/>\n<meta property=\"og:title\" content=\"Hyla uutiskirje | Hyla Jams Verkkokauppa\" \/>\n<meta property=\"og:description\" content=\"Hyla uutiskirje ja saat vinkit, tarjoukset ja uutiset suoraan s\u00e4hk\u00f6postiisi. Pysy ajan tasalla Hyla-tuotteista ja puhtaasta sis\u00e4ilmasta.\" \/>\n<meta property=\"og:url\" content=\"https:\/\/hylajams.fi\/?page_id=9559\" \/>\n<meta property=\"og:site_name\" content=\"Hyla Jams Verkkokauppa\" \/>\n<meta property=\"article:modified_time\" content=\"2026-02-25T20:27:48+00:00\" \/>\n<meta property=\"og:image\" content=\"https:\/\/hylajams.fi\/wp-content\/uploads\/2025\/02\/Kirjekuoria.jpg\" \/>\n\t<meta property=\"og:image:width\" content=\"880\" \/>\n\t<meta property=\"og:image:height\" content=\"648\" \/>\n\t<meta property=\"og:image:type\" content=\"image\/jpeg\" \/>\n<meta name=\"twitter:card\" content=\"summary_large_image\" \/>\n<meta name=\"twitter:label1\" content=\"Arvioitu lukuaika\" \/>\n\t<meta name=\"twitter:data1\" content=\"2 minuuttia\" \/>\n<script type=\"application\/ld+json\" class=\"yoast-schema-graph\">{\"@context\":\"https:\\\/\\\/schema.org\",\"@graph\":[{\"@type\":\"WebPage\",\"@id\":\"https:\\\/\\\/hylajams.fi\\\/?page_id=9559\",\"url\":\"https:\\\/\\\/hylajams.fi\\\/?page_id=9559\",\"name\":\"Hyla uutiskirje | Hyla Jams Verkkokauppa\",\"isPartOf\":{\"@id\":\"https:\\\/\\\/hylajams.fi\\\/#website\"},\"primaryImageOfPage\":{\"@id\":\"https:\\\/\\\/hylajams.fi\\\/?page_id=9559#primaryimage\"},\"image\":{\"@id\":\"https:\\\/\\\/hylajams.fi\\\/?page_id=9559#primaryimage\"},\"thumbnailUrl\":\"https:\\\/\\\/hylajams.fi\\\/wp-content\\\/uploads\\\/2025\\\/02\\\/Kirjekuoria.jpg\",\"datePublished\":\"2025-02-13T17:55:00+00:00\",\"dateModified\":\"2026-02-25T20:27:48+00:00\",\"description\":\"Hyla uutiskirje ja saat vinkit, tarjoukset ja uutiset suoraan s\u00e4hk\u00f6postiisi. Pysy ajan tasalla Hyla-tuotteista ja puhtaasta sis\u00e4ilmasta.\",\"breadcrumb\":{\"@id\":\"https:\\\/\\\/hylajams.fi\\\/?page_id=9559#breadcrumb\"},\"inLanguage\":\"fi\",\"potentialAction\":[{\"@type\":\"ReadAction\",\"target\":[\"https:\\\/\\\/hylajams.fi\\\/?page_id=9559\"]}]},{\"@type\":\"ImageObject\",\"inLanguage\":\"fi\",\"@id\":\"https:\\\/\\\/hylajams.fi\\\/?page_id=9559#primaryimage\",\"url\":\"https:\\\/\\\/hylajams.fi\\\/wp-content\\\/uploads\\\/2025\\\/02\\\/Kirjekuoria.jpg\",\"contentUrl\":\"https:\\\/\\\/hylajams.fi\\\/wp-content\\\/uploads\\\/2025\\\/02\\\/Kirjekuoria.jpg\",\"width\":880,\"height\":648,\"caption\":\"JOULU tarjous - 3\"},{\"@type\":\"BreadcrumbList\",\"@id\":\"https:\\\/\\\/hylajams.fi\\\/?page_id=9559#breadcrumb\",\"itemListElement\":[{\"@type\":\"ListItem\",\"position\":1,\"name\":\"Etusivu\",\"item\":\"https:\\\/\\\/hylajams.fi\\\/\"},{\"@type\":\"ListItem\",\"position\":2,\"name\":\"Tilaa uutiskirje\"}]},{\"@type\":\"WebSite\",\"@id\":\"https:\\\/\\\/hylajams.fi\\\/#website\",\"url\":\"https:\\\/\\\/hylajams.fi\\\/\",\"name\":\"Hyla Jams Verkkokauppa\",\"description\":\"Hyla ilman- ja huoneen puhdistusj\u00e4rjestelm\u00e4 Suomessa\",\"publisher\":{\"@id\":\"https:\\\/\\\/hylajams.fi\\\/#organization\"},\"potentialAction\":[{\"@type\":\"SearchAction\",\"target\":{\"@type\":\"EntryPoint\",\"urlTemplate\":\"https:\\\/\\\/hylajams.fi\\\/?s={search_term_string}\"},\"query-input\":{\"@type\":\"PropertyValueSpecification\",\"valueRequired\":true,\"valueName\":\"search_term_string\"}}],\"inLanguage\":\"fi\"},{\"@type\":\"Organization\",\"@id\":\"https:\\\/\\\/hylajams.fi\\\/#organization\",\"name\":\"Hyla Jams Verkkokauppa\",\"url\":\"https:\\\/\\\/hylajams.fi\\\/\",\"logo\":{\"@type\":\"ImageObject\",\"inLanguage\":\"fi\",\"@id\":\"https:\\\/\\\/hylajams.fi\\\/#\\\/schema\\\/logo\\\/image\\\/\",\"url\":\"https:\\\/\\\/hylajams.fi\\\/wp-content\\\/uploads\\\/2025\\\/02\\\/Logo-1-2.jpg\",\"contentUrl\":\"https:\\\/\\\/hylajams.fi\\\/wp-content\\\/uploads\\\/2025\\\/02\\\/Logo-1-2.jpg\",\"width\":500,\"height\":500,\"caption\":\"Hyla Jams Verkkokauppa\"},\"image\":{\"@id\":\"https:\\\/\\\/hylajams.fi\\\/#\\\/schema\\\/logo\\\/image\\\/\"},\"sameAs\":[\"https:\\\/\\\/www.instagram.com\\\/hylasiivous\\\/\"]}]}<\/script>\n<!-- \/ Yoast SEO plugin. -->","yoast_head_json":{"title":"Hyla uutiskirje | Hyla Jams Verkkokauppa","description":"Hyla uutiskirje ja saat vinkit, tarjoukset ja uutiset suoraan s\u00e4hk\u00f6postiisi. Pysy ajan tasalla Hyla-tuotteista ja puhtaasta sis\u00e4ilmasta.","robots":{"index":"index","follow":"follow","max-snippet":"max-snippet:-1","max-image-preview":"max-image-preview:large","max-video-preview":"max-video-preview:-1"},"canonical":"https:\/\/hylajams.fi\/?page_id=9559","og_locale":"fi_FI","og_type":"article","og_title":"Hyla uutiskirje | Hyla Jams Verkkokauppa","og_description":"Hyla uutiskirje ja saat vinkit, tarjoukset ja uutiset suoraan s\u00e4hk\u00f6postiisi. Pysy ajan tasalla Hyla-tuotteista ja puhtaasta sis\u00e4ilmasta.","og_url":"https:\/\/hylajams.fi\/?page_id=9559","og_site_name":"Hyla Jams Verkkokauppa","article_modified_time":"2026-02-25T20:27:48+00:00","og_image":[{"width":880,"height":648,"url":"https:\/\/hylajams.fi\/wp-content\/uploads\/2025\/02\/Kirjekuoria.jpg","type":"image\/jpeg"}],"twitter_card":"summary_large_image","twitter_misc":{"Arvioitu lukuaika":"2 minuuttia"},"schema":{"@context":"https:\/\/schema.org","@graph":[{"@type":"WebPage","@id":"https:\/\/hylajams.fi\/?page_id=9559","url":"https:\/\/hylajams.fi\/?page_id=9559","name":"Hyla uutiskirje | Hyla Jams Verkkokauppa","isPartOf":{"@id":"https:\/\/hylajams.fi\/#website"},"primaryImageOfPage":{"@id":"https:\/\/hylajams.fi\/?page_id=9559#primaryimage"},"image":{"@id":"https:\/\/hylajams.fi\/?page_id=9559#primaryimage"},"thumbnailUrl":"https:\/\/hylajams.fi\/wp-content\/uploads\/2025\/02\/Kirjekuoria.jpg","datePublished":"2025-02-13T17:55:00+00:00","dateModified":"2026-02-25T20:27:48+00:00","description":"Hyla uutiskirje ja saat vinkit, tarjoukset ja uutiset suoraan s\u00e4hk\u00f6postiisi. Pysy ajan tasalla Hyla-tuotteista ja puhtaasta sis\u00e4ilmasta.","breadcrumb":{"@id":"https:\/\/hylajams.fi\/?page_id=9559#breadcrumb"},"inLanguage":"fi","potentialAction":[{"@type":"ReadAction","target":["https:\/\/hylajams.fi\/?page_id=9559"]}]},{"@type":"ImageObject","inLanguage":"fi","@id":"https:\/\/hylajams.fi\/?page_id=9559#primaryimage","url":"https:\/\/hylajams.fi\/wp-content\/uploads\/2025\/02\/Kirjekuoria.jpg","contentUrl":"https:\/\/hylajams.fi\/wp-content\/uploads\/2025\/02\/Kirjekuoria.jpg","width":880,"height":648,"caption":"JOULU tarjous - 3"},{"@type":"BreadcrumbList","@id":"https:\/\/hylajams.fi\/?page_id=9559#breadcrumb","itemListElement":[{"@type":"ListItem","position":1,"name":"Etusivu","item":"https:\/\/hylajams.fi\/"},{"@type":"ListItem","position":2,"name":"Tilaa uutiskirje"}]},{"@type":"WebSite","@id":"https:\/\/hylajams.fi\/#website","url":"https:\/\/hylajams.fi\/","name":"Hyla Jams Verkkokauppa","description":"Hyla ilman- ja huoneen puhdistusj\u00e4rjestelm\u00e4 Suomessa","publisher":{"@id":"https:\/\/hylajams.fi\/#organization"},"potentialAction":[{"@type":"SearchAction","target":{"@type":"EntryPoint","urlTemplate":"https:\/\/hylajams.fi\/?s={search_term_string}"},"query-input":{"@type":"PropertyValueSpecification","valueRequired":true,"valueName":"search_term_string"}}],"inLanguage":"fi"},{"@type":"Organization","@id":"https:\/\/hylajams.fi\/#organization","name":"Hyla Jams Verkkokauppa","url":"https:\/\/hylajams.fi\/","logo":{"@type":"ImageObject","inLanguage":"fi","@id":"https:\/\/hylajams.fi\/#\/schema\/logo\/image\/","url":"https:\/\/hylajams.fi\/wp-content\/uploads\/2025\/02\/Logo-1-2.jpg","contentUrl":"https:\/\/hylajams.fi\/wp-content\/uploads\/2025\/02\/Logo-1-2.jpg","width":500,"height":500,"caption":"Hyla Jams Verkkokauppa"},"image":{"@id":"https:\/\/hylajams.fi\/#\/schema\/logo\/image\/"},"sameAs":["https:\/\/www.instagram.com\/hylasiivous\/"]}]}},"_links":{"self":[{"href":"https:\/\/hylajams.fi\/index.php?rest_route=\/wp\/v2\/pages\/9559","targetHints":{"allow":["GET"]}}],"collection":[{"href":"https:\/\/hylajams.fi\/index.php?rest_route=\/wp\/v2\/pages"}],"about":[{"href":"https:\/\/hylajams.fi\/index.php?rest_route=\/wp\/v2\/types\/page"}],"author":[{"embeddable":true,"href":"https:\/\/hylajams.fi\/index.php?rest_route=\/wp\/v2\/users\/2"}],"replies":[{"embeddable":true,"href":"https:\/\/hylajams.fi\/index.php?rest_route=%2Fwp%2Fv2%2Fcomments&post=9559"}],"version-history":[{"count":19,"href":"https:\/\/hylajams.fi\/index.php?rest_route=\/wp\/v2\/pages\/9559\/revisions"}],"predecessor-version":[{"id":13070,"href":"https:\/\/hylajams.fi\/index.php?rest_route=\/wp\/v2\/pages\/9559\/revisions\/13070"}],"wp:featuredmedia":[{"embeddable":true,"href":"https:\/\/hylajams.fi\/index.php?rest_route=\/wp\/v2\/media\/9586"}],"wp:attachment":[{"href":"https:\/\/hylajams.fi\/index.php?rest_route=%2Fwp%2Fv2%2Fmedia&parent=9559"}],"curies":[{"name":"wp","href":"https:\/\/api.w.org\/{rel}","templated":true}]}}