{"id":5895,"date":"2023-10-02T15:27:06","date_gmt":"2023-10-02T12:27:06","guid":{"rendered":"https:\/\/hylajams.fi\/?page_id=5895"},"modified":"2026-02-26T12:19:00","modified_gmt":"2026-02-26T10:19:00","slug":"vesiastia","status":"publish","type":"page","link":"https:\/\/hylajams.fi\/?page_id=5895","title":{"rendered":"Video: Vesiastia"},"content":{"rendered":"\n<div class=\"wp-block-media-text is-stacked-on-mobile\"><figure class=\"wp-block-media-text__media\"><video controls src=\"https:\/\/hylajams.fi\/wp-content\/uploads\/2023\/09\/20230830-Vesiastian-roskien-pyoritys.mp4\"><\/video><\/figure><div class=\"wp-block-media-text__content\">\n<p>Likaveden voit tyhjent\u00e4\u00e4 ilman kosketusta py\u00f6ritt\u00e4m\u00e4ll\u00e4 vesiastiassa olevaa vett\u00e4 edestakaisin. T\u00e4ll\u00e4 tavoin vesiastian pohjalle kertyneet roskat, liat, p\u00f6lypunkit ja muut ep\u00e4puhtaudet sekoittuvat veteen eiv\u00e4tk\u00e4 j\u00e4\u00e4 vesiastian pohjalle.<\/p>\n\n\n\n<p class=\"has-white-color has-vivid-cyan-blue-background-color has-text-color has-background\"><strong><a href=\"https:\/\/hylajams.fi\/?page_id=5895\" data-type=\"link\" data-id=\"https:\/\/hylajams.fi\/?page_id=5895\">KATSO VIDEO<\/a><\/strong><\/p>\n\n\n\n<p>Viimeistele prosessi poistamalla mahdollinen rasva pesuaineeseen kostutetulla talouspaperilla tai rievulla. Muista huuhdella hyvin!<\/p>\n<\/div><\/div>\n\n\n\n<p><\/p>\n","protected":false},"excerpt":{"rendered":"<p>Likaveden voit tyhjent\u00e4\u00e4 ilman kosketusta py\u00f6ritt\u00e4m\u00e4ll\u00e4 vesiastiassa olevaa vett\u00e4 edestakaisin. T\u00e4ll\u00e4 tavoin vesiastian pohjalle kertyneet roskat, liat, p\u00f6lypunkit ja muut ep\u00e4puhtaudet sekoittuvat veteen eiv\u00e4tk\u00e4 j\u00e4\u00e4 vesiastian pohjalle. KATSO VIDEO Viimeistele<a href=\"https:\/\/hylajams.fi\/?page_id=5895\" class=\"d-block breadmore\">Lue lis\u00e4\u00e4<\/a><\/p>\n","protected":false},"author":2,"featured_media":0,"parent":0,"menu_order":0,"comment_status":"closed","ping_status":"closed","template":"","meta":{"footnotes":""},"class_list":["post-5895","page","type-page","status-publish","hentry","_wholesalex wsx-wholesalex-product"],"yoast_head":"<!-- This site is optimized with the Yoast SEO plugin v27.3 - https:\/\/yoast.com\/product\/yoast-seo-wordpress\/ -->\n<title>Video: Vesiastia - Hyla Jams Verkkokauppa<\/title>\n<meta name=\"robots\" content=\"noindex, follow\" \/>\n<meta property=\"og:locale\" content=\"fi_FI\" \/>\n<meta property=\"og:type\" content=\"article\" \/>\n<meta property=\"og:title\" content=\"Video: Vesiastia - Hyla Jams Verkkokauppa\" \/>\n<meta property=\"og:description\" content=\"Likaveden voit tyhjent\u00e4\u00e4 ilman kosketusta py\u00f6ritt\u00e4m\u00e4ll\u00e4 vesiastiassa olevaa vett\u00e4 edestakaisin. T\u00e4ll\u00e4 tavoin vesiastian pohjalle kertyneet roskat, liat, p\u00f6lypunkit ja muut ep\u00e4puhtaudet sekoittuvat veteen eiv\u00e4tk\u00e4 j\u00e4\u00e4 vesiastian pohjalle. KATSO VIDEO ViimeisteleLue lis\u00e4\u00e4\" \/>\n<meta property=\"og:url\" content=\"https:\/\/hylajams.fi\/?page_id=5895\" \/>\n<meta property=\"og:site_name\" content=\"Hyla Jams Verkkokauppa\" \/>\n<meta property=\"article:modified_time\" content=\"2026-02-26T10:19:00+00:00\" \/>\n<meta name=\"twitter:card\" content=\"summary_large_image\" \/>\n<meta name=\"twitter:label1\" content=\"Arvioitu lukuaika\" \/>\n\t<meta name=\"twitter:data1\" content=\"1 minuutti\" \/>\n<script type=\"application\/ld+json\" class=\"yoast-schema-graph\">{\"@context\":\"https:\\\/\\\/schema.org\",\"@graph\":[{\"@type\":\"WebPage\",\"@id\":\"https:\\\/\\\/hylajams.fi\\\/?page_id=5895\",\"url\":\"https:\\\/\\\/hylajams.fi\\\/?page_id=5895\",\"name\":\"Video: Vesiastia - Hyla Jams Verkkokauppa\",\"isPartOf\":{\"@id\":\"https:\\\/\\\/hylajams.fi\\\/#website\"},\"datePublished\":\"2023-10-02T12:27:06+00:00\",\"dateModified\":\"2026-02-26T10:19:00+00:00\",\"breadcrumb\":{\"@id\":\"https:\\\/\\\/hylajams.fi\\\/?page_id=5895#breadcrumb\"},\"inLanguage\":\"fi\",\"potentialAction\":[{\"@type\":\"ReadAction\",\"target\":[\"https:\\\/\\\/hylajams.fi\\\/?page_id=5895\"]}]},{\"@type\":\"BreadcrumbList\",\"@id\":\"https:\\\/\\\/hylajams.fi\\\/?page_id=5895#breadcrumb\",\"itemListElement\":[{\"@type\":\"ListItem\",\"position\":1,\"name\":\"Etusivu\",\"item\":\"https:\\\/\\\/hylajams.fi\\\/\"},{\"@type\":\"ListItem\",\"position\":2,\"name\":\"Video: Vesiastia\"}]},{\"@type\":\"WebSite\",\"@id\":\"https:\\\/\\\/hylajams.fi\\\/#website\",\"url\":\"https:\\\/\\\/hylajams.fi\\\/\",\"name\":\"Hyla Jams Verkkokauppa\",\"description\":\"Hyla ilman- ja huoneen puhdistusj\u00e4rjestelm\u00e4 Suomessa\",\"publisher\":{\"@id\":\"https:\\\/\\\/hylajams.fi\\\/#organization\"},\"potentialAction\":[{\"@type\":\"SearchAction\",\"target\":{\"@type\":\"EntryPoint\",\"urlTemplate\":\"https:\\\/\\\/hylajams.fi\\\/?s={search_term_string}\"},\"query-input\":{\"@type\":\"PropertyValueSpecification\",\"valueRequired\":true,\"valueName\":\"search_term_string\"}}],\"inLanguage\":\"fi\"},{\"@type\":\"Organization\",\"@id\":\"https:\\\/\\\/hylajams.fi\\\/#organization\",\"name\":\"Hyla Jams Verkkokauppa\",\"url\":\"https:\\\/\\\/hylajams.fi\\\/\",\"logo\":{\"@type\":\"ImageObject\",\"inLanguage\":\"fi\",\"@id\":\"https:\\\/\\\/hylajams.fi\\\/#\\\/schema\\\/logo\\\/image\\\/\",\"url\":\"https:\\\/\\\/hylajams.fi\\\/wp-content\\\/uploads\\\/2025\\\/02\\\/Logo-1-2.jpg\",\"contentUrl\":\"https:\\\/\\\/hylajams.fi\\\/wp-content\\\/uploads\\\/2025\\\/02\\\/Logo-1-2.jpg\",\"width\":500,\"height\":500,\"caption\":\"Hyla Jams Verkkokauppa\"},\"image\":{\"@id\":\"https:\\\/\\\/hylajams.fi\\\/#\\\/schema\\\/logo\\\/image\\\/\"},\"sameAs\":[\"https:\\\/\\\/www.instagram.com\\\/hylasiivous\\\/\"]}]}<\/script>\n<!-- \/ Yoast SEO plugin. -->","yoast_head_json":{"title":"Video: Vesiastia - Hyla Jams Verkkokauppa","robots":{"index":"noindex","follow":"follow"},"og_locale":"fi_FI","og_type":"article","og_title":"Video: Vesiastia - Hyla Jams Verkkokauppa","og_description":"Likaveden voit tyhjent\u00e4\u00e4 ilman kosketusta py\u00f6ritt\u00e4m\u00e4ll\u00e4 vesiastiassa olevaa vett\u00e4 edestakaisin. T\u00e4ll\u00e4 tavoin vesiastian pohjalle kertyneet roskat, liat, p\u00f6lypunkit ja muut ep\u00e4puhtaudet sekoittuvat veteen eiv\u00e4tk\u00e4 j\u00e4\u00e4 vesiastian pohjalle. KATSO VIDEO ViimeisteleLue lis\u00e4\u00e4","og_url":"https:\/\/hylajams.fi\/?page_id=5895","og_site_name":"Hyla Jams Verkkokauppa","article_modified_time":"2026-02-26T10:19:00+00:00","twitter_card":"summary_large_image","twitter_misc":{"Arvioitu lukuaika":"1 minuutti"},"schema":{"@context":"https:\/\/schema.org","@graph":[{"@type":"WebPage","@id":"https:\/\/hylajams.fi\/?page_id=5895","url":"https:\/\/hylajams.fi\/?page_id=5895","name":"Video: Vesiastia - Hyla Jams Verkkokauppa","isPartOf":{"@id":"https:\/\/hylajams.fi\/#website"},"datePublished":"2023-10-02T12:27:06+00:00","dateModified":"2026-02-26T10:19:00+00:00","breadcrumb":{"@id":"https:\/\/hylajams.fi\/?page_id=5895#breadcrumb"},"inLanguage":"fi","potentialAction":[{"@type":"ReadAction","target":["https:\/\/hylajams.fi\/?page_id=5895"]}]},{"@type":"BreadcrumbList","@id":"https:\/\/hylajams.fi\/?page_id=5895#breadcrumb","itemListElement":[{"@type":"ListItem","position":1,"name":"Etusivu","item":"https:\/\/hylajams.fi\/"},{"@type":"ListItem","position":2,"name":"Video: Vesiastia"}]},{"@type":"WebSite","@id":"https:\/\/hylajams.fi\/#website","url":"https:\/\/hylajams.fi\/","name":"Hyla Jams Verkkokauppa","description":"Hyla ilman- ja huoneen puhdistusj\u00e4rjestelm\u00e4 Suomessa","publisher":{"@id":"https:\/\/hylajams.fi\/#organization"},"potentialAction":[{"@type":"SearchAction","target":{"@type":"EntryPoint","urlTemplate":"https:\/\/hylajams.fi\/?s={search_term_string}"},"query-input":{"@type":"PropertyValueSpecification","valueRequired":true,"valueName":"search_term_string"}}],"inLanguage":"fi"},{"@type":"Organization","@id":"https:\/\/hylajams.fi\/#organization","name":"Hyla Jams Verkkokauppa","url":"https:\/\/hylajams.fi\/","logo":{"@type":"ImageObject","inLanguage":"fi","@id":"https:\/\/hylajams.fi\/#\/schema\/logo\/image\/","url":"https:\/\/hylajams.fi\/wp-content\/uploads\/2025\/02\/Logo-1-2.jpg","contentUrl":"https:\/\/hylajams.fi\/wp-content\/uploads\/2025\/02\/Logo-1-2.jpg","width":500,"height":500,"caption":"Hyla Jams Verkkokauppa"},"image":{"@id":"https:\/\/hylajams.fi\/#\/schema\/logo\/image\/"},"sameAs":["https:\/\/www.instagram.com\/hylasiivous\/"]}]}},"_links":{"self":[{"href":"https:\/\/hylajams.fi\/index.php?rest_route=\/wp\/v2\/pages\/5895","targetHints":{"allow":["GET"]}}],"collection":[{"href":"https:\/\/hylajams.fi\/index.php?rest_route=\/wp\/v2\/pages"}],"about":[{"href":"https:\/\/hylajams.fi\/index.php?rest_route=\/wp\/v2\/types\/page"}],"author":[{"embeddable":true,"href":"https:\/\/hylajams.fi\/index.php?rest_route=\/wp\/v2\/users\/2"}],"replies":[{"embeddable":true,"href":"https:\/\/hylajams.fi\/index.php?rest_route=%2Fwp%2Fv2%2Fcomments&post=5895"}],"version-history":[{"count":5,"href":"https:\/\/hylajams.fi\/index.php?rest_route=\/wp\/v2\/pages\/5895\/revisions"}],"predecessor-version":[{"id":13091,"href":"https:\/\/hylajams.fi\/index.php?rest_route=\/wp\/v2\/pages\/5895\/revisions\/13091"}],"wp:attachment":[{"href":"https:\/\/hylajams.fi\/index.php?rest_route=%2Fwp%2Fv2%2Fmedia&parent=5895"}],"curies":[{"name":"wp","href":"https:\/\/api.w.org\/{rel}","templated":true}]}}