{"id":12376,"date":"2026-01-18T21:09:48","date_gmt":"2026-01-18T19:09:48","guid":{"rendered":"https:\/\/hylajams.fi\/?page_id=12376"},"modified":"2026-02-26T12:10:49","modified_gmt":"2026-02-26T10:10:49","slug":"verkkolaskutiedot-yritysasiakkaille","status":"publish","type":"page","link":"https:\/\/hylajams.fi\/?page_id=12376","title":{"rendered":"Verkkolaskutus"},"content":{"rendered":"\n<p><\/p>\n\n\n<div style=\"background-color: #f0f8ff; padding: 40px 20px; font-family: Arial,sans-serif; color: #333333; border-radius: 10px; max-width: 800px; margin: 0 auto;\">\n<h1 style=\"color: #004080; margin-bottom: 20px;\">Verkkolaskutiedot \u2013 Yritysasiakkaille<\/h1>\n<p><strong>Verkkolaskutiedot yritysasiakkaille voidaan toimittaa t\u00e4ll\u00e4 lomakkeella tilausta varten.<\/strong> Tietoja k\u00e4ytet\u00e4\u00e4n tilauksen laskuttamiseen verkkolaskulla. Verkkolasku l\u00e4hetet\u00e4\u00e4n, kun tilaus on vastaanotettu ja tarvittavat verkkolaskutiedot on toimitettu.<\/p>\n<p data-start=\"370\" data-end=\"401\"><strong data-start=\"370\" data-end=\"399\">Huomioi seuraavat tiedot:<\/strong><\/p>\n<ul>\n<li data-start=\"404\" data-end=\"482\">Tarkista Y-tunnus, laskutusosoite ja OVT-tunnus ennen tietojen l\u00e4hett\u00e4mist\u00e4.<\/li>\n<li data-start=\"485\" data-end=\"544\">Verkkolaskut voidaan vastaanottaa vain yrityksen nimiss\u00e4.<\/li>\n<\/ul>\n<h2 style=\"color: #0073cf; margin-top: 30px;\">Ohjeet<\/h2>\n<ul style=\"line-height: 1.6;\">\n<li>T\u00e4yt\u00e4 kaikki tarvittavat tiedot lomakkeelle<\/li>\n<li>Verkkolaskutus ei kulje maksupalvelun kautta<\/li>\n<li>Varmista, ett\u00e4 OVT-osoite ja v\u00e4litt\u00e4j\u00e4tunnus ovat oikein<\/li>\n<\/ul>\n<h2 style=\"color: #0073cf; margin-top: 30px;\">Lomake<\/h2>\n<div style=\"background-color: #ffffff; padding: 25px; border-radius: 8px; box-shadow: 0 2px 6px rgba(0,0,0,0.1);\"><!-- Contact Form 7 shortcode --><br \/>\n<div class=\"wpcf7 no-js\" id=\"wpcf7-f12361-o1\" lang=\"fi\" dir=\"ltr\" data-wpcf7-id=\"12361\">\n<div class=\"screen-reader-response\"><p role=\"status\" aria-live=\"polite\" aria-atomic=\"true\"><\/p> <ul><\/ul><\/div>\n<form action=\"\/index.php?rest_route=%2Fwp%2Fv2%2Fpages%2F12376#wpcf7-f12361-o1\" method=\"post\" class=\"wpcf7-form init\" aria-label=\"Yhteydenottolomake\" novalidate=\"novalidate\" data-status=\"init\">\n<fieldset class=\"hidden-fields-container\"><input type=\"hidden\" name=\"_wpcf7\" value=\"12361\" \/><input type=\"hidden\" name=\"_wpcf7_version\" value=\"6.1.5\" \/><input type=\"hidden\" name=\"_wpcf7_locale\" value=\"fi\" \/><input type=\"hidden\" name=\"_wpcf7_unit_tag\" value=\"wpcf7-f12361-o1\" \/><input type=\"hidden\" name=\"_wpcf7_container_post\" value=\"0\" \/><input type=\"hidden\" name=\"_wpcf7_posted_data_hash\" value=\"\" \/><input type=\"hidden\" name=\"honeypot_field_name\" value=\"honeypot_4657da34_4a7c_47bc_a4ae_05aed10ae6a3\" \/><input type=\"hidden\" name=\"honeypot_4657da34_4a7c_47bc_a4ae_05aed10ae6a3\" value=\"\" \/><input type=\"hidden\" name=\"cf7_honeypot_timestamp\" value=\"1775633108\" \/><input type=\"hidden\" name=\"_wpcf7_recaptcha_response\" value=\"\" \/>\n<\/fieldset>\n<p><label>Yrityksen nimi*<\/label><br \/>\n<span class=\"wpcf7-form-control-wrap\" data-name=\"company\"><input size=\"40\" maxlength=\"400\" class=\"wpcf7-form-control wpcf7-text wpcf7-validates-as-required\" aria-required=\"true\" aria-invalid=\"false\" value=\"\" type=\"text\" name=\"company\" \/><\/span>\n<\/p>\n<p><label>Yrityksen s\u00e4hk\u00f6postiosoite*<\/label><br \/>\n<span class=\"wpcf7-form-control-wrap\" data-name=\"company-email\"><input size=\"40\" maxlength=\"400\" class=\"wpcf7-form-control wpcf7-email wpcf7-validates-as-required wpcf7-text wpcf7-validates-as-email\" aria-required=\"true\" aria-invalid=\"false\" value=\"\" type=\"email\" name=\"company-email\" \/><\/span>\n<\/p>\n<p><label>Y-tunnus*<\/label><br \/>\n<span class=\"wpcf7-form-control-wrap\" data-name=\"vat\"><input size=\"40\" maxlength=\"400\" class=\"wpcf7-form-control wpcf7-text wpcf7-validates-as-required\" aria-required=\"true\" aria-invalid=\"false\" value=\"\" type=\"text\" name=\"vat\" \/><\/span>\n<\/p>\n<p><label>Verkkolaskuosoite (OVT)*<\/label><br \/>\n<span class=\"wpcf7-form-control-wrap\" data-name=\"ovt\"><input size=\"40\" maxlength=\"400\" class=\"wpcf7-form-control wpcf7-text wpcf7-validates-as-required\" aria-required=\"true\" aria-invalid=\"false\" value=\"\" type=\"text\" name=\"ovt\" \/><\/span>\n<\/p>\n<p><label>Verkkolaskuv\u00e4litt\u00e4j\u00e4*<\/label><br \/>\n<span class=\"wpcf7-form-control-wrap\" data-name=\"provider\"><input size=\"40\" maxlength=\"400\" class=\"wpcf7-form-control wpcf7-text\" aria-invalid=\"false\" value=\"\" type=\"text\" name=\"provider\" \/><\/span>\n<\/p>\n<p><label>Mahdollinen v\u00e4litt\u00e4j\u00e4tunnus*<\/label><br \/>\n<span class=\"wpcf7-form-control-wrap\" data-name=\"provider-id\"><input size=\"40\" maxlength=\"400\" class=\"wpcf7-form-control wpcf7-text\" aria-invalid=\"false\" value=\"\" type=\"text\" name=\"provider-id\" \/><\/span>\n<\/p>\n<p><label>Tilausnumero (jos tiedossa)<\/label><br \/>\n<span class=\"wpcf7-form-control-wrap\" data-name=\"order-number\"><input size=\"40\" maxlength=\"400\" class=\"wpcf7-form-control wpcf7-text\" aria-invalid=\"false\" value=\"\" type=\"text\" name=\"order-number\" \/><\/span>\n<\/p>\n<p><input class=\"wpcf7-form-control wpcf7-submit has-spinner\" type=\"submit\" value=\"L\u00e4het\u00e4 tiedot\" \/>\n<\/p><div class=\"wpcf7-response-output\" aria-hidden=\"true\"><\/div>\n<\/form>\n<\/div>\n<br \/><!-- Lomakkeessa kent\u00e4t: Yrityksen nimi, Yrityksen s\u00e4hk\u00f6posti, Y-tunnus, Verkkolaskuosoite (OVT), Verkkolaskuv\u00e4litt\u00e4j\u00e4, Mahdollinen v\u00e4litt\u00e4j\u00e4tunnus, Tilausnumero --><\/div>\n<h3 data-start=\"668\" data-end=\"679\">\u00a0<\/h3>\n<h3 data-start=\"668\" data-end=\"679\">T\u00e4rke\u00e4\u00e4<\/h3>\n<p data-start=\"680\" data-end=\"887\">Verkkolaskun onnistumisen varmistamiseksi verkkolaskuosoitteen (OVT) lis\u00e4ksi <strong data-start=\"757\" data-end=\"808\">my\u00f6s verkkolaskuv\u00e4litt\u00e4j\u00e4n tiedot tulee t\u00e4ytt\u00e4\u00e4<\/strong>. Puutteelliset tai virheelliset tiedot voivat est\u00e4\u00e4 verkkolaskun perillemenon.<\/p>\n<p style=\"line-height: 1.6; margin-top: 20px;\">Kun l\u00e4het\u00e4t lomakkeen, saat vahvistuksen s\u00e4hk\u00f6postiisi ja tieto v\u00e4littyy suoraan Hyla Jamsin k\u00e4sittelyyn.<\/p>\n<p style=\"line-height: 1.6;\">Jos sinulla on kysytt\u00e4v\u00e4\u00e4 verkkolaskutuksesta, voit ottaa yhteytt\u00e4 <a style=\"color: #0073cf; text-decoration: underline;\" href=\"mailto:arja@hylajams.fi\">arja@hylajams.fi<\/a>.<\/p>\n<p><a href=\"https:\/\/hylajams.fi\/?post_type=product\">Hyla Jams Verkkokauppa<\/a><\/p>\n<p><a href=\"https:\/\/www.hyla.com\/home\">Hyla International<\/a><\/p>\n<\/div>\n\n\n<p><\/p>\n","protected":false},"excerpt":{"rendered":"<p>Verkkolaskutiedot \u2013 Yritysasiakkaille Verkkolaskutiedot yritysasiakkaille voidaan toimittaa t\u00e4ll\u00e4 lomakkeella tilausta varten. Tietoja k\u00e4ytet\u00e4\u00e4n tilauksen laskuttamiseen verkkolaskulla. Verkkolasku l\u00e4hetet\u00e4\u00e4n, kun tilaus on vastaanotettu ja tarvittavat verkkolaskutiedot on toimitettu. Huomioi seuraavat tiedot:<a href=\"https:\/\/hylajams.fi\/?page_id=12376\" class=\"d-block breadmore\">Lue lis\u00e4\u00e4<\/a><\/p>\n","protected":false},"author":2,"featured_media":0,"parent":0,"menu_order":0,"comment_status":"closed","ping_status":"closed","template":"","meta":{"footnotes":""},"class_list":["post-12376","page","type-page","status-publish","hentry","_wholesalex wsx-wholesalex-product"],"yoast_head":"<!-- This site is optimized with the Yoast SEO plugin v27.3 - https:\/\/yoast.com\/product\/yoast-seo-wordpress\/ -->\n<title>Verkkolaskutiedot yritysasiakkaille - Hyla Jams Verkkokauppa<\/title>\n<meta name=\"description\" content=\"Verkkolaskutiedot yritysasiakkaille - L\u00f6yd\u00e4 yrityksen tiedot, OVT-tunnus ja laskutusosoite yhdest\u00e4 paikasta.\" \/>\n<meta name=\"robots\" content=\"index, follow, max-snippet:-1, max-image-preview:large, max-video-preview:-1\" \/>\n<link rel=\"canonical\" href=\"https:\/\/hylajams.fi\/?page_id=12376\" \/>\n<meta property=\"og:locale\" content=\"fi_FI\" \/>\n<meta property=\"og:type\" content=\"article\" \/>\n<meta property=\"og:title\" content=\"Verkkolaskutiedot yritysasiakkaille - Hyla Jams Verkkokauppa\" \/>\n<meta property=\"og:description\" content=\"Verkkolaskutiedot yritysasiakkaille - L\u00f6yd\u00e4 yrityksen tiedot, OVT-tunnus ja laskutusosoite yhdest\u00e4 paikasta.\" \/>\n<meta property=\"og:url\" content=\"https:\/\/hylajams.fi\/?page_id=12376\" \/>\n<meta property=\"og:site_name\" content=\"Hyla Jams Verkkokauppa\" \/>\n<meta property=\"article:modified_time\" content=\"2026-02-26T10:10:49+00:00\" \/>\n<meta name=\"twitter:card\" content=\"summary_large_image\" \/>\n<meta name=\"twitter:label1\" content=\"Arvioitu lukuaika\" \/>\n\t<meta name=\"twitter:data1\" content=\"1 minuutti\" \/>\n<script type=\"application\/ld+json\" class=\"yoast-schema-graph\">{\"@context\":\"https:\\\/\\\/schema.org\",\"@graph\":[{\"@type\":\"WebPage\",\"@id\":\"https:\\\/\\\/hylajams.fi\\\/?page_id=12376\",\"url\":\"https:\\\/\\\/hylajams.fi\\\/?page_id=12376\",\"name\":\"Verkkolaskutiedot yritysasiakkaille - Hyla Jams Verkkokauppa\",\"isPartOf\":{\"@id\":\"https:\\\/\\\/hylajams.fi\\\/#website\"},\"datePublished\":\"2026-01-18T19:09:48+00:00\",\"dateModified\":\"2026-02-26T10:10:49+00:00\",\"description\":\"Verkkolaskutiedot yritysasiakkaille - L\u00f6yd\u00e4 yrityksen tiedot, OVT-tunnus ja laskutusosoite yhdest\u00e4 paikasta.\",\"breadcrumb\":{\"@id\":\"https:\\\/\\\/hylajams.fi\\\/?page_id=12376#breadcrumb\"},\"inLanguage\":\"fi\",\"potentialAction\":[{\"@type\":\"ReadAction\",\"target\":[\"https:\\\/\\\/hylajams.fi\\\/?page_id=12376\"]}]},{\"@type\":\"BreadcrumbList\",\"@id\":\"https:\\\/\\\/hylajams.fi\\\/?page_id=12376#breadcrumb\",\"itemListElement\":[{\"@type\":\"ListItem\",\"position\":1,\"name\":\"Etusivu\",\"item\":\"https:\\\/\\\/hylajams.fi\\\/\"},{\"@type\":\"ListItem\",\"position\":2,\"name\":\"Verkkolaskutus\"}]},{\"@type\":\"WebSite\",\"@id\":\"https:\\\/\\\/hylajams.fi\\\/#website\",\"url\":\"https:\\\/\\\/hylajams.fi\\\/\",\"name\":\"Hyla Jams Verkkokauppa\",\"description\":\"Hyla ilman- ja huoneen puhdistusj\u00e4rjestelm\u00e4 Suomessa\",\"publisher\":{\"@id\":\"https:\\\/\\\/hylajams.fi\\\/#organization\"},\"potentialAction\":[{\"@type\":\"SearchAction\",\"target\":{\"@type\":\"EntryPoint\",\"urlTemplate\":\"https:\\\/\\\/hylajams.fi\\\/?s={search_term_string}\"},\"query-input\":{\"@type\":\"PropertyValueSpecification\",\"valueRequired\":true,\"valueName\":\"search_term_string\"}}],\"inLanguage\":\"fi\"},{\"@type\":\"Organization\",\"@id\":\"https:\\\/\\\/hylajams.fi\\\/#organization\",\"name\":\"Hyla Jams Verkkokauppa\",\"url\":\"https:\\\/\\\/hylajams.fi\\\/\",\"logo\":{\"@type\":\"ImageObject\",\"inLanguage\":\"fi\",\"@id\":\"https:\\\/\\\/hylajams.fi\\\/#\\\/schema\\\/logo\\\/image\\\/\",\"url\":\"https:\\\/\\\/hylajams.fi\\\/wp-content\\\/uploads\\\/2025\\\/02\\\/Logo-1-2.jpg\",\"contentUrl\":\"https:\\\/\\\/hylajams.fi\\\/wp-content\\\/uploads\\\/2025\\\/02\\\/Logo-1-2.jpg\",\"width\":500,\"height\":500,\"caption\":\"Hyla Jams Verkkokauppa\"},\"image\":{\"@id\":\"https:\\\/\\\/hylajams.fi\\\/#\\\/schema\\\/logo\\\/image\\\/\"},\"sameAs\":[\"https:\\\/\\\/www.instagram.com\\\/hylasiivous\\\/\"]}]}<\/script>\n<!-- \/ Yoast SEO plugin. -->","yoast_head_json":{"title":"Verkkolaskutiedot yritysasiakkaille - Hyla Jams Verkkokauppa","description":"Verkkolaskutiedot yritysasiakkaille - L\u00f6yd\u00e4 yrityksen tiedot, OVT-tunnus ja laskutusosoite yhdest\u00e4 paikasta.","robots":{"index":"index","follow":"follow","max-snippet":"max-snippet:-1","max-image-preview":"max-image-preview:large","max-video-preview":"max-video-preview:-1"},"canonical":"https:\/\/hylajams.fi\/?page_id=12376","og_locale":"fi_FI","og_type":"article","og_title":"Verkkolaskutiedot yritysasiakkaille - Hyla Jams Verkkokauppa","og_description":"Verkkolaskutiedot yritysasiakkaille - L\u00f6yd\u00e4 yrityksen tiedot, OVT-tunnus ja laskutusosoite yhdest\u00e4 paikasta.","og_url":"https:\/\/hylajams.fi\/?page_id=12376","og_site_name":"Hyla Jams Verkkokauppa","article_modified_time":"2026-02-26T10:10:49+00:00","twitter_card":"summary_large_image","twitter_misc":{"Arvioitu lukuaika":"1 minuutti"},"schema":{"@context":"https:\/\/schema.org","@graph":[{"@type":"WebPage","@id":"https:\/\/hylajams.fi\/?page_id=12376","url":"https:\/\/hylajams.fi\/?page_id=12376","name":"Verkkolaskutiedot yritysasiakkaille - Hyla Jams Verkkokauppa","isPartOf":{"@id":"https:\/\/hylajams.fi\/#website"},"datePublished":"2026-01-18T19:09:48+00:00","dateModified":"2026-02-26T10:10:49+00:00","description":"Verkkolaskutiedot yritysasiakkaille - L\u00f6yd\u00e4 yrityksen tiedot, OVT-tunnus ja laskutusosoite yhdest\u00e4 paikasta.","breadcrumb":{"@id":"https:\/\/hylajams.fi\/?page_id=12376#breadcrumb"},"inLanguage":"fi","potentialAction":[{"@type":"ReadAction","target":["https:\/\/hylajams.fi\/?page_id=12376"]}]},{"@type":"BreadcrumbList","@id":"https:\/\/hylajams.fi\/?page_id=12376#breadcrumb","itemListElement":[{"@type":"ListItem","position":1,"name":"Etusivu","item":"https:\/\/hylajams.fi\/"},{"@type":"ListItem","position":2,"name":"Verkkolaskutus"}]},{"@type":"WebSite","@id":"https:\/\/hylajams.fi\/#website","url":"https:\/\/hylajams.fi\/","name":"Hyla Jams Verkkokauppa","description":"Hyla ilman- ja huoneen puhdistusj\u00e4rjestelm\u00e4 Suomessa","publisher":{"@id":"https:\/\/hylajams.fi\/#organization"},"potentialAction":[{"@type":"SearchAction","target":{"@type":"EntryPoint","urlTemplate":"https:\/\/hylajams.fi\/?s={search_term_string}"},"query-input":{"@type":"PropertyValueSpecification","valueRequired":true,"valueName":"search_term_string"}}],"inLanguage":"fi"},{"@type":"Organization","@id":"https:\/\/hylajams.fi\/#organization","name":"Hyla Jams Verkkokauppa","url":"https:\/\/hylajams.fi\/","logo":{"@type":"ImageObject","inLanguage":"fi","@id":"https:\/\/hylajams.fi\/#\/schema\/logo\/image\/","url":"https:\/\/hylajams.fi\/wp-content\/uploads\/2025\/02\/Logo-1-2.jpg","contentUrl":"https:\/\/hylajams.fi\/wp-content\/uploads\/2025\/02\/Logo-1-2.jpg","width":500,"height":500,"caption":"Hyla Jams Verkkokauppa"},"image":{"@id":"https:\/\/hylajams.fi\/#\/schema\/logo\/image\/"},"sameAs":["https:\/\/www.instagram.com\/hylasiivous\/"]}]}},"_links":{"self":[{"href":"https:\/\/hylajams.fi\/index.php?rest_route=\/wp\/v2\/pages\/12376","targetHints":{"allow":["GET"]}}],"collection":[{"href":"https:\/\/hylajams.fi\/index.php?rest_route=\/wp\/v2\/pages"}],"about":[{"href":"https:\/\/hylajams.fi\/index.php?rest_route=\/wp\/v2\/types\/page"}],"author":[{"embeddable":true,"href":"https:\/\/hylajams.fi\/index.php?rest_route=\/wp\/v2\/users\/2"}],"replies":[{"embeddable":true,"href":"https:\/\/hylajams.fi\/index.php?rest_route=%2Fwp%2Fv2%2Fcomments&post=12376"}],"version-history":[{"count":6,"href":"https:\/\/hylajams.fi\/index.php?rest_route=\/wp\/v2\/pages\/12376\/revisions"}],"predecessor-version":[{"id":13088,"href":"https:\/\/hylajams.fi\/index.php?rest_route=\/wp\/v2\/pages\/12376\/revisions\/13088"}],"wp:attachment":[{"href":"https:\/\/hylajams.fi\/index.php?rest_route=%2Fwp%2Fv2%2Fmedia&parent=12376"}],"curies":[{"name":"wp","href":"https:\/\/api.w.org\/{rel}","templated":true}]}}