{"id":12273,"date":"2026-01-10T18:18:35","date_gmt":"2026-01-10T16:18:35","guid":{"rendered":"https:\/\/hylajams.fi\/?page_id=12273"},"modified":"2026-01-11T13:53:43","modified_gmt":"2026-01-11T11:53:43","slug":"hyla-vesiastia","status":"publish","type":"page","link":"https:\/\/hylajams.fi\/?page_id=12273","title":{"rendered":"Hyla vesiastia &#8211; kuuluu osana Hyla j\u00e4rjestelm\u00e4\u00e4n"},"content":{"rendered":"\n<p><\/p>\n\n\n\n<h2 class=\"wp-block-heading\">HYLA &#8211; vesiastia on j\u00e4rjestelm\u00e4n osa puhdistuksen ja ilmanraikastuksen kannalta<\/h2>\n\n\n\n<p class=\"has-background\" style=\"background-color:#e6f7f9\">Hylan vesiastia on keskeinen osa, jossa ilma ja lika puhdistuvat veden avulla. Hylan vesiastiassa oleva vesi sitoo kaiken p\u00f6lyn, hiukkaset ja ep\u00e4puhtaudet tehokkaasti, jolloin ne eiv\u00e4t p\u00e4\u00e4se takaisin huoneilmaan.<br><br>Hylan vesiastia on helppo irrottaa, tyhjent\u00e4\u00e4 ja puhdistaa k\u00e4yt\u00f6n j\u00e4lkeen. L\u00e4pin\u00e4kyv\u00e4 rakenne tekee puhdistustuloksen n\u00e4kyv\u00e4ksi heti k\u00e4yt\u00f6n aikana ja auttaa varmistamaan, ett\u00e4 j\u00e4rjestelm\u00e4 toimii oikein.<br><br><strong>Usein kysytty\u00e4 HYLA-vesiastiasta:<\/strong><br><br><strong>Mit\u00e4 osia vesiastiassa on?<br>Miten vesiastia toimii k\u00e4yt\u00e4nn\u00f6ss\u00e4?<br>Mihin kohtaan HYLA-j\u00e4rjestelm\u00e4\u00e4 se sijoittuu?<br>Miksi veden k\u00e4ytt\u00f6 on olennainen osa HYLA-puhdistusta?<br>Miten vaihdat vesiastian sangan?<\/strong><\/p>\n\n\n\n<p><\/p>\n\n\n\n<h2 class=\"wp-block-heading\"><strong>Hylan vesiastia on keskeinen osa GST \/ EST -j\u00e4rjestelm\u00e4\u00e4<\/strong><\/h2>\n\n\n\n<p class=\"has-medium-font-size\"><strong><a href=\"https:\/\/hylajams.fi\/?product=hyla-est-gst-vesisailio\">T\u00e4st\u00e4 vesiastian hankintaan<\/a><\/strong><\/p>\n\n\n\n<p class=\"has-medium-font-size\"><strong>Klikkaa kuvaa tai katso esittely alemmasta vesiastia esittely osasta<\/strong><\/p>\n\n\n\n<figure class=\"wp-block-image size-full\"><a href=\"https:\/\/online.fliphtml5.com\/HylaJams\/Vesiastia\/\"><img fetchpriority=\"high\" decoding=\"async\" width=\"960\" height=\"540\" src=\"https:\/\/hylajams.fi\/wp-content\/uploads\/2025\/05\/2.jpg\" alt=\"Hylan vesiastia toiminnot ja vinkit\" class=\"wp-image-10362\" srcset=\"https:\/\/hylajams.fi\/wp-content\/uploads\/2025\/05\/2.jpg 960w, https:\/\/hylajams.fi\/wp-content\/uploads\/2025\/05\/2-300x169.jpg 300w, https:\/\/hylajams.fi\/wp-content\/uploads\/2025\/05\/2-768x432.jpg 768w, https:\/\/hylajams.fi\/wp-content\/uploads\/2025\/05\/2-600x338.jpg 600w\" sizes=\"(max-width: 960px) 100vw, 960px\" \/><\/a><figcaption class=\"wp-element-caption\">Hyla GST ja EST Vesiastia<\/figcaption><\/figure>\n\n\n\n<p><\/p>\n\n\n\n<p>\ud83d\udcd8 <em>Selaa alta vesiastian esittely ja tutustu sen rakenteeseen ja k\u00e4ytt\u00f6\u00f6n.<\/em><\/p>\n\n\n<p><iframe src=\"https:\/\/online.fliphtml5.com\/HylaJams\/Vesiastia\/\" width=\"100%\" height=\"600px\" frameborder=\"0\" allowfullscreen=\"allowfullscreen\"><\/iframe><\/p>","protected":false},"excerpt":{"rendered":"<p>HYLA &#8211; vesiastia on j\u00e4rjestelm\u00e4n osa puhdistuksen ja ilmanraikastuksen kannalta Hylan vesiastia on keskeinen osa, jossa ilma ja lika puhdistuvat veden avulla. Hylan vesiastiassa oleva vesi sitoo kaiken p\u00f6lyn, hiukkaset<a href=\"https:\/\/hylajams.fi\/?page_id=12273\" class=\"d-block breadmore\">Lue lis\u00e4\u00e4<\/a><\/p>\n","protected":false},"author":2,"featured_media":0,"parent":0,"menu_order":0,"comment_status":"closed","ping_status":"closed","template":"","meta":{"footnotes":""},"class_list":["post-12273","page","type-page","status-publish","hentry","_wholesalex wsx-wholesalex-product"],"yoast_head":"<!-- This site is optimized with the Yoast SEO plugin v27.3 - https:\/\/yoast.com\/product\/yoast-seo-wordpress\/ -->\n<title>Hyla vesiastia - Kaikki, mit\u00e4 haluat tiet\u00e4\u00e4 Hyla vesiastiasta.<\/title>\n<meta name=\"description\" content=\"Hyla vesiastia - puhdistaa ilman ja lian veden avulla. Vesi sitoo p\u00f6lyn ja hiukkaset tehokkaasti. Katso vesiastian toiminot.\" \/>\n<meta name=\"robots\" content=\"index, follow, max-snippet:-1, max-image-preview:large, max-video-preview:-1\" \/>\n<link rel=\"canonical\" href=\"https:\/\/hylajams.fi\/?page_id=12273\" \/>\n<meta property=\"og:locale\" content=\"fi_FI\" \/>\n<meta property=\"og:type\" content=\"article\" \/>\n<meta property=\"og:title\" content=\"Hyla vesiastia - Kaikki, mit\u00e4 haluat tiet\u00e4\u00e4 Hyla vesiastiasta.\" \/>\n<meta property=\"og:description\" content=\"Hyla vesiastia - puhdistaa ilman ja lian veden avulla. Vesi sitoo p\u00f6lyn ja hiukkaset tehokkaasti. Katso vesiastian toiminot.\" \/>\n<meta property=\"og:url\" content=\"https:\/\/hylajams.fi\/?page_id=12273\" \/>\n<meta property=\"og:site_name\" content=\"Hyla Jams Verkkokauppa\" \/>\n<meta property=\"article:modified_time\" content=\"2026-01-11T11:53:43+00:00\" \/>\n<meta property=\"og:image\" content=\"https:\/\/hylajams.fi\/wp-content\/uploads\/2025\/05\/2.jpg\" \/>\n\t<meta property=\"og:image:width\" content=\"960\" \/>\n\t<meta property=\"og:image:height\" content=\"540\" \/>\n\t<meta property=\"og:image:type\" content=\"image\/jpeg\" \/>\n<meta name=\"twitter:card\" content=\"summary_large_image\" \/>\n<meta name=\"twitter:label1\" content=\"Arvioitu lukuaika\" \/>\n\t<meta name=\"twitter:data1\" content=\"1 minuutti\" \/>\n<script type=\"application\/ld+json\" class=\"yoast-schema-graph\">{\"@context\":\"https:\\\/\\\/schema.org\",\"@graph\":[{\"@type\":\"WebPage\",\"@id\":\"https:\\\/\\\/hylajams.fi\\\/?page_id=12273\",\"url\":\"https:\\\/\\\/hylajams.fi\\\/?page_id=12273\",\"name\":\"Hyla vesiastia - Kaikki, mit\u00e4 haluat tiet\u00e4\u00e4 Hyla vesiastiasta.\",\"isPartOf\":{\"@id\":\"https:\\\/\\\/hylajams.fi\\\/#website\"},\"primaryImageOfPage\":{\"@id\":\"https:\\\/\\\/hylajams.fi\\\/?page_id=12273#primaryimage\"},\"image\":{\"@id\":\"https:\\\/\\\/hylajams.fi\\\/?page_id=12273#primaryimage\"},\"thumbnailUrl\":\"https:\\\/\\\/hylajams.fi\\\/wp-content\\\/uploads\\\/2025\\\/05\\\/2.jpg\",\"datePublished\":\"2026-01-10T16:18:35+00:00\",\"dateModified\":\"2026-01-11T11:53:43+00:00\",\"description\":\"Hyla vesiastia - puhdistaa ilman ja lian veden avulla. Vesi sitoo p\u00f6lyn ja hiukkaset tehokkaasti. Katso vesiastian toiminot.\",\"breadcrumb\":{\"@id\":\"https:\\\/\\\/hylajams.fi\\\/?page_id=12273#breadcrumb\"},\"inLanguage\":\"fi\",\"potentialAction\":[{\"@type\":\"ReadAction\",\"target\":[\"https:\\\/\\\/hylajams.fi\\\/?page_id=12273\"]}]},{\"@type\":\"ImageObject\",\"inLanguage\":\"fi\",\"@id\":\"https:\\\/\\\/hylajams.fi\\\/?page_id=12273#primaryimage\",\"url\":\"https:\\\/\\\/hylajams.fi\\\/wp-content\\\/uploads\\\/2025\\\/05\\\/2.jpg\",\"contentUrl\":\"https:\\\/\\\/hylajams.fi\\\/wp-content\\\/uploads\\\/2025\\\/05\\\/2.jpg\",\"width\":960,\"height\":540,\"caption\":\"Hyla GST ja EST Vesiastia\"},{\"@type\":\"BreadcrumbList\",\"@id\":\"https:\\\/\\\/hylajams.fi\\\/?page_id=12273#breadcrumb\",\"itemListElement\":[{\"@type\":\"ListItem\",\"position\":1,\"name\":\"Etusivu\",\"item\":\"https:\\\/\\\/hylajams.fi\\\/\"},{\"@type\":\"ListItem\",\"position\":2,\"name\":\"Hyla vesiastia &#8211; kuuluu osana Hyla j\u00e4rjestelm\u00e4\u00e4n\"}]},{\"@type\":\"WebSite\",\"@id\":\"https:\\\/\\\/hylajams.fi\\\/#website\",\"url\":\"https:\\\/\\\/hylajams.fi\\\/\",\"name\":\"Hyla Jams Verkkokauppa\",\"description\":\"Hyla ilman- ja huoneen puhdistusj\u00e4rjestelm\u00e4 Suomessa\",\"publisher\":{\"@id\":\"https:\\\/\\\/hylajams.fi\\\/#organization\"},\"potentialAction\":[{\"@type\":\"SearchAction\",\"target\":{\"@type\":\"EntryPoint\",\"urlTemplate\":\"https:\\\/\\\/hylajams.fi\\\/?s={search_term_string}\"},\"query-input\":{\"@type\":\"PropertyValueSpecification\",\"valueRequired\":true,\"valueName\":\"search_term_string\"}}],\"inLanguage\":\"fi\"},{\"@type\":\"Organization\",\"@id\":\"https:\\\/\\\/hylajams.fi\\\/#organization\",\"name\":\"Hyla Jams Verkkokauppa\",\"url\":\"https:\\\/\\\/hylajams.fi\\\/\",\"logo\":{\"@type\":\"ImageObject\",\"inLanguage\":\"fi\",\"@id\":\"https:\\\/\\\/hylajams.fi\\\/#\\\/schema\\\/logo\\\/image\\\/\",\"url\":\"https:\\\/\\\/hylajams.fi\\\/wp-content\\\/uploads\\\/2025\\\/02\\\/Logo-1-2.jpg\",\"contentUrl\":\"https:\\\/\\\/hylajams.fi\\\/wp-content\\\/uploads\\\/2025\\\/02\\\/Logo-1-2.jpg\",\"width\":500,\"height\":500,\"caption\":\"Hyla Jams Verkkokauppa\"},\"image\":{\"@id\":\"https:\\\/\\\/hylajams.fi\\\/#\\\/schema\\\/logo\\\/image\\\/\"},\"sameAs\":[\"https:\\\/\\\/www.instagram.com\\\/hylasiivous\\\/\"]}]}<\/script>\n<!-- \/ Yoast SEO plugin. -->","yoast_head_json":{"title":"Hyla vesiastia - Kaikki, mit\u00e4 haluat tiet\u00e4\u00e4 Hyla vesiastiasta.","description":"Hyla vesiastia - puhdistaa ilman ja lian veden avulla. Vesi sitoo p\u00f6lyn ja hiukkaset tehokkaasti. Katso vesiastian toiminot.","robots":{"index":"index","follow":"follow","max-snippet":"max-snippet:-1","max-image-preview":"max-image-preview:large","max-video-preview":"max-video-preview:-1"},"canonical":"https:\/\/hylajams.fi\/?page_id=12273","og_locale":"fi_FI","og_type":"article","og_title":"Hyla vesiastia - Kaikki, mit\u00e4 haluat tiet\u00e4\u00e4 Hyla vesiastiasta.","og_description":"Hyla vesiastia - puhdistaa ilman ja lian veden avulla. Vesi sitoo p\u00f6lyn ja hiukkaset tehokkaasti. Katso vesiastian toiminot.","og_url":"https:\/\/hylajams.fi\/?page_id=12273","og_site_name":"Hyla Jams Verkkokauppa","article_modified_time":"2026-01-11T11:53:43+00:00","og_image":[{"width":960,"height":540,"url":"https:\/\/hylajams.fi\/wp-content\/uploads\/2025\/05\/2.jpg","type":"image\/jpeg"}],"twitter_card":"summary_large_image","twitter_misc":{"Arvioitu lukuaika":"1 minuutti"},"schema":{"@context":"https:\/\/schema.org","@graph":[{"@type":"WebPage","@id":"https:\/\/hylajams.fi\/?page_id=12273","url":"https:\/\/hylajams.fi\/?page_id=12273","name":"Hyla vesiastia - Kaikki, mit\u00e4 haluat tiet\u00e4\u00e4 Hyla vesiastiasta.","isPartOf":{"@id":"https:\/\/hylajams.fi\/#website"},"primaryImageOfPage":{"@id":"https:\/\/hylajams.fi\/?page_id=12273#primaryimage"},"image":{"@id":"https:\/\/hylajams.fi\/?page_id=12273#primaryimage"},"thumbnailUrl":"https:\/\/hylajams.fi\/wp-content\/uploads\/2025\/05\/2.jpg","datePublished":"2026-01-10T16:18:35+00:00","dateModified":"2026-01-11T11:53:43+00:00","description":"Hyla vesiastia - puhdistaa ilman ja lian veden avulla. Vesi sitoo p\u00f6lyn ja hiukkaset tehokkaasti. Katso vesiastian toiminot.","breadcrumb":{"@id":"https:\/\/hylajams.fi\/?page_id=12273#breadcrumb"},"inLanguage":"fi","potentialAction":[{"@type":"ReadAction","target":["https:\/\/hylajams.fi\/?page_id=12273"]}]},{"@type":"ImageObject","inLanguage":"fi","@id":"https:\/\/hylajams.fi\/?page_id=12273#primaryimage","url":"https:\/\/hylajams.fi\/wp-content\/uploads\/2025\/05\/2.jpg","contentUrl":"https:\/\/hylajams.fi\/wp-content\/uploads\/2025\/05\/2.jpg","width":960,"height":540,"caption":"Hyla GST ja EST Vesiastia"},{"@type":"BreadcrumbList","@id":"https:\/\/hylajams.fi\/?page_id=12273#breadcrumb","itemListElement":[{"@type":"ListItem","position":1,"name":"Etusivu","item":"https:\/\/hylajams.fi\/"},{"@type":"ListItem","position":2,"name":"Hyla vesiastia &#8211; kuuluu osana Hyla j\u00e4rjestelm\u00e4\u00e4n"}]},{"@type":"WebSite","@id":"https:\/\/hylajams.fi\/#website","url":"https:\/\/hylajams.fi\/","name":"Hyla Jams Verkkokauppa","description":"Hyla ilman- ja huoneen puhdistusj\u00e4rjestelm\u00e4 Suomessa","publisher":{"@id":"https:\/\/hylajams.fi\/#organization"},"potentialAction":[{"@type":"SearchAction","target":{"@type":"EntryPoint","urlTemplate":"https:\/\/hylajams.fi\/?s={search_term_string}"},"query-input":{"@type":"PropertyValueSpecification","valueRequired":true,"valueName":"search_term_string"}}],"inLanguage":"fi"},{"@type":"Organization","@id":"https:\/\/hylajams.fi\/#organization","name":"Hyla Jams Verkkokauppa","url":"https:\/\/hylajams.fi\/","logo":{"@type":"ImageObject","inLanguage":"fi","@id":"https:\/\/hylajams.fi\/#\/schema\/logo\/image\/","url":"https:\/\/hylajams.fi\/wp-content\/uploads\/2025\/02\/Logo-1-2.jpg","contentUrl":"https:\/\/hylajams.fi\/wp-content\/uploads\/2025\/02\/Logo-1-2.jpg","width":500,"height":500,"caption":"Hyla Jams Verkkokauppa"},"image":{"@id":"https:\/\/hylajams.fi\/#\/schema\/logo\/image\/"},"sameAs":["https:\/\/www.instagram.com\/hylasiivous\/"]}]}},"_links":{"self":[{"href":"https:\/\/hylajams.fi\/index.php?rest_route=\/wp\/v2\/pages\/12273","targetHints":{"allow":["GET"]}}],"collection":[{"href":"https:\/\/hylajams.fi\/index.php?rest_route=\/wp\/v2\/pages"}],"about":[{"href":"https:\/\/hylajams.fi\/index.php?rest_route=\/wp\/v2\/types\/page"}],"author":[{"embeddable":true,"href":"https:\/\/hylajams.fi\/index.php?rest_route=\/wp\/v2\/users\/2"}],"replies":[{"embeddable":true,"href":"https:\/\/hylajams.fi\/index.php?rest_route=%2Fwp%2Fv2%2Fcomments&post=12273"}],"version-history":[{"count":10,"href":"https:\/\/hylajams.fi\/index.php?rest_route=\/wp\/v2\/pages\/12273\/revisions"}],"predecessor-version":[{"id":12288,"href":"https:\/\/hylajams.fi\/index.php?rest_route=\/wp\/v2\/pages\/12273\/revisions\/12288"}],"wp:attachment":[{"href":"https:\/\/hylajams.fi\/index.php?rest_route=%2Fwp%2Fv2%2Fmedia&parent=12273"}],"curies":[{"name":"wp","href":"https:\/\/api.w.org\/{rel}","templated":true}]}}